{"id":9540,"date":"2025-06-29T12:48:34","date_gmt":"2025-06-29T10:48:34","guid":{"rendered":"https:\/\/uj.adatbank.ro\/lexikon\/termek\/haller-karolina-hallerkoi-gr-szentpali-ag-gyulai-ferencne\/"},"modified":"2025-06-29T12:48:34","modified_gmt":"2025-06-29T10:48:34","slug":"haller-karolina-hallerkoi-gr-szentpali-ag-gyulai-ferencne","status":"publish","type":"product","link":"https:\/\/uj.adatbank.ro\/lexikon\/termek\/haller-karolina-hallerkoi-gr-szentpali-ag-gyulai-ferencne\/","title":{"rendered":"HALLER Karolina, hallerk\u0151i gr., szentp\u00e1li \u00e1g; Gyulai Ferencn\u00e9"},"content":{"rendered":"<p>1738. \u2020\u00a0Kv., 1809. febr. 10. Szebenbe temett\u00e9k a ferencesek s\u00edrboltj\u00e1ba: birtokos. \u2013 H. J\u00e1nos (1692\u20131755) gubern\u00e1tor \u00e9s vargyasi Daniel Zs\u00f3fia (1711\u20131783) l\u00e1nya. Marosn\u00e9meti \u00e9s n\u00e1daskai Gyulay Ferenc feles\u00e9ge. Gyermekeik: Gyulai Karolina, Franciska, Anna Konstancia Ku\u00f3n L\u00e1szl\u00f3n\u00e9 (1802\u20131873, Lajos (1800\u20131869). \u2013 Templomot \u00e9p\u00edttetett Sz\u0151kefalv\u00e1n (1806\u201309), \u00fajj\u00e1\u00e9p\u00edtette a csiksomly\u00f3i Szent Antal k\u00e1poln\u00e1t. M\u00e1r mint \u00f6zvegy Tresti\u00e1n ferences papot tartotta (1793\u20131806). <br \/><strong>Irod.:<\/strong> Harmath-K\u00e1lm\u00e1n; L\u00e9sty\u00e1n \u2013 templomok; Nagy L\u00e1szl\u00f3; Szab\u00f3 J\u00e1nos: Halotti besz\u00e9d m\u00e9lt\u00f3s\u00e1gos hallerk\u0151i gr. H. K., n\u00e9hai marosn\u00e9meti gr\u00f3f Gyulai Ferenc \u00f6zvegye felett (Kv., 1809)<\/br><\/p>\n","protected":false},"excerpt":{"rendered":"<p>1738. \u2020\u00a0Kv., 1809. febr. 10. Szebenbe temett\u00e9k a ferencesek s\u00edrboltj\u00e1ba: birtokos. \u2013 H. J\u00e1nos (1692\u20131755) gubern\u00e1tor \u00e9s vargyasi Daniel Zs\u00f3fia (1711\u20131783) l\u00e1nya. Marosn\u00e9meti \u00e9s n\u00e1daskai Gyulay Ferenc feles\u00e9ge. Gyermekeik: Gyulai Karolina, Franciska, Anna Konstancia Ku\u00f3n L\u00e1szl\u00f3n\u00e9 (1802\u20131873, Lajos (1800\u20131869). \u2013 Templomot \u00e9p\u00edttetett Sz\u0151kefalv\u00e1n (1806\u201309), \u00fajj\u00e1\u00e9p\u00edtette a csiksomly\u00f3i Szent Antal k\u00e1poln\u00e1t. M\u00e1r mint \u00f6zvegy Tresti\u00e1n ferences [&hellip;]<\/p>\n","protected":false},"featured_media":0,"comment_status":"open","ping_status":"closed","template":"","meta":[],"product_brand":[],"product_cat":[137],"product_tag":[],"class_list":{"0":"post-9540","1":"product","2":"type-product","3":"status-publish","5":"product_cat-maros-megyei-eletrajzi-lexikon","7":"first","8":"instock","9":"shipping-taxable","10":"product-type-simple"},"_links":{"self":[{"href":"https:\/\/uj.adatbank.ro\/lexikon\/wp-json\/wp\/v2\/product\/9540","targetHints":{"allow":["GET"]}}],"collection":[{"href":"https:\/\/uj.adatbank.ro\/lexikon\/wp-json\/wp\/v2\/product"}],"about":[{"href":"https:\/\/uj.adatbank.ro\/lexikon\/wp-json\/wp\/v2\/types\/product"}],"replies":[{"embeddable":true,"href":"https:\/\/uj.adatbank.ro\/lexikon\/wp-json\/wp\/v2\/comments?post=9540"}],"wp:attachment":[{"href":"https:\/\/uj.adatbank.ro\/lexikon\/wp-json\/wp\/v2\/media?parent=9540"}],"wp:term":[{"taxonomy":"product_brand","embeddable":true,"href":"https:\/\/uj.adatbank.ro\/lexikon\/wp-json\/wp\/v2\/product_brand?post=9540"},{"taxonomy":"product_cat","embeddable":true,"href":"https:\/\/uj.adatbank.ro\/lexikon\/wp-json\/wp\/v2\/product_cat?post=9540"},{"taxonomy":"product_tag","embeddable":true,"href":"https:\/\/uj.adatbank.ro\/lexikon\/wp-json\/wp\/v2\/product_tag?post=9540"}],"curies":[{"name":"wp","href":"https:\/\/api.w.org\/{rel}","templated":true}]}}

HALLER Karolina, hallerkői gr., szentpáli ág; Gyulai Ferencné

<p>1738. † Kv., 1809. febr. 10. Szebenbe temették a ferencesek sírboltjába: birtokos. – H. János (1692–1755) gubernátor és vargyasi Daniel Zsófia (1711–1783) lánya. Marosnémeti és nádaskai Gyulay Ferenc felesége. Gyermekeik: Gyulai Karolina, Franciska, Anna Konstancia Kuón Lászlóné (1802–1873, Lajos (1800–1869). – Templomot építtetett Szőkefalván (1806–09), újjáépítette a csiksomlyói Szent Antal kápolnát. Már mint özvegy Trestián ferences papot tartotta (1793–1806). <br /><strong>Irod.:</strong> Harmath-Kálmán; Léstyán – templomok; Nagy László; Szabó János: Halotti beszéd méltóságos hallerkői gr. H. K., néhai marosnémeti gróf Gyulai Ferenc özvegye felett (Kv., 1809)</br></p>

<p>1738. † Kv., 1809. febr. 10. Szebenbe temették a ferencesek sírboltjába: birtokos. – H. János (1692–1755) gubernátor és vargyasi Daniel Zsófia (1711–1783) lánya. Marosnémeti és nádaskai Gyulay Ferenc felesége. Gyermekeik: Gyulai Karolina, Franciska, Anna Konstancia Kuón Lászlóné (1802–1873, Lajos (1800–1869). – Templomot építtetett Szőkefalván (1806–09), újjáépítette a csiksomlyói Szent Antal kápolnát. Már mint özvegy Trestián ferences [&hellip;]</p>
