{"id":9541,"date":"2025-06-29T12:48:36","date_gmt":"2025-06-29T10:48:36","guid":{"rendered":"https:\/\/uj.adatbank.ro\/lexikon\/termek\/haller-lajos-hallerkoi-gr-szentpali-ag\/"},"modified":"2025-06-29T12:48:36","modified_gmt":"2025-06-29T10:48:36","slug":"haller-lajos-hallerkoi-gr-szentpali-ag","status":"publish","type":"product","link":"https:\/\/uj.adatbank.ro\/lexikon\/termek\/haller-lajos-hallerkoi-gr-szentpali-ag\/","title":{"rendered":"HALLER Lajos, hallerk\u0151i gr., szentp\u00e1li \u00e1g"},"content":{"rendered":"<p>Kerel\u0151szentp\u00e1l, 1791. m\u00e1j. 17. \u2020 1847. m\u00e1rc. 12., Szentp\u00e1lon a csal\u00e1di kript\u00e1ban nyugszik: el\u0151l\u00fcl\u0151, politikus. \u2013 H. J\u00f3zsef (1754\u20131823) \u00e9s Koh\u00e1ry M\u00e1ria Ter\u00e9zia (1761\u20131815) fia. Feles\u00e9ge Bornemisza Anna (1794\u20131832. j\u00fan. 6.). Gyermekei: M\u00e1ria (1817\u20131839), Roz\u00e1lia (1820\u20131849), Lajos (1822\u20131867), Ter\u00e9zia (1823\u20131886). \u2013 A reformkori nemess\u00e9g eszm\u00e9inek k\u00e9pvisel\u0151je. Maros sz\u00e9k ogy.-i k\u00f6vete (1834). Nem bizonyult j\u00f3 gazd\u00e1lkod\u00f3nak, pedig kora egyik legszebb m\u00e9nes\u00e9t birtokolta. Nev\u00e9hez f\u0171z\u0151dik a mv.-i Kaszin\u00f3 l\u00e9trehoz\u00e1sa, eln\u00f6klete alatt alap\u00edtott\u00e1k (1832. dec. 9.), megnyilt (1833. jan. 15.), els\u0151 eln\u00f6ke, \u00e9lete v\u00e9g\u00e9ig akt\u00edv \u00e9s adakoz\u00f3 tagja, volt. <br \/><strong>Irod.:<\/strong> Bi\u00e1s Istv\u00e1n; Harmath\u2013K\u00e1lm\u00e1n, Id\u0151t\u00e1r 1; Sikl\u00f3ssy L\u00e1szl\u00f3: Az orsz\u00e1ggy\u0171l\u00e9si besz\u00e9d \u00fatja (Bp., 1939); Szentgy\u00f6rgyi<\/br><\/p>\n","protected":false},"excerpt":{"rendered":"<p>Kerel\u0151szentp\u00e1l, 1791. m\u00e1j. 17. \u2020 1847. m\u00e1rc. 12., Szentp\u00e1lon a csal\u00e1di kript\u00e1ban nyugszik: el\u0151l\u00fcl\u0151, politikus. \u2013 H. J\u00f3zsef (1754\u20131823) \u00e9s Koh\u00e1ry M\u00e1ria Ter\u00e9zia (1761\u20131815) fia. Feles\u00e9ge Bornemisza Anna (1794\u20131832. j\u00fan. 6.). Gyermekei: M\u00e1ria (1817\u20131839), Roz\u00e1lia (1820\u20131849), Lajos (1822\u20131867), Ter\u00e9zia (1823\u20131886). \u2013 A reformkori nemess\u00e9g eszm\u00e9inek k\u00e9pvisel\u0151je. Maros sz\u00e9k ogy.-i k\u00f6vete (1834). Nem bizonyult j\u00f3 gazd\u00e1lkod\u00f3nak, [&hellip;]<\/p>\n","protected":false},"featured_media":0,"comment_status":"open","ping_status":"closed","template":"","meta":[],"product_brand":[],"product_cat":[137],"product_tag":[],"class_list":{"0":"post-9541","1":"product","2":"type-product","3":"status-publish","5":"product_cat-maros-megyei-eletrajzi-lexikon","7":"first","8":"instock","9":"shipping-taxable","10":"product-type-simple"},"_links":{"self":[{"href":"https:\/\/uj.adatbank.ro\/lexikon\/wp-json\/wp\/v2\/product\/9541","targetHints":{"allow":["GET"]}}],"collection":[{"href":"https:\/\/uj.adatbank.ro\/lexikon\/wp-json\/wp\/v2\/product"}],"about":[{"href":"https:\/\/uj.adatbank.ro\/lexikon\/wp-json\/wp\/v2\/types\/product"}],"replies":[{"embeddable":true,"href":"https:\/\/uj.adatbank.ro\/lexikon\/wp-json\/wp\/v2\/comments?post=9541"}],"wp:attachment":[{"href":"https:\/\/uj.adatbank.ro\/lexikon\/wp-json\/wp\/v2\/media?parent=9541"}],"wp:term":[{"taxonomy":"product_brand","embeddable":true,"href":"https:\/\/uj.adatbank.ro\/lexikon\/wp-json\/wp\/v2\/product_brand?post=9541"},{"taxonomy":"product_cat","embeddable":true,"href":"https:\/\/uj.adatbank.ro\/lexikon\/wp-json\/wp\/v2\/product_cat?post=9541"},{"taxonomy":"product_tag","embeddable":true,"href":"https:\/\/uj.adatbank.ro\/lexikon\/wp-json\/wp\/v2\/product_tag?post=9541"}],"curies":[{"name":"wp","href":"https:\/\/api.w.org\/{rel}","templated":true}]}}

HALLER Lajos, hallerkői gr., szentpáli ág

<p>Kerelőszentpál, 1791. máj. 17. † 1847. márc. 12., Szentpálon a családi kriptában nyugszik: előlülő, politikus. – H. József (1754–1823) és Koháry Mária Terézia (1761–1815) fia. Felesége Bornemisza Anna (1794–1832. jún. 6.). Gyermekei: Mária (1817–1839), Rozália (1820–1849), Lajos (1822–1867), Terézia (1823–1886). – A reformkori nemesség eszméinek képviselője. Maros szék ogy.-i követe (1834). Nem bizonyult jó gazdálkodónak, pedig kora egyik legszebb ménesét birtokolta. Nevéhez fűződik a mv.-i Kaszinó létrehozása, elnöklete alatt alapították (1832. dec. 9.), megnyilt (1833. jan. 15.), első elnöke, élete végéig aktív és adakozó tagja, volt. <br /><strong>Irod.:</strong> Biás István; Harmath–Kálmán, Időtár 1; Siklóssy László: Az országgyűlési beszéd útja (Bp., 1939); Szentgyörgyi</br></p>

<p>Kerelőszentpál, 1791. máj. 17. † 1847. márc. 12., Szentpálon a családi kriptában nyugszik: előlülő, politikus. – H. József (1754–1823) és Koháry Mária Terézia (1761–1815) fia. Felesége Bornemisza Anna (1794–1832. jún. 6.). Gyermekei: Mária (1817–1839), Rozália (1820–1849), Lajos (1822–1867), Terézia (1823–1886). – A reformkori nemesség eszméinek képviselője. Maros szék ogy.-i követe (1834). Nem bizonyult jó gazdálkodónak, [&hellip;]</p>
