{"id":9542,"date":"2025-06-29T12:48:37","date_gmt":"2025-06-29T10:48:37","guid":{"rendered":"https:\/\/uj.adatbank.ro\/lexikon\/termek\/haller-lajos-hallerkoi-gr-szentpali-ag-2\/"},"modified":"2025-06-29T12:48:37","modified_gmt":"2025-06-29T10:48:37","slug":"haller-lajos-hallerkoi-gr-szentpali-ag-2","status":"publish","type":"product","link":"https:\/\/uj.adatbank.ro\/lexikon\/termek\/haller-lajos-hallerkoi-gr-szentpali-ag-2\/","title":{"rendered":"HALLER Lajos, hallerk\u0151i gr., szentp\u00e1li \u00e1g"},"content":{"rendered":"<p>Kerel\u0151szentp\u00e1l, 1822. j\u00fal. 19., \u2020 Buda, 1863. nov. 14., temetve a szentp\u00e1li temet\u0151k\u00e1polna udvar\u00e1n lev\u0151 torony alatti kript\u00e1ba: f\u00f6ldbirtokos. \u2013 H. Lajos (1791\u20131847) \u00e9s Bornemisza Anna (1794\u20131832) fia. Testv\u00e9re: H. Ter\u00e9z gr. Apor Gy\u00f6rgyn\u00e9. Feles\u00e9ge k\u00f6rispataki gr. K\u00e1lnoky J\u00fali\u00e1nna (1821\u20131865), esk\u00fcv\u0151 1853. Le\u00e1nyuk: Katalin. \u2013 Az \u00f6nk\u00e9ntes nemzeti polg\u00e1r\u0151rs\u00e9g parancsnoka Dics\u0151szentm\u00e1rtonban. \u0150sei el\u0151tt tisztelgett, azzal, h. az 1848-as forr.-ban k\u00e1rt szenvedett temet\u0151k\u00e1poln\u00e1t helyrehozatta, n\u00e9gy sark\u00e1ba tornyocsk\u00e1kat \u00e9p\u00edttetett harangokkal (amelyek az id\u0151k folyam\u00e1n elt\u0171ntek). Alap\u00edtv\u00e1nyt hozott l\u00e9tre a szentp\u00e1li k\u00e1ntortan\u00edt\u00f3k fizet\u00e9s\u00e9nek b\u00edztos\u00edt\u00e1s\u00e1ra (1858), valamint egy alap\u00edtv\u00e1nyt a pl\u00e9b\u00e1nosok fizet\u00e9skieg\u00e9sz\u00edt\u00e9s\u00e9re (1862). Gr. Haller Ilona \u00e9s Harmath Ferenc csal\u00e1djuk nev\u00e9ben az imola k\u00f6zep\u00e9n \u00e1ll\u00f3 torony bej\u00e1rata f\u00f6l\u00e9 eml\u00e9kt\u00e1bl\u00e1t helyezett el eml\u00e9k\u00e9re (2007. j\u00fal.). <br \/><strong>Irod.:<\/strong> 1848\u20131849 Transilvania; Gy\u00e1szjelent\u0151; Harmath-K\u00e1lm\u00e1n<\/br><\/p>\n","protected":false},"excerpt":{"rendered":"<p>Kerel\u0151szentp\u00e1l, 1822. j\u00fal. 19., \u2020 Buda, 1863. nov. 14., temetve a szentp\u00e1li temet\u0151k\u00e1polna udvar\u00e1n lev\u0151 torony alatti kript\u00e1ba: f\u00f6ldbirtokos. \u2013 H. Lajos (1791\u20131847) \u00e9s Bornemisza Anna (1794\u20131832) fia. Testv\u00e9re: H. Ter\u00e9z gr. Apor Gy\u00f6rgyn\u00e9. Feles\u00e9ge k\u00f6rispataki gr. K\u00e1lnoky J\u00fali\u00e1nna (1821\u20131865), esk\u00fcv\u0151 1853. Le\u00e1nyuk: Katalin. \u2013 Az \u00f6nk\u00e9ntes nemzeti polg\u00e1r\u0151rs\u00e9g parancsnoka Dics\u0151szentm\u00e1rtonban. \u0150sei el\u0151tt tisztelgett, azzal, [&hellip;]<\/p>\n","protected":false},"featured_media":0,"comment_status":"open","ping_status":"closed","template":"","meta":[],"product_brand":[],"product_cat":[137],"product_tag":[],"class_list":{"0":"post-9542","1":"product","2":"type-product","3":"status-publish","5":"product_cat-maros-megyei-eletrajzi-lexikon","7":"first","8":"instock","9":"shipping-taxable","10":"product-type-simple"},"_links":{"self":[{"href":"https:\/\/uj.adatbank.ro\/lexikon\/wp-json\/wp\/v2\/product\/9542","targetHints":{"allow":["GET"]}}],"collection":[{"href":"https:\/\/uj.adatbank.ro\/lexikon\/wp-json\/wp\/v2\/product"}],"about":[{"href":"https:\/\/uj.adatbank.ro\/lexikon\/wp-json\/wp\/v2\/types\/product"}],"replies":[{"embeddable":true,"href":"https:\/\/uj.adatbank.ro\/lexikon\/wp-json\/wp\/v2\/comments?post=9542"}],"wp:attachment":[{"href":"https:\/\/uj.adatbank.ro\/lexikon\/wp-json\/wp\/v2\/media?parent=9542"}],"wp:term":[{"taxonomy":"product_brand","embeddable":true,"href":"https:\/\/uj.adatbank.ro\/lexikon\/wp-json\/wp\/v2\/product_brand?post=9542"},{"taxonomy":"product_cat","embeddable":true,"href":"https:\/\/uj.adatbank.ro\/lexikon\/wp-json\/wp\/v2\/product_cat?post=9542"},{"taxonomy":"product_tag","embeddable":true,"href":"https:\/\/uj.adatbank.ro\/lexikon\/wp-json\/wp\/v2\/product_tag?post=9542"}],"curies":[{"name":"wp","href":"https:\/\/api.w.org\/{rel}","templated":true}]}}

HALLER Lajos, hallerkői gr., szentpáli ág

<p>Kerelőszentpál, 1822. júl. 19., † Buda, 1863. nov. 14., temetve a szentpáli temetőkápolna udvarán levő torony alatti kriptába: földbirtokos. – H. Lajos (1791–1847) és Bornemisza Anna (1794–1832) fia. Testvére: H. Teréz gr. Apor Györgyné. Felesége körispataki gr. Kálnoky Júliánna (1821–1865), esküvő 1853. Leányuk: Katalin. – Az önkéntes nemzeti polgárőrség parancsnoka Dicsőszentmártonban. Ősei előtt tisztelgett, azzal, h. az 1848-as forr.-ban kárt szenvedett temetőkápolnát helyrehozatta, négy sarkába tornyocskákat építtetett harangokkal (amelyek az idők folyamán eltűntek). Alapítványt hozott létre a szentpáli kántortanítók fizetésének bíztosítására (1858), valamint egy alapítványt a plébánosok fizetéskiegészítésére (1862). Gr. Haller Ilona és Harmath Ferenc családjuk nevében az imola közepén álló torony bejárata fölé emléktáblát helyezett el emlékére (2007. júl.). <br /><strong>Irod.:</strong> 1848–1849 Transilvania; Gyászjelentő; Harmath-Kálmán</br></p>

<p>Kerelőszentpál, 1822. júl. 19., † Buda, 1863. nov. 14., temetve a szentpáli temetőkápolna udvarán levő torony alatti kriptába: földbirtokos. – H. Lajos (1791–1847) és Bornemisza Anna (1794–1832) fia. Testvére: H. Teréz gr. Apor Györgyné. Felesége körispataki gr. Kálnoky Júliánna (1821–1865), esküvő 1853. Leányuk: Katalin. – Az önkéntes nemzeti polgárőrség parancsnoka Dicsőszentmártonban. Ősei előtt tisztelgett, azzal, [&hellip;]</p>
