{"id":9543,"date":"2025-06-29T12:48:38","date_gmt":"2025-06-29T10:48:38","guid":{"rendered":"https:\/\/uj.adatbank.ro\/lexikon\/termek\/haller-laszlo-hallerkoi-gr-feheregyhazi-ag\/"},"modified":"2025-06-29T12:48:38","modified_gmt":"2025-06-29T10:48:38","slug":"haller-laszlo-hallerkoi-gr-feheregyhazi-ag","status":"publish","type":"product","link":"https:\/\/uj.adatbank.ro\/lexikon\/termek\/haller-laszlo-hallerkoi-gr-feheregyhazi-ag\/","title":{"rendered":"HALLER L\u00e1szl\u00f3, hallerk\u0151i gr. feh\u00e9regyh\u00e1zi \u00e1g"},"content":{"rendered":"<p>1697., \u2020 Feh\u00e9regyh\u00e1za, 1719. j\u00fan. 1. pestisben: napl\u00f3\u00edr\u00f3. \u2013 H. Istv\u00e1n (1658\u20131710) \u00e9s Torma Borb\u00e1la (1670\u20131697), vagy Bultsesti S\u00e1ra\/ Bulcsesdi S\u00e1ra) fia. \u00d6r\u00f6k\u00f6lte apja er\u0151s katolicizmus\u00e1t de protest\u00e1ns n\u0151t vett feles\u00e9g\u00fcl, Bethlen Kat\u00e1t (1700\u20131759). (Feh\u00e9regyh\u00e1z\u00e1n, 1717. szept. 9 \u2013 19), boldog \u00e9let nem volt k\u00f6zt\u00fck kit\u0171nik feles\u00e9ge \u00f6n\u00e9let\u00edr\u00e1s\u00e1b\u00f3l. Gyermekei: S\u00e1muel, P\u00e1l (1718\u20131794), Borb\u00e1la Teleki P\u00e1ln\u00e9 (1719\u20131770). \u2013 Tanult ember volt, \u00f6r\u00f6k\u00f6lte a csal\u00e1dban mutatkoz\u00f3 napl\u00f3\u00edr\u00e1si hajlamot, fennmaradt napl\u00f3ja az 1717. szebeni ogy. -r\u0151l. <br \/><strong>Irod.:<\/strong> \u00c1ll\u00f3- \u00e9s mozg\u00f3k\u00e9pek; \u00c1rva Bethlen K.; B\u00edr\u00f3 J\u00f3zsef; G\u00e1ldi L\u00e1szl\u00f3: Siebenb\u00fcrgen im Aufbau der ungarischen Kultur (Bp. -Leipzig-Milano, s. a.); Gudenus; Guly\u00e1s; RNL; R\u00f3th: Sz\u00fcletett nyelv\u00fcnk\u00f6n; Szinnyei; Tr\u00f3cs\u00e1nyi 1988; V\u00e1llas Antal: Nemzeti enciklop\u00e9dia (Pest, 1848)<\/br><\/p>\n","protected":false},"excerpt":{"rendered":"<p>1697., \u2020 Feh\u00e9regyh\u00e1za, 1719. j\u00fan. 1. pestisben: napl\u00f3\u00edr\u00f3. \u2013 H. Istv\u00e1n (1658\u20131710) \u00e9s Torma Borb\u00e1la (1670\u20131697), vagy Bultsesti S\u00e1ra\/ Bulcsesdi S\u00e1ra) fia. \u00d6r\u00f6k\u00f6lte apja er\u0151s katolicizmus\u00e1t de protest\u00e1ns n\u0151t vett feles\u00e9g\u00fcl, Bethlen Kat\u00e1t (1700\u20131759). (Feh\u00e9regyh\u00e1z\u00e1n, 1717. szept. 9 \u2013 19), boldog \u00e9let nem volt k\u00f6zt\u00fck kit\u0171nik feles\u00e9ge \u00f6n\u00e9let\u00edr\u00e1s\u00e1b\u00f3l. Gyermekei: S\u00e1muel, P\u00e1l (1718\u20131794), Borb\u00e1la Teleki P\u00e1ln\u00e9 [&hellip;]<\/p>\n","protected":false},"featured_media":0,"comment_status":"open","ping_status":"closed","template":"","meta":[],"product_brand":[],"product_cat":[137],"product_tag":[],"class_list":{"0":"post-9543","1":"product","2":"type-product","3":"status-publish","5":"product_cat-maros-megyei-eletrajzi-lexikon","7":"first","8":"instock","9":"shipping-taxable","10":"product-type-simple"},"_links":{"self":[{"href":"https:\/\/uj.adatbank.ro\/lexikon\/wp-json\/wp\/v2\/product\/9543","targetHints":{"allow":["GET"]}}],"collection":[{"href":"https:\/\/uj.adatbank.ro\/lexikon\/wp-json\/wp\/v2\/product"}],"about":[{"href":"https:\/\/uj.adatbank.ro\/lexikon\/wp-json\/wp\/v2\/types\/product"}],"replies":[{"embeddable":true,"href":"https:\/\/uj.adatbank.ro\/lexikon\/wp-json\/wp\/v2\/comments?post=9543"}],"wp:attachment":[{"href":"https:\/\/uj.adatbank.ro\/lexikon\/wp-json\/wp\/v2\/media?parent=9543"}],"wp:term":[{"taxonomy":"product_brand","embeddable":true,"href":"https:\/\/uj.adatbank.ro\/lexikon\/wp-json\/wp\/v2\/product_brand?post=9543"},{"taxonomy":"product_cat","embeddable":true,"href":"https:\/\/uj.adatbank.ro\/lexikon\/wp-json\/wp\/v2\/product_cat?post=9543"},{"taxonomy":"product_tag","embeddable":true,"href":"https:\/\/uj.adatbank.ro\/lexikon\/wp-json\/wp\/v2\/product_tag?post=9543"}],"curies":[{"name":"wp","href":"https:\/\/api.w.org\/{rel}","templated":true}]}}

HALLER László, hallerkői gr. fehéregyházi ág

<p>1697., † Fehéregyháza, 1719. jún. 1. pestisben: naplóíró. – H. István (1658–1710) és Torma Borbála (1670–1697), vagy Bultsesti Sára/ Bulcsesdi Sára) fia. Örökölte apja erős katolicizmusát de protestáns nőt vett feleségül, Bethlen Katát (1700–1759). (Fehéregyházán, 1717. szept. 9 – 19), boldog élet nem volt köztük kitűnik felesége önéletírásából. Gyermekei: Sámuel, Pál (1718–1794), Borbála Teleki Pálné (1719–1770). – Tanult ember volt, örökölte a családban mutatkozó naplóírási hajlamot, fennmaradt naplója az 1717. szebeni ogy. -ről. <br /><strong>Irod.:</strong> Álló- és mozgóképek; Árva Bethlen K.; Bíró József; Gáldi László: Siebenbürgen im Aufbau der ungarischen Kultur (Bp. -Leipzig-Milano, s. a.); Gudenus; Gulyás; RNL; Róth: Született nyelvünkön; Szinnyei; Trócsányi 1988; Vállas Antal: Nemzeti enciklopédia (Pest, 1848)</br></p>

<p>1697., † Fehéregyháza, 1719. jún. 1. pestisben: naplóíró. – H. István (1658–1710) és Torma Borbála (1670–1697), vagy Bultsesti Sára/ Bulcsesdi Sára) fia. Örökölte apja erős katolicizmusát de protestáns nőt vett feleségül, Bethlen Katát (1700–1759). (Fehéregyházán, 1717. szept. 9 – 19), boldog élet nem volt köztük kitűnik felesége önéletírásából. Gyermekei: Sámuel, Pál (1718–1794), Borbála Teleki Pálné [&hellip;]</p>
