{"id":9545,"date":"2025-06-29T12:48:42","date_gmt":"2025-06-29T10:48:42","guid":{"rendered":"https:\/\/uj.adatbank.ro\/lexikon\/termek\/haller-laszlo-hallerkoi-gr-szentpali-ag-ugrai-agazat\/"},"modified":"2025-06-29T12:48:42","modified_gmt":"2025-06-29T10:48:42","slug":"haller-laszlo-hallerkoi-gr-szentpali-ag-ugrai-agazat","status":"publish","type":"product","link":"https:\/\/uj.adatbank.ro\/lexikon\/termek\/haller-laszlo-hallerkoi-gr-szentpali-ag-ugrai-agazat\/","title":{"rendered":"HALLER L\u00e1szl\u00f3, hallerk\u0151i gr., szentp\u00e1li \u00e1g, ugrai \u00e1gazat"},"content":{"rendered":"<p>Kerel\u0151szentp\u00e1l, 1717., \u2020 Mv., 1751. m\u00e1rc. 1.: m\u0171ford\u00edt\u00f3. \u2013 H. G\u00e1bor (1685\u20131723) \u00e9s K\u00e1rolyi Kl\u00e1ra (1697\u20131750) fia. H. J\u00e1nos d\u00e9dunok\u00e1ja. Kor\u00e1n \u00e1rvas\u00e1gra jutott, nagyapja gr. K\u00e1rolyi S\u00e1ndor nevelte szigor\u00faan katolikus \u00e9s a f\u0151\u00fari \u00e9rdekek v\u00e9delm\u00e9nek szellem\u00e9ben. Feles\u00e9ge: Forg\u00e1ch R\u00f3za (1723\u20131792). Gyermekei: G\u00e1bor (1749\u20131822), Erzs\u00e9bet gr. L\u00e1z\u00e1r Istv\u00e1nn\u00e9 (\u2020\u00a01799). \u2013 Tanulm\u00e1nyait a piarist\u00e1k ir\u00e1ny\u00edtott\u00e1k, majd B\u00e9csben jogot tanult, csatlakozott a felvil\u00e1gosod\u00e1s eszm\u00e9ihez. Tanulm\u00e1nyai ut\u00e1n a katona\u00e9letnek szentelte mag\u00e1t, \u00e9s a nagyapja, K\u00e1rolyi S\u00e1ndor \u00e1ltal szervezett ezredben szolg\u00e1lt. Testv\u00e9re, G\u00e1bor (1718\u20131784), mellett r\u00e9szt vett az osztr\u00e1k-t\u00f6r\u00f6k h\u00e1bor\u00faban (1736\u201339), Belgr\u00e1d ostrom\u00e1n\u00e1l (1739). Elhagyta az ezredet, \u00e9s elkezdte gyakornoks\u00e1g\u00e1t gr. Esterh\u00e1zy J\u00f3zsef orsz\u00e1gb\u00edr\u00f3 mellett (1740\u2013). R\u00e9szt vett az 1741-es ogy.-en, ahonnan nagyapj\u00e1t tudos\u00edtotta. Az orsz\u00e1gb\u00edr\u00f3 tan\u00e1csosak\u00e9nt v\u00e1lasztott\u00e1k meg M\u00e1ramaros vm. f\u0151isp\u00e1nj\u00e1v\u00e1 (1742). Kir. tan\u00e1csos. A csal\u00e1di birtokok eloszt\u00e1sakor \u0151 kapta Marosugr\u00e1t, \u00edgy \u0151 a megalap\u00edt\u00f3ja a szentp\u00e1li \u00e1g Ugr\u00e1n lak\u00f3 le\u00e1gaz\u00e1s\u00e1nak, amely megmentette a kihal\u00e1st\u00f3l a szentp\u00e1li \u00e1gat. Nev\u00e9t az irodalomt\u00f6rt\u00e9net\u00edr\u00e1s egyetlen franci\u00e1b\u00f3l val\u00f3 ford\u00edt\u00e1sa miatt \u0151rizte meg, amely a 18. sz.-ban t\u00f6bb kiad\u00e1st meg\u00e9rt. Ford\u00edt\u00e1s\u00e1t Bessenyei Gy\u00f6rgy a Holmiban b\u00edr\u00e1lta. A posthumus m\u0171 els\u0151 kiad\u00f3ja az irodalomp\u00e1rtol\u00f3 egri p\u00fcsp\u00f6k Bark\u00f3czy Ferenc volt. \u2013 <strong>F. m.:<\/strong><strong>ford.:<\/strong> Fenelon de Salignac: Telemakus bujdos\u00e1s\u00e1nak t\u00f6rt\u00e9netei: Magyar haz\u00e1nk f\u0151, k\u00f6z\u00e9p \u00e9s alacson rendeinek \u00f6r\u00f6m\u00e9re, kedves \u00e9s b\u00f6lts mulats\u00e1g\u00e1ra (Kassa, 1755, 1758, 1770, 1775). <br \/><strong>Irod.:<\/strong> Fazakas Istv\u00e1n 2003; Harmath-K\u00e1lm\u00e1n; MAM\u0170L<\/br><\/p>\n","protected":false},"excerpt":{"rendered":"<p>Kerel\u0151szentp\u00e1l, 1717., \u2020 Mv., 1751. m\u00e1rc. 1.: m\u0171ford\u00edt\u00f3. \u2013 H. G\u00e1bor (1685\u20131723) \u00e9s K\u00e1rolyi Kl\u00e1ra (1697\u20131750) fia. H. J\u00e1nos d\u00e9dunok\u00e1ja. Kor\u00e1n \u00e1rvas\u00e1gra jutott, nagyapja gr. K\u00e1rolyi S\u00e1ndor nevelte szigor\u00faan katolikus \u00e9s a f\u0151\u00fari \u00e9rdekek v\u00e9delm\u00e9nek szellem\u00e9ben. Feles\u00e9ge: Forg\u00e1ch R\u00f3za (1723\u20131792). Gyermekei: G\u00e1bor (1749\u20131822), Erzs\u00e9bet gr. L\u00e1z\u00e1r Istv\u00e1nn\u00e9 (\u2020\u00a01799). \u2013 Tanulm\u00e1nyait a piarist\u00e1k ir\u00e1ny\u00edtott\u00e1k, majd B\u00e9csben [&hellip;]<\/p>\n","protected":false},"featured_media":0,"comment_status":"open","ping_status":"closed","template":"","meta":[],"product_brand":[],"product_cat":[137],"product_tag":[],"class_list":{"0":"post-9545","1":"product","2":"type-product","3":"status-publish","5":"product_cat-maros-megyei-eletrajzi-lexikon","7":"first","8":"instock","9":"shipping-taxable","10":"product-type-simple"},"_links":{"self":[{"href":"https:\/\/uj.adatbank.ro\/lexikon\/wp-json\/wp\/v2\/product\/9545","targetHints":{"allow":["GET"]}}],"collection":[{"href":"https:\/\/uj.adatbank.ro\/lexikon\/wp-json\/wp\/v2\/product"}],"about":[{"href":"https:\/\/uj.adatbank.ro\/lexikon\/wp-json\/wp\/v2\/types\/product"}],"replies":[{"embeddable":true,"href":"https:\/\/uj.adatbank.ro\/lexikon\/wp-json\/wp\/v2\/comments?post=9545"}],"wp:attachment":[{"href":"https:\/\/uj.adatbank.ro\/lexikon\/wp-json\/wp\/v2\/media?parent=9545"}],"wp:term":[{"taxonomy":"product_brand","embeddable":true,"href":"https:\/\/uj.adatbank.ro\/lexikon\/wp-json\/wp\/v2\/product_brand?post=9545"},{"taxonomy":"product_cat","embeddable":true,"href":"https:\/\/uj.adatbank.ro\/lexikon\/wp-json\/wp\/v2\/product_cat?post=9545"},{"taxonomy":"product_tag","embeddable":true,"href":"https:\/\/uj.adatbank.ro\/lexikon\/wp-json\/wp\/v2\/product_tag?post=9545"}],"curies":[{"name":"wp","href":"https:\/\/api.w.org\/{rel}","templated":true}]}}

HALLER László, hallerkői gr., szentpáli ág, ugrai ágazat

<p>Kerelőszentpál, 1717., † Mv., 1751. márc. 1.: műfordító. – H. Gábor (1685–1723) és Károlyi Klára (1697–1750) fia. H. János dédunokája. Korán árvaságra jutott, nagyapja gr. Károlyi Sándor nevelte szigorúan katolikus és a főúri érdekek védelmének szellemében. Felesége: Forgách Róza (1723–1792). Gyermekei: Gábor (1749–1822), Erzsébet gr. Lázár Istvánné († 1799). – Tanulmányait a piaristák irányították, majd Bécsben jogot tanult, csatlakozott a felvilágosodás eszméihez. Tanulmányai után a katonaéletnek szentelte magát, és a nagyapja, Károlyi Sándor által szervezett ezredben szolgált. Testvére, Gábor (1718–1784), mellett részt vett az osztrák-török háborúban (1736–39), Belgrád ostrománál (1739). Elhagyta az ezredet, és elkezdte gyakornokságát gr. Esterházy József országbíró mellett (1740–). Részt vett az 1741-es ogy.-en, ahonnan nagyapját tudosította. Az országbíró tanácsosaként választották meg Máramaros vm. főispánjává (1742). Kir. tanácsos. A családi birtokok elosztásakor ő kapta Marosugrát, így ő a megalapítója a szentpáli ág Ugrán lakó leágazásának, amely megmentette a kihalástól a szentpáli ágat. Nevét az irodalomtörténetírás egyetlen franciából való fordítása miatt őrizte meg, amely a 18. sz.-ban több kiadást megért. Fordítását Bessenyei György a Holmiban bírálta. A posthumus mű első kiadója az irodalompártoló egri püspök Barkóczy Ferenc volt. – <strong>F. m.:</strong><strong>ford.:</strong> Fenelon de Salignac: Telemakus bujdosásának történetei: Magyar hazánk fő, közép és alacson rendeinek örömére, kedves és bölts mulatságára (Kassa, 1755, 1758, 1770, 1775). <br /><strong>Irod.:</strong> Fazakas István 2003; Harmath-Kálmán; MAMŰL</br></p>

<p>Kerelőszentpál, 1717., † Mv., 1751. márc. 1.: műfordító. – H. Gábor (1685–1723) és Károlyi Klára (1697–1750) fia. H. János dédunokája. Korán árvaságra jutott, nagyapja gr. Károlyi Sándor nevelte szigorúan katolikus és a főúri érdekek védelmének szellemében. Felesége: Forgách Róza (1723–1792). Gyermekei: Gábor (1749–1822), Erzsébet gr. Lázár Istvánné († 1799). – Tanulmányait a piaristák irányították, majd Bécsben [&hellip;]</p>
