{"id":9547,"date":"2025-06-29T12:48:45","date_gmt":"2025-06-29T10:48:45","guid":{"rendered":"https:\/\/uj.adatbank.ro\/lexikon\/termek\/haller-louise-hallerkoi-gr-feheregyhazi-ag-haller-lujza\/"},"modified":"2025-07-16T14:10:01","modified_gmt":"2025-07-16T12:10:01","slug":"haller-louise-hallerkoi-gr-feheregyhazi-ag-haller-lujza","status":"publish","type":"product","link":"https:\/\/uj.adatbank.ro\/lexikon\/termek\/haller-louise-hallerkoi-gr-feheregyhazi-ag-haller-lujza\/","title":{"rendered":"HALLER Louise, hallerk\u0151i gr, feh\u00e9regyh\u00e1zi \u00e1g, Haller Lujza"},"content":{"rendered":"<p>Feh\u00e9regyh\u00e1za, 1844. \u2020 Feh\u00e9regyh\u00e1za, 1909. nov. 28.: birtokos, m\u00fazeumalap\u00edt\u00f3. \u2013 H. Ferenc (1815\u20131893) \u00e9s Baruch Eliz l\u00e1nya. \u2013 F\u00e9rj\u00e9vel egy darabig B\u00e9csben \u00e9lt (1860\u201387), majd visszat\u00e9rt \u00e9s \u00e1tvette a feh\u00e9regyh\u00e1zi birtok vezet\u00e9s\u00e9t, bekapcsol\u00f3dott a vid\u00e9k t\u00e1rsadalmi \u00e9let\u00e9be. Az \u00e1llam birtokokat v\u00e1s\u00e1rolt t\u0151le Feh\u00e9regyh\u00e1z\u00e1n (1900\u201305), azzal a c\u00e9llal, hogy az orsz\u00e1gb\u00f3l elsz\u00e1rmazott sz\u00e9kelyek visszatelep\u00fclhessenek. Nagylelk\u0171 mec\u00e9n\u00e1s volt fel\u00e9p\u00edtette a Pet\u0151fi m\u00fazeumot \u00e9s a hozz\u00e1 tartoz\u00f3 m\u00fazeum\u0151ri lak\u00e1st. A csal\u00e1d \u00e1ltal (1864-\u00f3ta) gy\u0171jt\u00f6tt Pet\u0151fire vonatkoz\u00f3 dokumentumokkal, erekly\u00e9kkel, a segesv\u00e1ri csata t\u00e1rgyi eml\u00e9keivel rendezt\u00e9k be a m\u00fazeumot (megnyitott\u00e1k: 1898. j\u00fal. 31.). B\u00e1lint P\u00e9ter (1871\u20131929) volt az alkalmazott m\u00fazeum\u0151r, meg\u00e9lhet\u00e9s\u00e9re f\u00f6ldter\u00fcletet adom\u00e1nyozott. A Pet\u0151fi S\u00e1ndor m\u0171vel\u0151d\u00e9si Egyes\u00fclet H. L. eml\u00e9k\u00e9re kopjaf\u00e1t avatott (1997), Kisgy\u00f6rgy Imre alkot\u00e1s\u00e1t. S\u00edrja jeltelen.<br \/>\n<strong>Irod.:<\/strong> Bodolai Gy\u00f6ngyi: Egy Pet\u0151fi-kutat\u00f3\u00fat eml\u00e9k\u00e9re (N\u00fa., 2016. m\u00e1rc. 15.); M\u00e1th\u00e9 Attila: M\u00e9g egyszer Pet\u0151fi-falv\u00e1r\u00f3l azaz Feh\u00e9regyh\u00e1z\u00e1r\u00f3l (N\u00fa, 2000. aug. 9); MMA; RNL; Seress D\u00e9nes: A sz\u00e9kelys\u00e9g pusztul\u00e1sa (Mv., 1902); Szekeres Ad\u00e9l: A marosludasi Bels\u0151-telep r\u00f6vid t\u00f6rt\u00e9nete (N\u00fa., 1998. jan. 13.)<\/p>\n","protected":false},"excerpt":{"rendered":"<p>Feh\u00e9regyh\u00e1za, 1844. \u2020 Feh\u00e9regyh\u00e1za, 1909. nov. 28.: birtokos, m\u00fazeumalap\u00edt\u00f3. \u2013 H. Ferenc (1815\u20131893) \u00e9s Baruch Eliz l\u00e1nya. \u2013 F\u00e9rj\u00e9vel egy darabig B\u00e9csben \u00e9lt (1860\u201387), majd visszat\u00e9rt \u00e9s \u00e1tvette a feh\u00e9regyh\u00e1zi birtok vezet\u00e9s\u00e9t, bekapcsol\u00f3dott a vid\u00e9k t\u00e1rsadalmi \u00e9let\u00e9be. Az \u00e1llam birtokokat v\u00e1s\u00e1rolt t\u0151le Feh\u00e9regyh\u00e1z\u00e1n (1900\u201305), azzal a c\u00e9llal, hogy az orsz\u00e1gb\u00f3l elsz\u00e1rmazott sz\u00e9kelyek visszatelep\u00fclhessenek. Nagylelk\u0171 mec\u00e9n\u00e1s [&hellip;]<\/p>\n","protected":false},"featured_media":0,"comment_status":"open","ping_status":"closed","template":"","meta":[],"product_brand":[],"product_cat":[137],"product_tag":[],"class_list":{"0":"post-9547","1":"product","2":"type-product","3":"status-publish","5":"product_cat-maros-megyei-eletrajzi-lexikon","7":"first","8":"instock","9":"shipping-taxable","10":"product-type-simple"},"_links":{"self":[{"href":"https:\/\/uj.adatbank.ro\/lexikon\/wp-json\/wp\/v2\/product\/9547","targetHints":{"allow":["GET"]}}],"collection":[{"href":"https:\/\/uj.adatbank.ro\/lexikon\/wp-json\/wp\/v2\/product"}],"about":[{"href":"https:\/\/uj.adatbank.ro\/lexikon\/wp-json\/wp\/v2\/types\/product"}],"replies":[{"embeddable":true,"href":"https:\/\/uj.adatbank.ro\/lexikon\/wp-json\/wp\/v2\/comments?post=9547"}],"wp:attachment":[{"href":"https:\/\/uj.adatbank.ro\/lexikon\/wp-json\/wp\/v2\/media?parent=9547"}],"wp:term":[{"taxonomy":"product_brand","embeddable":true,"href":"https:\/\/uj.adatbank.ro\/lexikon\/wp-json\/wp\/v2\/product_brand?post=9547"},{"taxonomy":"product_cat","embeddable":true,"href":"https:\/\/uj.adatbank.ro\/lexikon\/wp-json\/wp\/v2\/product_cat?post=9547"},{"taxonomy":"product_tag","embeddable":true,"href":"https:\/\/uj.adatbank.ro\/lexikon\/wp-json\/wp\/v2\/product_tag?post=9547"}],"curies":[{"name":"wp","href":"https:\/\/api.w.org\/{rel}","templated":true}]}}

HALLER Louise, hallerkői gr, fehéregyházi ág, Haller Lujza

<p>Fehéregyháza, 1844. † Fehéregyháza, 1909. nov. 28.: birtokos, múzeumalapító. – H. Ferenc (1815–1893) és Baruch Eliz lánya. – Férjével egy darabig Bécsben élt (1860–87), majd visszatért és átvette a fehéregyházi birtok vezetését, bekapcsolódott a vidék társadalmi életébe. Az állam birtokokat vásárolt tőle Fehéregyházán (1900–05), azzal a céllal, hogy az országból elszármazott székelyek visszatelepülhessenek. Nagylelkű mecénás volt felépítette a Petőfi múzeumot és a hozzá tartozó múzeumőri lakást. A család által (1864-óta) gyűjtött Petőfire vonatkozó dokumentumokkal, ereklyékkel, a segesvári csata tárgyi emlékeivel rendezték be a múzeumot (megnyitották: 1898. júl. 31.). Bálint Péter (1871–1929) volt az alkalmazott múzeumőr, megélhetésére földterületet adományozott. A Petőfi Sándor művelődési Egyesület H. L. emlékére kopjafát avatott (1997), Kisgyörgy Imre alkotását. Sírja jeltelen.<br />
<strong>Irod.:</strong> Bodolai Gyöngyi: Egy Petőfi-kutatóút emlékére (Nú., 2016. márc. 15.); Máthé Attila: Még egyszer Petőfi-falváról azaz Fehéregyházáról (Nú, 2000. aug. 9); MMA; RNL; Seress Dénes: A székelység pusztulása (Mv., 1902); Szekeres Adél: A marosludasi Belső-telep rövid története (Nú., 1998. jan. 13.)</p>

<p>Fehéregyháza, 1844. † Fehéregyháza, 1909. nov. 28.: birtokos, múzeumalapító. – H. Ferenc (1815–1893) és Baruch Eliz lánya. – Férjével egy darabig Bécsben élt (1860–87), majd visszatért és átvette a fehéregyházi birtok vezetését, bekapcsolódott a vidék társadalmi életébe. Az állam birtokokat vásárolt tőle Fehéregyházán (1900–05), azzal a céllal, hogy az országból elszármazott székelyek visszatelepülhessenek. Nagylelkű mecénás [&hellip;]</p>
