{"id":9548,"date":"2025-06-29T12:48:46","date_gmt":"2025-06-29T10:48:46","guid":{"rendered":"https:\/\/uj.adatbank.ro\/lexikon\/termek\/haller-maria-cecilia-hallerkoi-gr-szentpali-ag-thoroczkay-istvanne\/"},"modified":"2025-06-29T12:48:46","modified_gmt":"2025-06-29T10:48:46","slug":"haller-maria-cecilia-hallerkoi-gr-szentpali-ag-thoroczkay-istvanne","status":"publish","type":"product","link":"https:\/\/uj.adatbank.ro\/lexikon\/termek\/haller-maria-cecilia-hallerkoi-gr-szentpali-ag-thoroczkay-istvanne\/","title":{"rendered":"HALLER M\u00e1ria Cecilia, hallerk\u0151i gr, szentp\u00e1li \u00e1g, Thoroczkay Istv\u00e1nn\u00e9"},"content":{"rendered":"<p>? \u2020 Szentp\u00e1l, ?: birtokos. \u2013 H. G\u00e1bor (1685\u20131723) \u00e9s K\u00e1rolyi Kl\u00e1ra J\u00f3zsef (1697\u20131750) le\u00e1nya. F\u00e9rje: Toroczkay Istv\u00e1n. Fia: Thoroczkai J\u00f3zsef. \u2013 Anyja megb\u00edzta az egyh\u00e1zi adom\u00e1nyok eloszt\u00e1s\u00e1val \u00e9s v\u00e9grehajt\u00e1s\u00e1val (1751. jan. 3.). Az \u0151 fia volt Krass\u00f3-Sz\u00f6r\u00e9ny (1783\u201384), Bihar vm. (1787\u201390), M\u00e1ramaros vm. f\u0151isp\u00e1nja (1790\u20131817). <br \/><strong>Irod.:<\/strong> Harmath-K\u00e1lm\u00e1n<\/br><\/p>\n","protected":false},"excerpt":{"rendered":"<p>? \u2020 Szentp\u00e1l, ?: birtokos. \u2013 H. G\u00e1bor (1685\u20131723) \u00e9s K\u00e1rolyi Kl\u00e1ra J\u00f3zsef (1697\u20131750) le\u00e1nya. F\u00e9rje: Toroczkay Istv\u00e1n. Fia: Thoroczkai J\u00f3zsef. \u2013 Anyja megb\u00edzta az egyh\u00e1zi adom\u00e1nyok eloszt\u00e1s\u00e1val \u00e9s v\u00e9grehajt\u00e1s\u00e1val (1751. jan. 3.). Az \u0151 fia volt Krass\u00f3-Sz\u00f6r\u00e9ny (1783\u201384), Bihar vm. (1787\u201390), M\u00e1ramaros vm. f\u0151isp\u00e1nja (1790\u20131817). Irod.: Harmath-K\u00e1lm\u00e1n<\/p>\n","protected":false},"featured_media":0,"comment_status":"open","ping_status":"closed","template":"","meta":[],"product_brand":[],"product_cat":[137],"product_tag":[],"class_list":{"0":"post-9548","1":"product","2":"type-product","3":"status-publish","5":"product_cat-maros-megyei-eletrajzi-lexikon","7":"first","8":"instock","9":"shipping-taxable","10":"product-type-simple"},"_links":{"self":[{"href":"https:\/\/uj.adatbank.ro\/lexikon\/wp-json\/wp\/v2\/product\/9548","targetHints":{"allow":["GET"]}}],"collection":[{"href":"https:\/\/uj.adatbank.ro\/lexikon\/wp-json\/wp\/v2\/product"}],"about":[{"href":"https:\/\/uj.adatbank.ro\/lexikon\/wp-json\/wp\/v2\/types\/product"}],"replies":[{"embeddable":true,"href":"https:\/\/uj.adatbank.ro\/lexikon\/wp-json\/wp\/v2\/comments?post=9548"}],"wp:attachment":[{"href":"https:\/\/uj.adatbank.ro\/lexikon\/wp-json\/wp\/v2\/media?parent=9548"}],"wp:term":[{"taxonomy":"product_brand","embeddable":true,"href":"https:\/\/uj.adatbank.ro\/lexikon\/wp-json\/wp\/v2\/product_brand?post=9548"},{"taxonomy":"product_cat","embeddable":true,"href":"https:\/\/uj.adatbank.ro\/lexikon\/wp-json\/wp\/v2\/product_cat?post=9548"},{"taxonomy":"product_tag","embeddable":true,"href":"https:\/\/uj.adatbank.ro\/lexikon\/wp-json\/wp\/v2\/product_tag?post=9548"}],"curies":[{"name":"wp","href":"https:\/\/api.w.org\/{rel}","templated":true}]}}

HALLER Mária Cecilia, hallerkői gr, szentpáli ág, Thoroczkay Istvánné

<p>? † Szentpál, ?: birtokos. – H. Gábor (1685–1723) és Károlyi Klára József (1697–1750) leánya. Férje: Toroczkay István. Fia: Thoroczkai József. – Anyja megbízta az egyházi adományok elosztásával és végrehajtásával (1751. jan. 3.). Az ő fia volt Krassó-Szörény (1783–84), Bihar vm. (1787–90), Máramaros vm. főispánja (1790–1817). <br /><strong>Irod.:</strong> Harmath-Kálmán</br></p>

<p>? † Szentpál, ?: birtokos. – H. Gábor (1685–1723) és Károlyi Klára József (1697–1750) leánya. Férje: Toroczkay István. Fia: Thoroczkai József. – Anyja megbízta az egyházi adományok elosztásával és végrehajtásával (1751. jan. 3.). Az ő fia volt Krassó-Szörény (1783–84), Bihar vm. (1787–90), Máramaros vm. főispánja (1790–1817). Irod.: Harmath-Kálmán</p>
