{"id":9551,"date":"2025-06-29T12:48:51","date_gmt":"2025-06-29T10:48:51","guid":{"rendered":"https:\/\/uj.adatbank.ro\/lexikon\/termek\/haller-pal-hallerkoi-gr-feheregyhazi-ag-2\/"},"modified":"2025-06-29T12:48:51","modified_gmt":"2025-06-29T10:48:51","slug":"haller-pal-hallerkoi-gr-feheregyhazi-ag-2","status":"publish","type":"product","link":"https:\/\/uj.adatbank.ro\/lexikon\/termek\/haller-pal-hallerkoi-gr-feheregyhazi-ag-2\/","title":{"rendered":"HALLER P\u00e1l, hallerk\u0151i gr., feh\u00e9regyh\u00e1zi \u00e1g"},"content":{"rendered":"<p>1718. j\u00fan. 12., \u2020 1794.: kir\u00e1lyb\u00edr\u00f3, f\u0151isp\u00e1n. \u2013 H. L\u00e1szl\u00f3 (1697\u20131719) \u00e9s \u00c1rva Bethlen Kata fia. Feles\u00e9ge Haller Zsuzs\u00e1nna (1729\u2013). Fi\u00fak: Zsigmond (\u20201803). \u2013 Cs\u00edk-, Gyergy\u00f3- \u00e9s K\u00e1szonsz\u00e9k f\u0151kir\u00e1lyb\u00edr\u00e1ja (1758\u201361), majd Feh\u00e9r vm. f\u0151isp\u00e1nja. <br \/><strong>Irod.:<\/strong> \u00c1ll\u00f3- \u00e9s mozg\u00f3k\u00e9pek; \u00c1rva Bethlen K.; [Corneli, Joannes]: Opusculum polemicum adversus late, praesertim inter politicos. grassantem. indifferentismum. a quodam doctore elaboratorum, honoribus. Pauli Haller de Hallerk\u0151 dum in Academia Claudiopolitana promotore Georgio Daroczi. philosophiae laurea, insignirentur. dicatum. (Claudopoli, 1735); Bozac-Pavel; Gudenus; P\u00e1l-Antal 2002; RMK; SzOkl, 6; Tr\u00f3cs\u00e1nyi 1988; Veress<\/br><\/p>\n","protected":false},"excerpt":{"rendered":"<p>1718. j\u00fan. 12., \u2020 1794.: kir\u00e1lyb\u00edr\u00f3, f\u0151isp\u00e1n. \u2013 H. L\u00e1szl\u00f3 (1697\u20131719) \u00e9s \u00c1rva Bethlen Kata fia. Feles\u00e9ge Haller Zsuzs\u00e1nna (1729\u2013). Fi\u00fak: Zsigmond (\u20201803). \u2013 Cs\u00edk-, Gyergy\u00f3- \u00e9s K\u00e1szonsz\u00e9k f\u0151kir\u00e1lyb\u00edr\u00e1ja (1758\u201361), majd Feh\u00e9r vm. f\u0151isp\u00e1nja. Irod.: \u00c1ll\u00f3- \u00e9s mozg\u00f3k\u00e9pek; \u00c1rva Bethlen K.; [Corneli, Joannes]: Opusculum polemicum adversus late, praesertim inter politicos. grassantem. indifferentismum. a quodam doctore [&hellip;]<\/p>\n","protected":false},"featured_media":0,"comment_status":"open","ping_status":"closed","template":"","meta":[],"product_brand":[],"product_cat":[137],"product_tag":[],"class_list":{"0":"post-9551","1":"product","2":"type-product","3":"status-publish","5":"product_cat-maros-megyei-eletrajzi-lexikon","7":"first","8":"instock","9":"shipping-taxable","10":"product-type-simple"},"_links":{"self":[{"href":"https:\/\/uj.adatbank.ro\/lexikon\/wp-json\/wp\/v2\/product\/9551","targetHints":{"allow":["GET"]}}],"collection":[{"href":"https:\/\/uj.adatbank.ro\/lexikon\/wp-json\/wp\/v2\/product"}],"about":[{"href":"https:\/\/uj.adatbank.ro\/lexikon\/wp-json\/wp\/v2\/types\/product"}],"replies":[{"embeddable":true,"href":"https:\/\/uj.adatbank.ro\/lexikon\/wp-json\/wp\/v2\/comments?post=9551"}],"wp:attachment":[{"href":"https:\/\/uj.adatbank.ro\/lexikon\/wp-json\/wp\/v2\/media?parent=9551"}],"wp:term":[{"taxonomy":"product_brand","embeddable":true,"href":"https:\/\/uj.adatbank.ro\/lexikon\/wp-json\/wp\/v2\/product_brand?post=9551"},{"taxonomy":"product_cat","embeddable":true,"href":"https:\/\/uj.adatbank.ro\/lexikon\/wp-json\/wp\/v2\/product_cat?post=9551"},{"taxonomy":"product_tag","embeddable":true,"href":"https:\/\/uj.adatbank.ro\/lexikon\/wp-json\/wp\/v2\/product_tag?post=9551"}],"curies":[{"name":"wp","href":"https:\/\/api.w.org\/{rel}","templated":true}]}}

HALLER Pál, hallerkői gr., fehéregyházi ág

<p>1718. jún. 12., † 1794.: királybíró, főispán. – H. László (1697–1719) és Árva Bethlen Kata fia. Felesége Haller Zsuzsánna (1729–). Fiúk: Zsigmond (†1803). – Csík-, Gyergyó- és Kászonszék főkirálybírája (1758–61), majd Fehér vm. főispánja. <br /><strong>Irod.:</strong> Álló- és mozgóképek; Árva Bethlen K.; [Corneli, Joannes]: Opusculum polemicum adversus late, praesertim inter politicos. grassantem. indifferentismum. a quodam doctore elaboratorum, honoribus. Pauli Haller de Hallerkő dum in Academia Claudiopolitana promotore Georgio Daroczi. philosophiae laurea, insignirentur. dicatum. (Claudopoli, 1735); Bozac-Pavel; Gudenus; Pál-Antal 2002; RMK; SzOkl, 6; Trócsányi 1988; Veress</br></p>

<p>1718. jún. 12., † 1794.: királybíró, főispán. – H. László (1697–1719) és Árva Bethlen Kata fia. Felesége Haller Zsuzsánna (1729–). Fiúk: Zsigmond (†1803). – Csík-, Gyergyó- és Kászonszék főkirálybírája (1758–61), majd Fehér vm. főispánja. Irod.: Álló- és mozgóképek; Árva Bethlen K.; [Corneli, Joannes]: Opusculum polemicum adversus late, praesertim inter politicos. grassantem. indifferentismum. a quodam doctore [&hellip;]</p>
