{"id":9555,"date":"2025-06-29T12:48:58","date_gmt":"2025-06-29T10:48:58","guid":{"rendered":"https:\/\/uj.adatbank.ro\/lexikon\/termek\/haller-zsigmond-hallerkoi-gr-feheregyhazi-ag\/"},"modified":"2025-06-29T12:48:58","modified_gmt":"2025-06-29T10:48:58","slug":"haller-zsigmond-hallerkoi-gr-feheregyhazi-ag","status":"publish","type":"product","link":"https:\/\/uj.adatbank.ro\/lexikon\/termek\/haller-zsigmond-hallerkoi-gr-feheregyhazi-ag\/","title":{"rendered":"HALLER Zsigmond, hallerk\u0151i gr., feh\u00e9regyh\u00e1zi \u00e1g"},"content":{"rendered":"<p>1595. aug. 23., \u2020 Feh\u00e9regyh\u00e1za, 1626. ut\u00e1n, temetve a bethleni v\u00e1rban.: isp\u00e1n. \u2013 G\u00e1bor \u00e9s Bocskay Ilona fia. Feles\u00e9ge: Kendi Krisztina. L\u00e1nya Anna. \u2013 Bels\u0151-Szolnok vm. isp\u00e1nja, az erd\u00e9lyi fejedelem famili\u00e1risa. V\u00e9grendelet\u00e9t fiatalon \u00edrta, Feh\u00e9regyh\u00e1z\u00e1n (1626. jan. 20.). \u00dagy rendelkezett, hogy Bethlen v\u00e1r\u00e1t, a feh\u00e9regyh\u00e1zi kast\u00e9lyt, udvarh\u00e1zait a hozz\u00e1 tartoz\u00f3 birtokokkal feles\u00e9g\u00e9re hagyta, de ha \u00fajra f\u00e9rjhezmenne a bethleni v\u00e1r \u00e9s a feh\u00e9regyh\u00e1zi kast\u00e9ly a Hallerek birtok\u00e1ban maradjon. Feh\u00e9regyh\u00e1z\u00e1n a Bethleni Szt. Farkas k\u00e1poln\u00e1t \u00e9p\u00edtetette, \u00e9s \u00fagy rendelkezett, hogy oda temess\u00e9k. \u2013 Irod.: Erd\u00e9lyi testamentumok, 3.<\/br><\/p>\n","protected":false},"excerpt":{"rendered":"<p>1595. aug. 23., \u2020 Feh\u00e9regyh\u00e1za, 1626. ut\u00e1n, temetve a bethleni v\u00e1rban.: isp\u00e1n. \u2013 G\u00e1bor \u00e9s Bocskay Ilona fia. Feles\u00e9ge: Kendi Krisztina. L\u00e1nya Anna. \u2013 Bels\u0151-Szolnok vm. isp\u00e1nja, az erd\u00e9lyi fejedelem famili\u00e1risa. V\u00e9grendelet\u00e9t fiatalon \u00edrta, Feh\u00e9regyh\u00e1z\u00e1n (1626. jan. 20.). \u00dagy rendelkezett, hogy Bethlen v\u00e1r\u00e1t, a feh\u00e9regyh\u00e1zi kast\u00e9lyt, udvarh\u00e1zait a hozz\u00e1 tartoz\u00f3 birtokokkal feles\u00e9g\u00e9re hagyta, de ha [&hellip;]<\/p>\n","protected":false},"featured_media":0,"comment_status":"open","ping_status":"closed","template":"","meta":[],"product_brand":[],"product_cat":[137],"product_tag":[],"class_list":{"0":"post-9555","1":"product","2":"type-product","3":"status-publish","5":"product_cat-maros-megyei-eletrajzi-lexikon","7":"first","8":"instock","9":"shipping-taxable","10":"product-type-simple"},"_links":{"self":[{"href":"https:\/\/uj.adatbank.ro\/lexikon\/wp-json\/wp\/v2\/product\/9555","targetHints":{"allow":["GET"]}}],"collection":[{"href":"https:\/\/uj.adatbank.ro\/lexikon\/wp-json\/wp\/v2\/product"}],"about":[{"href":"https:\/\/uj.adatbank.ro\/lexikon\/wp-json\/wp\/v2\/types\/product"}],"replies":[{"embeddable":true,"href":"https:\/\/uj.adatbank.ro\/lexikon\/wp-json\/wp\/v2\/comments?post=9555"}],"wp:attachment":[{"href":"https:\/\/uj.adatbank.ro\/lexikon\/wp-json\/wp\/v2\/media?parent=9555"}],"wp:term":[{"taxonomy":"product_brand","embeddable":true,"href":"https:\/\/uj.adatbank.ro\/lexikon\/wp-json\/wp\/v2\/product_brand?post=9555"},{"taxonomy":"product_cat","embeddable":true,"href":"https:\/\/uj.adatbank.ro\/lexikon\/wp-json\/wp\/v2\/product_cat?post=9555"},{"taxonomy":"product_tag","embeddable":true,"href":"https:\/\/uj.adatbank.ro\/lexikon\/wp-json\/wp\/v2\/product_tag?post=9555"}],"curies":[{"name":"wp","href":"https:\/\/api.w.org\/{rel}","templated":true}]}}

HALLER Zsigmond, hallerkői gr., fehéregyházi ág

<p>1595. aug. 23., † Fehéregyháza, 1626. után, temetve a bethleni várban.: ispán. – Gábor és Bocskay Ilona fia. Felesége: Kendi Krisztina. Lánya Anna. – Belső-Szolnok vm. ispánja, az erdélyi fejedelem familiárisa. Végrendeletét fiatalon írta, Fehéregyházán (1626. jan. 20.). Úgy rendelkezett, hogy Bethlen várát, a fehéregyházi kastélyt, udvarházait a hozzá tartozó birtokokkal feleségére hagyta, de ha újra férjhezmenne a bethleni vár és a fehéregyházi kastély a Hallerek birtokában maradjon. Fehéregyházán a Bethleni Szt. Farkas kápolnát építetette, és úgy rendelkezett, hogy oda temessék. – Irod.: Erdélyi testamentumok, 3.</br></p>

<p>1595. aug. 23., † Fehéregyháza, 1626. után, temetve a bethleni várban.: ispán. – Gábor és Bocskay Ilona fia. Felesége: Kendi Krisztina. Lánya Anna. – Belső-Szolnok vm. ispánja, az erdélyi fejedelem familiárisa. Végrendeletét fiatalon írta, Fehéregyházán (1626. jan. 20.). Úgy rendelkezett, hogy Bethlen várát, a fehéregyházi kastélyt, udvarházait a hozzá tartozó birtokokkal feleségére hagyta, de ha [&hellip;]</p>
