{"id":9559,"date":"2025-06-29T12:49:06","date_gmt":"2025-06-29T10:49:06","guid":{"rendered":"https:\/\/uj.adatbank.ro\/lexikon\/termek\/halmagyi-antal\/"},"modified":"2025-06-29T12:49:06","modified_gmt":"2025-06-29T10:49:06","slug":"halmagyi-antal","status":"publish","type":"product","link":"https:\/\/uj.adatbank.ro\/lexikon\/termek\/halmagyi-antal\/","title":{"rendered":"HALM\u00c1GYI Antal"},"content":{"rendered":"<p>Nagyteremi, 1861., \u2020\u00a0? : rajztan\u00e1r. \u2013 A mv-i Ref. Koll.-ban tan\u00edtott rajzot \u00e9s sz\u00e9p\u00edr\u00e1st (1880-as \u00e9vek). A sz\u00e1szv\u00e1rosi ref. Kuun Koll. rajztan\u00e1ra (1893\u2013), majd a nagyenyedi Bethlen Koll. tan\u00e1ra. <strong>Cikkei:<\/strong> a Nagyenyedi Ref. Koll. \u00c9rtes\u00edt\u0151je, K\u00f6z\u00e9rdek-ben. <br \/><strong>Irod.:<\/strong> Ga\u00e1l 2001; Guly\u00e1s; A mv.-i Ev. Ref. Koll. n\u00f6vend\u00e9keivel tett tanulm\u00e1nyi \u00fat le\u00edr\u00e1sa (Mv., 1890)<\/br><\/p>\n","protected":false},"excerpt":{"rendered":"<p>Nagyteremi, 1861., \u2020\u00a0? : rajztan\u00e1r. \u2013 A mv-i Ref. Koll.-ban tan\u00edtott rajzot \u00e9s sz\u00e9p\u00edr\u00e1st (1880-as \u00e9vek). A sz\u00e1szv\u00e1rosi ref. Kuun Koll. rajztan\u00e1ra (1893\u2013), majd a nagyenyedi Bethlen Koll. tan\u00e1ra. Cikkei: a Nagyenyedi Ref. Koll. \u00c9rtes\u00edt\u0151je, K\u00f6z\u00e9rdek-ben. Irod.: Ga\u00e1l 2001; Guly\u00e1s; A mv.-i Ev. Ref. Koll. n\u00f6vend\u00e9keivel tett tanulm\u00e1nyi \u00fat le\u00edr\u00e1sa (Mv., 1890)<\/p>\n","protected":false},"featured_media":0,"comment_status":"open","ping_status":"closed","template":"","meta":[],"product_brand":[],"product_cat":[137],"product_tag":[],"class_list":{"0":"post-9559","1":"product","2":"type-product","3":"status-publish","5":"product_cat-maros-megyei-eletrajzi-lexikon","7":"first","8":"instock","9":"shipping-taxable","10":"product-type-simple"},"_links":{"self":[{"href":"https:\/\/uj.adatbank.ro\/lexikon\/wp-json\/wp\/v2\/product\/9559","targetHints":{"allow":["GET"]}}],"collection":[{"href":"https:\/\/uj.adatbank.ro\/lexikon\/wp-json\/wp\/v2\/product"}],"about":[{"href":"https:\/\/uj.adatbank.ro\/lexikon\/wp-json\/wp\/v2\/types\/product"}],"replies":[{"embeddable":true,"href":"https:\/\/uj.adatbank.ro\/lexikon\/wp-json\/wp\/v2\/comments?post=9559"}],"wp:attachment":[{"href":"https:\/\/uj.adatbank.ro\/lexikon\/wp-json\/wp\/v2\/media?parent=9559"}],"wp:term":[{"taxonomy":"product_brand","embeddable":true,"href":"https:\/\/uj.adatbank.ro\/lexikon\/wp-json\/wp\/v2\/product_brand?post=9559"},{"taxonomy":"product_cat","embeddable":true,"href":"https:\/\/uj.adatbank.ro\/lexikon\/wp-json\/wp\/v2\/product_cat?post=9559"},{"taxonomy":"product_tag","embeddable":true,"href":"https:\/\/uj.adatbank.ro\/lexikon\/wp-json\/wp\/v2\/product_tag?post=9559"}],"curies":[{"name":"wp","href":"https:\/\/api.w.org\/{rel}","templated":true}]}}