{"id":9562,"date":"2025-06-29T12:49:11","date_gmt":"2025-06-29T10:49:11","guid":{"rendered":"https:\/\/uj.adatbank.ro\/lexikon\/termek\/halmagyi-g-mihaly-halmagyi-halmagyi-mihaly\/"},"modified":"2025-06-29T12:49:11","modified_gmt":"2025-06-29T10:49:11","slug":"halmagyi-g-mihaly-halmagyi-halmagyi-mihaly","status":"publish","type":"product","link":"https:\/\/uj.adatbank.ro\/lexikon\/termek\/halmagyi-g-mihaly-halmagyi-halmagyi-mihaly\/","title":{"rendered":"HALM\u00c1GYI G. Mih\u00e1ly, halm\u00e1gyi, Halm\u00e1gyi Mih\u00e1ly"},"content":{"rendered":"<p>? \u2020\u00a0? : kur\u00e1tor, esk\u00fcdt polg\u00e1r, f\u0151b\u00edr\u00f3. \u2013 Esk\u00fcdt polg\u00e1r, not\u00e1rius (1688). Mv.-en f\u0151b\u00edr\u00f3ja (1693, 1694, 1698). A ref. egyh\u00e1zk\u00f6zs\u00e9g gondnoka (1699). Szolg\u00e1lata idej\u00e9ben \u00e9p\u00fclt gr. Teleki Mih\u00e1lyn\u00e9, Ve\u00e9r Judit adom\u00e1ny\u00e1b\u00f3l, a Ref. Temet\u0151 ravataloz\u00f3ja (cinterme), kiz\u00e1r\u00f3lag cseref\u00e1b\u00f3l, vasszegek n\u00e9lk\u00fcl, csak fak\u00f6t\u00e9sekkel \u00e9s faszegekkel \u00e1ll\u00edtott\u00e1k fel, amely ma Erd\u00e9ly legr\u00e9gebbi ilyen \u00e9p\u00edtm\u00e9nye (1698). <br \/><strong>Irod.:<\/strong> Fodor\u2013Bal\u00e1s; Id\u0151t\u00e1r 1; Keresztes Gyula: Ravataloz\u00f3 \u00e9p\u00fclet (N\u00fa., 1990. aug. 17.); P\u00e1l-Antal 2006; P\u00e1lmay J\u00f3zsef; SzOkl, 6.<\/br><\/p>\n","protected":false},"excerpt":{"rendered":"<p>? \u2020\u00a0? : kur\u00e1tor, esk\u00fcdt polg\u00e1r, f\u0151b\u00edr\u00f3. \u2013 Esk\u00fcdt polg\u00e1r, not\u00e1rius (1688). Mv.-en f\u0151b\u00edr\u00f3ja (1693, 1694, 1698). A ref. egyh\u00e1zk\u00f6zs\u00e9g gondnoka (1699). Szolg\u00e1lata idej\u00e9ben \u00e9p\u00fclt gr. Teleki Mih\u00e1lyn\u00e9, Ve\u00e9r Judit adom\u00e1ny\u00e1b\u00f3l, a Ref. Temet\u0151 ravataloz\u00f3ja (cinterme), kiz\u00e1r\u00f3lag cseref\u00e1b\u00f3l, vasszegek n\u00e9lk\u00fcl, csak fak\u00f6t\u00e9sekkel \u00e9s faszegekkel \u00e1ll\u00edtott\u00e1k fel, amely ma Erd\u00e9ly legr\u00e9gebbi ilyen \u00e9p\u00edtm\u00e9nye (1698). Irod.: Fodor\u2013Bal\u00e1s; [&hellip;]<\/p>\n","protected":false},"featured_media":0,"comment_status":"open","ping_status":"closed","template":"","meta":[],"product_brand":[],"product_cat":[137],"product_tag":[],"class_list":{"0":"post-9562","1":"product","2":"type-product","3":"status-publish","5":"product_cat-maros-megyei-eletrajzi-lexikon","7":"first","8":"instock","9":"shipping-taxable","10":"product-type-simple"},"_links":{"self":[{"href":"https:\/\/uj.adatbank.ro\/lexikon\/wp-json\/wp\/v2\/product\/9562","targetHints":{"allow":["GET"]}}],"collection":[{"href":"https:\/\/uj.adatbank.ro\/lexikon\/wp-json\/wp\/v2\/product"}],"about":[{"href":"https:\/\/uj.adatbank.ro\/lexikon\/wp-json\/wp\/v2\/types\/product"}],"replies":[{"embeddable":true,"href":"https:\/\/uj.adatbank.ro\/lexikon\/wp-json\/wp\/v2\/comments?post=9562"}],"wp:attachment":[{"href":"https:\/\/uj.adatbank.ro\/lexikon\/wp-json\/wp\/v2\/media?parent=9562"}],"wp:term":[{"taxonomy":"product_brand","embeddable":true,"href":"https:\/\/uj.adatbank.ro\/lexikon\/wp-json\/wp\/v2\/product_brand?post=9562"},{"taxonomy":"product_cat","embeddable":true,"href":"https:\/\/uj.adatbank.ro\/lexikon\/wp-json\/wp\/v2\/product_cat?post=9562"},{"taxonomy":"product_tag","embeddable":true,"href":"https:\/\/uj.adatbank.ro\/lexikon\/wp-json\/wp\/v2\/product_tag?post=9562"}],"curies":[{"name":"wp","href":"https:\/\/api.w.org\/{rel}","templated":true}]}}

HALMÁGYI G. Mihály, halmágyi, Halmágyi Mihály

<p>? † ? : kurátor, esküdt polgár, főbíró. – Esküdt polgár, notárius (1688). Mv.-en főbírója (1693, 1694, 1698). A ref. egyházközség gondnoka (1699). Szolgálata idejében épült gr. Teleki Mihályné, Veér Judit adományából, a Ref. Temető ravatalozója (cinterme), kizárólag cserefából, vasszegek nélkül, csak fakötésekkel és faszegekkel állították fel, amely ma Erdély legrégebbi ilyen építménye (1698). <br /><strong>Irod.:</strong> Fodor–Balás; Időtár 1; Keresztes Gyula: Ravatalozó épület (Nú., 1990. aug. 17.); Pál-Antal 2006; Pálmay József; SzOkl, 6.</br></p>

<p>? † ? : kurátor, esküdt polgár, főbíró. – Esküdt polgár, notárius (1688). Mv.-en főbírója (1693, 1694, 1698). A ref. egyházközség gondnoka (1699). Szolgálata idejében épült gr. Teleki Mihályné, Veér Judit adományából, a Ref. Temető ravatalozója (cinterme), kizárólag cserefából, vasszegek nélkül, csak fakötésekkel és faszegekkel állították fel, amely ma Erdély legrégebbi ilyen építménye (1698). Irod.: Fodor–Balás; [&hellip;]</p>
