{"id":9566,"date":"2025-06-29T12:49:24","date_gmt":"2025-06-29T10:49:24","guid":{"rendered":"https:\/\/uj.adatbank.ro\/lexikon\/termek\/halmagyi-istvan-szilagysomlyoi\/"},"modified":"2025-06-29T12:49:24","modified_gmt":"2025-06-29T10:49:24","slug":"halmagyi-istvan-szilagysomlyoi","status":"publish","type":"product","link":"https:\/\/uj.adatbank.ro\/lexikon\/termek\/halmagyi-istvan-szilagysomlyoi\/","title":{"rendered":"HALM\u00c1GYI Istv\u00e1n, szil\u00e1gysomly\u00f3i"},"content":{"rendered":"<p>Szil\u00e1gysomly\u00f3, 1719., \u2020 Kily\u00e9n (Kov.), 1785. m\u00e1j. 1.: marossz\u00e9ki adminisztr\u00e1tor, f\u0151kir\u00e1lyb\u00edr\u00f3, f\u0151isp\u00e1n, napl\u00f3\u00edr\u00f3. \u2013 \u00c9desapja Istv\u00e1n (1686) Szov\u00e1ta f\u00fcrd\u0151 els\u0151 \u00edr\u00e1sos eml\u00edt\u0151je. Fia: Istv\u00e1n, Fogarasi Papp J\u00f3zsef tan\u00e1r hal\u00e1l\u00e1ra gy\u00e1szverset \u00edrt. \u2013 Tanult a kv.-i Ref. Koll.-ban (1740-ig), az erd\u00e9lyi f\u0151korm\u00e1nysz\u00e9kn\u00e9l \u00edrnok (1740\u2013). Gr. Teleki P\u00e1l k\u00eds\u00e9r\u0151jek\u00e9nt t\u00f6bb n\u00e9met egyetemi v\u00e1rosban (legtov\u00e1bb G\u00f6ttingenben) id\u0151z\u00f6tt; ekkor \u00edrt napl\u00f3j\u00e1ban sz\u00e1mos m\u0171vel\u0151d\u00e9st\u00f6rt\u00e9neti \u00e9s n\u00e9prajzi \u00e9rdekess\u00e9get \u00f6r\u00f6k\u00edtett meg\u00a0(1752\u201353). Az erd\u00e9lyi f\u0151korm\u00e1nysz\u00e9k szolg\u00e1lat\u00e1ba \u00e1llt mint regisztr\u00e1tor (1753\u2013), titk\u00e1r (1762\u2013), r\u00e9szt vett a sz\u00e9kely hat\u00e1r\u0151rs\u00e9g szervez\u00e9s\u00e9t int\u00e9z\u0151 bizotts\u00e1gban (1763\u201364), majd az erd\u00e9lyi kir. t\u00e1bla \u00fcln\u00f6ke\u00a0(1772\u2013), Marossz\u00e9k f\u0151kir\u00e1lyb\u00edr\u00f3ja (1768\u201384), kir. udvarmester (1781\u2013). Lemondott marossz\u00e9ki f\u0151kir\u00e1lyb\u00edr\u00f3i tiszts\u00e9g\u00e9r\u0151l \u00e9s H\u00e1romsz\u00e9k vm. f\u0151isp\u00e1nja lett (1784). A Horea-Clo\u015fca l\u00e1zad\u00e1s kezdet\u00e9n a f\u0151korm\u00e1nysz\u00e9k, korm\u00e1nybiztosk\u00e9nt, Als\u00f3-Feh\u00e9r megy\u00e9be k\u00fcldte a n\u00e9p lecsillap\u00edt\u00e1s\u00e1ra. A felkel\u00e9s okait vizsg\u00e1l\u00f3 jelent\u00e9sei fon\u00adtos t\u00f6rt. forr\u00e1sok. A mv.-i Ref. Koll. -n\u00e1l 1000 frt. alap\u00edtv\u00e1nyt tett, hogy abb\u00f3l elszeg\u00e9nyedett vagy \u00e1rva nemes ifjak k\u00f6z\u00f6tt ossz\u00e1k sz\u00e9t annak kamatait. Az ogy. -r\u0151l vezetett napl\u00f3ja csak t\u00f6red\u00e9kekben maradt fenn. Napl\u00f3j\u00e1ban az erd\u00e9lyi k\u00f6z\u00e1llapotokat, a nemzetis\u00e9gi \u00e9s vall\u00e1si ellent\u00e9tek \u00e9lez\u0151d\u00e9s\u00e9t mutatta be (1762\u201369). K\u00e9t napl\u00f3ja maradt fenn. \u2013 <strong>F. m.:<\/strong> H. I. napl\u00f3i 1752\u201353, 1762\u201369, \u00e9s Iratai 1769\u20131785 (Magyar t\u00f6rt\u00e9nelmi \u00e9vk\u00f6nyvek \u00e9s napl\u00f3k a XVI-XVIII sz\u00e1zadokb\u00f3l. Sajt\u00f3 al\u00e1 rendezte Sz\u00e1deczky Lajos. Bp., 1906); [B\u00e9csi tart\u00f3zko\u00add\u00e1s\u00e1r\u00f3l] (B\u00e9csi utaz\u00e1sok, 17\u201318. sz.-i \u00fatinapl\u00f3k. Szerk., jegyz. S. S\u00e1rdi Margit. Bp., 2001); <strong>antol\u00f3g.:<\/strong> Az ol\u00e1h \u00e9s sz\u00e9kely hat\u00e1r\u00f6rs\u00e9g fel\u00e1ll\u00edt\u00e1sa  =  Erd\u00e9ly \u00f6r\u00f6ks\u00e9ge (Bp., 1941\u201342). <br \/><strong>Irod.:<\/strong> Bozac-Pavel; Erd\u00e9ly \u00f6r\u00f6ks\u00e9ge (Bp., 1941\u201342); Horv\u00e1th Mih\u00e1ly: Mo. t\u00f6rt\u00e9nelme. 7. k\u00f6t. (Bp., 1871\u201373); Id\u0151t\u00e1r 1., 5 \/1.; Jak\u00f3 1976; Kov\u00e1sznai; Kr\u00f3n F\u00fcz. (1939. 4\/9); M. t\u00f6rt. \u00e9vk. napl\u00f3k 4.; M\u00c9L; P\u00e1l-Antal 2002; RNL; \u00daM\u00c9L<\/br><\/p>\n","protected":false},"excerpt":{"rendered":"<p>Szil\u00e1gysomly\u00f3, 1719., \u2020 Kily\u00e9n (Kov.), 1785. m\u00e1j. 1.: marossz\u00e9ki adminisztr\u00e1tor, f\u0151kir\u00e1lyb\u00edr\u00f3, f\u0151isp\u00e1n, napl\u00f3\u00edr\u00f3. \u2013 \u00c9desapja Istv\u00e1n (1686) Szov\u00e1ta f\u00fcrd\u0151 els\u0151 \u00edr\u00e1sos eml\u00edt\u0151je. Fia: Istv\u00e1n, Fogarasi Papp J\u00f3zsef tan\u00e1r hal\u00e1l\u00e1ra gy\u00e1szverset \u00edrt. \u2013 Tanult a kv.-i Ref. Koll.-ban (1740-ig), az erd\u00e9lyi f\u0151korm\u00e1nysz\u00e9kn\u00e9l \u00edrnok (1740\u2013). Gr. Teleki P\u00e1l k\u00eds\u00e9r\u0151jek\u00e9nt t\u00f6bb n\u00e9met egyetemi v\u00e1rosban (legtov\u00e1bb G\u00f6ttingenben) id\u0151z\u00f6tt; ekkor [&hellip;]<\/p>\n","protected":false},"featured_media":0,"comment_status":"open","ping_status":"closed","template":"","meta":[],"product_brand":[],"product_cat":[137],"product_tag":[],"class_list":{"0":"post-9566","1":"product","2":"type-product","3":"status-publish","5":"product_cat-maros-megyei-eletrajzi-lexikon","7":"first","8":"instock","9":"shipping-taxable","10":"product-type-simple"},"_links":{"self":[{"href":"https:\/\/uj.adatbank.ro\/lexikon\/wp-json\/wp\/v2\/product\/9566","targetHints":{"allow":["GET"]}}],"collection":[{"href":"https:\/\/uj.adatbank.ro\/lexikon\/wp-json\/wp\/v2\/product"}],"about":[{"href":"https:\/\/uj.adatbank.ro\/lexikon\/wp-json\/wp\/v2\/types\/product"}],"replies":[{"embeddable":true,"href":"https:\/\/uj.adatbank.ro\/lexikon\/wp-json\/wp\/v2\/comments?post=9566"}],"wp:attachment":[{"href":"https:\/\/uj.adatbank.ro\/lexikon\/wp-json\/wp\/v2\/media?parent=9566"}],"wp:term":[{"taxonomy":"product_brand","embeddable":true,"href":"https:\/\/uj.adatbank.ro\/lexikon\/wp-json\/wp\/v2\/product_brand?post=9566"},{"taxonomy":"product_cat","embeddable":true,"href":"https:\/\/uj.adatbank.ro\/lexikon\/wp-json\/wp\/v2\/product_cat?post=9566"},{"taxonomy":"product_tag","embeddable":true,"href":"https:\/\/uj.adatbank.ro\/lexikon\/wp-json\/wp\/v2\/product_tag?post=9566"}],"curies":[{"name":"wp","href":"https:\/\/api.w.org\/{rel}","templated":true}]}}

HALMÁGYI István, szilágysomlyói

<p>Szilágysomlyó, 1719., † Kilyén (Kov.), 1785. máj. 1.: marosszéki adminisztrátor, főkirálybíró, főispán, naplóíró. – Édesapja István (1686) Szováta fürdő első írásos említője. Fia: István, Fogarasi Papp József tanár halálára gyászverset írt. – Tanult a kv.-i Ref. Koll.-ban (1740-ig), az erdélyi főkormányszéknél írnok (1740–). Gr. Teleki Pál kísérőjeként több német egyetemi városban (legtovább Göttingenben) időzött; ekkor írt naplójában számos művelődéstörténeti és néprajzi érdekességet örökített meg (1752–53). Az erdélyi főkormányszék szolgálatába állt mint regisztrátor (1753–), titkár (1762–), részt vett a székely határőrség szervezését intéző bizottságban (1763–64), majd az erdélyi kir. tábla ülnöke (1772–), Marosszék főkirálybírója (1768–84), kir. udvarmester (1781–). Lemondott marosszéki főkirálybírói tisztségéről és Háromszék vm. főispánja lett (1784). A Horea-Cloşca lázadás kezdetén a főkormányszék, kormánybiztosként, Alsó-Fehér megyébe küldte a nép lecsillapítására. A felkelés okait vizsgáló jelentései fon­tos tört. források. A mv.-i Ref. Koll. -nál 1000 frt. alapítványt tett, hogy abból elszegényedett vagy árva nemes ifjak között osszák szét annak kamatait. Az ogy. -ről vezetett naplója csak töredékekben maradt fenn. Naplójában az erdélyi közállapotokat, a nemzetiségi és vallási ellentétek éleződését mutatta be (1762–69). Két naplója maradt fenn. – <strong>F. m.:</strong> H. I. naplói 1752–53, 1762–69, és Iratai 1769–1785 (Magyar történelmi évkönyvek és naplók a XVI-XVIII századokból. Sajtó alá rendezte Szádeczky Lajos. Bp., 1906); [Bécsi tartózko­dásáról] (Bécsi utazások, 17–18. sz.-i útinaplók. Szerk., jegyz. S. Sárdi Margit. Bp., 2001); <strong>antológ.:</strong> Az oláh és székely határörség felállítása  =  Erdély öröksége (Bp., 1941–42). <br /><strong>Irod.:</strong> Bozac-Pavel; Erdély öröksége (Bp., 1941–42); Horváth Mihály: Mo. történelme. 7. köt. (Bp., 1871–73); Időtár 1., 5 /1.; Jakó 1976; Kovásznai; Krón Füz. (1939. 4/9); M. tört. évk. naplók 4.; MÉL; Pál-Antal 2002; RNL; ÚMÉL</br></p>

<p>Szilágysomlyó, 1719., † Kilyén (Kov.), 1785. máj. 1.: marosszéki adminisztrátor, főkirálybíró, főispán, naplóíró. – Édesapja István (1686) Szováta fürdő első írásos említője. Fia: István, Fogarasi Papp József tanár halálára gyászverset írt. – Tanult a kv.-i Ref. Koll.-ban (1740-ig), az erdélyi főkormányszéknél írnok (1740–). Gr. Teleki Pál kísérőjeként több német egyetemi városban (legtovább Göttingenben) időzött; ekkor [&hellip;]</p>
