{"id":9568,"date":"2025-06-29T12:49:29","date_gmt":"2025-06-29T10:49:29","guid":{"rendered":"https:\/\/uj.adatbank.ro\/lexikon\/termek\/halmagyi-janos\/"},"modified":"2025-06-29T12:49:29","modified_gmt":"2025-06-29T10:49:29","slug":"halmagyi-janos","status":"publish","type":"product","link":"https:\/\/uj.adatbank.ro\/lexikon\/termek\/halmagyi-janos\/","title":{"rendered":"HALM\u00c1GYI J\u00e1nos"},"content":{"rendered":"<p>Torda, 1884., \u2020\u00a0Mv., 1968. nov. 26.: unit. esperes. \u2013 Feles\u00e9ge: Kelemen Anna, az Unit. N\u0151sz\u00f6vets\u00e9g aleln\u00f6ke volt. \u2013 A k\u00f6z\u00e9piskol\u00e1t \u00e9s a teol\u00f3gi\u00e1t Kv.-on v\u00e9gezte, (1905), majd unit. papp\u00e1 szentelt\u00e9k (1907). Lelk\u00e9sz Vadadon (1905\u201312), Ny\u00e1r\u00e1dg\u00e1lfalv\u00e1n (1912\u20131926). Mv.-en esperes- lelk\u00e9sz (1926\u201354), javaslat\u00e1ra \u00e9p\u00edtett\u00e9k fel a mv.-i unit. templomot, Patrovits K\u00e1lm\u00e1n tervei alapj\u00e1n, neog\u00f3tikus st\u00edlusban, Bustya Lajos \u00e9p\u00edt\u0151mester, v\u00e1llalkoz\u00f3 vezet\u00e9s\u00e9vel, dr. Borsos Gy\u00f6rgy p\u00fcsp\u00f6k, valamint dr. Ferenczi G\u00e9za, dr. Szent-Iv\u00e1nyi J\u00f3zsef f\u0151gondnokok idej\u00e9ben (1929\u201330, Bolyai u., 13. sz.). A D\u00e1vid Ferenc Egyh. Egylet int\u00e9z\u0151bizotts\u00e1gi tagja, az Egyetemes Unit. Lelk\u00e9szk\u00f6r aleln\u00f6ke. A M. Rendfenntart\u00f3 Bizotts\u00e1g tagja (1940. aug.). A Mv.-i M. Kir. \u00c1llami Tan\u00edt\u00f3k\u00e9pz\u0151 Int\u00e9zet \u00e9s L\u00edc.-ban hittant tan\u00edtott (1943\u201344). Az OMP helyi tagozata int\u00e9z\u0151bizotts\u00e1g\u00e1nak tagja (1932). A megy\u00e9t k\u00e9pvisel\u0151 fels\u0151h\u00e1zi p\u00f3ttag (1942). \u00cdr\u00e1sai jelentek meg az Unit\u00e1rius K\u00f6zl\u00f6nyben. \u2013 <strong>F. m.:<\/strong> A vadadi unit\u00e1rius anyaegyh\u00e1zk\u00f6zs\u00e9g t\u00f6rt\u00e9nete (K\u00e9zirat, 1910).; Gy\u00e1szbesz\u00e9d \u00dcrm\u00f6si Margit kopors\u00f3j\u00e1n\u00e1l (Homor\u00f3dalm\u00e1s, 1914). <br \/><strong>Irod.:<\/strong> Berekm\u00e9ri 2015; Cs\u00e1ky; Cs\u00edkfalva; EM; Ga\u00e1l 2001; Guly\u00e1s; Id\u0151t\u00e1r 3., 4.; Ki kicsoda\u00a0?; Man: Tg. M., 3; Maros megye; A mo.-i Unit. Egyh\u00e1z F\u0151tan\u00e1cs\u00e1nak 1912. okt. 27\u201329 Kv.-on tartott gy\u0171l\u00e9s\u00e9nek jegyz\u0151k\u00f6nyve (Kv., 1912); Mv. Molter; Szab\u00f3 K. Attila; Zov\u00e1nyi<\/br><\/p>\n","protected":false},"excerpt":{"rendered":"<p>Torda, 1884., \u2020\u00a0Mv., 1968. nov. 26.: unit. esperes. \u2013 Feles\u00e9ge: Kelemen Anna, az Unit. N\u0151sz\u00f6vets\u00e9g aleln\u00f6ke volt. \u2013 A k\u00f6z\u00e9piskol\u00e1t \u00e9s a teol\u00f3gi\u00e1t Kv.-on v\u00e9gezte, (1905), majd unit. papp\u00e1 szentelt\u00e9k (1907). Lelk\u00e9sz Vadadon (1905\u201312), Ny\u00e1r\u00e1dg\u00e1lfalv\u00e1n (1912\u20131926). Mv.-en esperes- lelk\u00e9sz (1926\u201354), javaslat\u00e1ra \u00e9p\u00edtett\u00e9k fel a mv.-i unit. templomot, Patrovits K\u00e1lm\u00e1n tervei alapj\u00e1n, neog\u00f3tikus st\u00edlusban, Bustya Lajos [&hellip;]<\/p>\n","protected":false},"featured_media":0,"comment_status":"open","ping_status":"closed","template":"","meta":[],"product_brand":[],"product_cat":[137],"product_tag":[],"class_list":{"0":"post-9568","1":"product","2":"type-product","3":"status-publish","5":"product_cat-maros-megyei-eletrajzi-lexikon","7":"first","8":"instock","9":"shipping-taxable","10":"product-type-simple"},"_links":{"self":[{"href":"https:\/\/uj.adatbank.ro\/lexikon\/wp-json\/wp\/v2\/product\/9568","targetHints":{"allow":["GET"]}}],"collection":[{"href":"https:\/\/uj.adatbank.ro\/lexikon\/wp-json\/wp\/v2\/product"}],"about":[{"href":"https:\/\/uj.adatbank.ro\/lexikon\/wp-json\/wp\/v2\/types\/product"}],"replies":[{"embeddable":true,"href":"https:\/\/uj.adatbank.ro\/lexikon\/wp-json\/wp\/v2\/comments?post=9568"}],"wp:attachment":[{"href":"https:\/\/uj.adatbank.ro\/lexikon\/wp-json\/wp\/v2\/media?parent=9568"}],"wp:term":[{"taxonomy":"product_brand","embeddable":true,"href":"https:\/\/uj.adatbank.ro\/lexikon\/wp-json\/wp\/v2\/product_brand?post=9568"},{"taxonomy":"product_cat","embeddable":true,"href":"https:\/\/uj.adatbank.ro\/lexikon\/wp-json\/wp\/v2\/product_cat?post=9568"},{"taxonomy":"product_tag","embeddable":true,"href":"https:\/\/uj.adatbank.ro\/lexikon\/wp-json\/wp\/v2\/product_tag?post=9568"}],"curies":[{"name":"wp","href":"https:\/\/api.w.org\/{rel}","templated":true}]}}

HALMÁGYI János

<p>Torda, 1884., † Mv., 1968. nov. 26.: unit. esperes. – Felesége: Kelemen Anna, az Unit. Nőszövetség alelnöke volt. – A középiskolát és a teológiát Kv.-on végezte, (1905), majd unit. pappá szentelték (1907). Lelkész Vadadon (1905–12), Nyárádgálfalván (1912–1926). Mv.-en esperes- lelkész (1926–54), javaslatára építették fel a mv.-i unit. templomot, Patrovits Kálmán tervei alapján, neogótikus stílusban, Bustya Lajos építőmester, vállalkozó vezetésével, dr. Borsos György püspök, valamint dr. Ferenczi Géza, dr. Szent-Iványi József főgondnokok idejében (1929–30, Bolyai u., 13. sz.). A Dávid Ferenc Egyh. Egylet intézőbizottsági tagja, az Egyetemes Unit. Lelkészkör alelnöke. A M. Rendfenntartó Bizottság tagja (1940. aug.). A Mv.-i M. Kir. Állami Tanítóképző Intézet és Líc.-ban hittant tanított (1943–44). Az OMP helyi tagozata intézőbizottságának tagja (1932). A megyét képviselő felsőházi póttag (1942). Írásai jelentek meg az Unitárius Közlönyben. – <strong>F. m.:</strong> A vadadi unitárius anyaegyházközség története (Kézirat, 1910).; Gyászbeszéd Ürmösi Margit koporsójánál (Homoródalmás, 1914). <br /><strong>Irod.:</strong> Berekméri 2015; Csáky; Csíkfalva; EM; Gaál 2001; Gulyás; Időtár 3., 4.; Ki kicsoda ?; Man: Tg. M., 3; Maros megye; A mo.-i Unit. Egyház Főtanácsának 1912. okt. 27–29 Kv.-on tartott gyűlésének jegyzőkönyve (Kv., 1912); Mv. Molter; Szabó K. Attila; Zoványi</br></p>

<p>Torda, 1884., † Mv., 1968. nov. 26.: unit. esperes. – Felesége: Kelemen Anna, az Unit. Nőszövetség alelnöke volt. – A középiskolát és a teológiát Kv.-on végezte, (1905), majd unit. pappá szentelték (1907). Lelkész Vadadon (1905–12), Nyárádgálfalván (1912–1926). Mv.-en esperes- lelkész (1926–54), javaslatára építették fel a mv.-i unit. templomot, Patrovits Kálmán tervei alapján, neogótikus stílusban, Bustya Lajos [&hellip;]</p>
