{"id":9570,"date":"2025-06-29T12:49:35","date_gmt":"2025-06-29T10:49:35","guid":{"rendered":"https:\/\/uj.adatbank.ro\/lexikon\/termek\/halmagyi-mozes-halmagyi\/"},"modified":"2025-06-29T12:49:35","modified_gmt":"2025-06-29T10:49:35","slug":"halmagyi-mozes-halmagyi","status":"publish","type":"product","link":"https:\/\/uj.adatbank.ro\/lexikon\/termek\/halmagyi-mozes-halmagyi\/","title":{"rendered":"HALM\u00c1GYI M\u00f3zes, halm\u00e1gyi"},"content":{"rendered":"<p>Nagysolymos, ? \u2020\u00a0V\u00edzakna, 1760. febr. 13.: r. k. pap. \u2013 Kv.-on a Jezsuita Gimn. \u00e9s Akad. -\u00e1n (1724\u201328) \u00e9s Nagyszombaton (1730\u201332) tanult. Szov\u00e1ta miut\u00e1n \u0151n\u00e1ll\u00f3 r. k. egyh\u00e1zmegye lett (1733), els\u0151 pl\u00e9b\u00e1nosa Szov\u00e1t\u00e1nak (1734. \u00e1pr. 25. \u2013 1742), majd V\u00edzakn\u00e1n pl\u00e9b\u00e1nos hal\u00e1l\u00e1ig (1742\u201360). <br \/><strong>Irod.:<\/strong> Ferenczi S\u00e1ndor 2009; Szov\u00e1ta<\/br><\/p>\n","protected":false},"excerpt":{"rendered":"<p>Nagysolymos, ? \u2020\u00a0V\u00edzakna, 1760. febr. 13.: r. k. pap. \u2013 Kv.-on a Jezsuita Gimn. \u00e9s Akad. -\u00e1n (1724\u201328) \u00e9s Nagyszombaton (1730\u201332) tanult. Szov\u00e1ta miut\u00e1n \u0151n\u00e1ll\u00f3 r. k. egyh\u00e1zmegye lett (1733), els\u0151 pl\u00e9b\u00e1nosa Szov\u00e1t\u00e1nak (1734. \u00e1pr. 25. \u2013 1742), majd V\u00edzakn\u00e1n pl\u00e9b\u00e1nos hal\u00e1l\u00e1ig (1742\u201360). Irod.: Ferenczi S\u00e1ndor 2009; Szov\u00e1ta<\/p>\n","protected":false},"featured_media":0,"comment_status":"open","ping_status":"closed","template":"","meta":[],"product_brand":[],"product_cat":[137],"product_tag":[],"class_list":{"0":"post-9570","1":"product","2":"type-product","3":"status-publish","5":"product_cat-maros-megyei-eletrajzi-lexikon","7":"first","8":"instock","9":"shipping-taxable","10":"product-type-simple"},"_links":{"self":[{"href":"https:\/\/uj.adatbank.ro\/lexikon\/wp-json\/wp\/v2\/product\/9570","targetHints":{"allow":["GET"]}}],"collection":[{"href":"https:\/\/uj.adatbank.ro\/lexikon\/wp-json\/wp\/v2\/product"}],"about":[{"href":"https:\/\/uj.adatbank.ro\/lexikon\/wp-json\/wp\/v2\/types\/product"}],"replies":[{"embeddable":true,"href":"https:\/\/uj.adatbank.ro\/lexikon\/wp-json\/wp\/v2\/comments?post=9570"}],"wp:attachment":[{"href":"https:\/\/uj.adatbank.ro\/lexikon\/wp-json\/wp\/v2\/media?parent=9570"}],"wp:term":[{"taxonomy":"product_brand","embeddable":true,"href":"https:\/\/uj.adatbank.ro\/lexikon\/wp-json\/wp\/v2\/product_brand?post=9570"},{"taxonomy":"product_cat","embeddable":true,"href":"https:\/\/uj.adatbank.ro\/lexikon\/wp-json\/wp\/v2\/product_cat?post=9570"},{"taxonomy":"product_tag","embeddable":true,"href":"https:\/\/uj.adatbank.ro\/lexikon\/wp-json\/wp\/v2\/product_tag?post=9570"}],"curies":[{"name":"wp","href":"https:\/\/api.w.org\/{rel}","templated":true}]}}