{"id":9571,"date":"2025-06-29T12:49:37","date_gmt":"2025-06-29T10:49:37","guid":{"rendered":"https:\/\/uj.adatbank.ro\/lexikon\/termek\/halmagyi-samu\/"},"modified":"2025-06-29T12:49:37","modified_gmt":"2025-06-29T10:49:37","slug":"halmagyi-samu","status":"publish","type":"product","link":"https:\/\/uj.adatbank.ro\/lexikon\/termek\/halmagyi-samu\/","title":{"rendered":"HALM\u00c1GYI Samu"},"content":{"rendered":"<p>Als\u00f3szentmih\u00e1ly, 1880. m\u00e1j. 22., \u2020\u00a0Arad, 1962. dec. 31.: tan\u00e1r, k\u00f6lt\u0151, publicista. \u2013 K\u00f6z\u00e9piskol\u00e1t Tord\u00e1n \u00e9s Kv. -on, egyetemet Bp.-en v\u00e9gzett, tan\u00e1ri diplom\u00e1t nyert (1904). Egy ideig a dics\u0151szentm\u00e1rtoni polg\u00e1ri fi\u00faiskola tan\u00e1ra \u00e9s igazgat\u00f3ja (1917\u201319) \u00e9s a Kisk\u00fck\u00fcll\u0151megyei Tan\u00fcgy c. foly\u00f3iratot szerk. -tette (1912\u201316). Az ugyanitt megjelen\u0151 V\u00e1rmegyei H\u00edrlap folytat\u00e1sokban k\u00f6z\u00f6lte Ady Endre magyars\u00e1ga \u00e9s magyaross\u00e1ga c. tanulm\u00e1ny\u00e1t, melyet a szerz\u0151 1916 elej\u00e9n k\u00fcl\u00f6nlenyomatban elk\u00fcld\u00f6tt a k\u00f6lt\u0151nek, mell\u00e9je \u00e1llva a R\u00e1kosi Jen\u0151vel foly\u00f3 vit\u00e1ban. Az erd\u00e9lyi Ady-kultusz e korai megnyilv\u00e1nul\u00e1s\u00e1nak egy p\u00e9ld\u00e1ny\u00e1t a k\u00f6lt\u0151 Csucs\u00e1r\u00f3l keltezett v\u00e1lasz\u00e1val egy\u00fctt a nagyv\u00e1radi Ady Endre Eml\u00e9km\u00fazeum \u0151rzi. A k\u00f6lt\u0151-tan\u00e1r b\u00e9kev\u00e1gyas versesk\u00f6teteire a lev\u00e9lv\u00e1lt\u00e1s ut\u00e1n Ady h\u00edvta fel a figyelmet a Nyugatban. A sz\u00e9kelyudvarhelyi polg\u00e1ri le\u00e1nyiskol\u00e1t igazgatta, azut\u00e1n a sz\u00e9kelyudvarhelyi \u00e1llami fi\u00fal\u00edc. tan\u00e1ra. Tompa L\u00e1szl\u00f3 bar\u00e1ti k\u00f6r\u00e9hez tartozott. Benedek Elekkel levelezett, a Cimbora munkat\u00e1rsa, a Pesti Napl\u00f3 \u00e1lland\u00f3 munkat\u00e1rsa; szerk. -t\u0151je, miut\u00e1n Aradra telepedett (1937\u2013) \u00e9s bekapcsol\u00f3dott a v\u00e1ros irodalmi \u00e9let\u00e9be. A II. vh. -t k\u00f6vet\u0151 \u00e9vekben r\u00f6vid ideig az aradi 3. sz. L\u00edc. esti tagozat\u00e1n term\u00e9szetrajzot tan\u00edtott. Pet\u0151fies hangv\u00e9tel\u0171 k\u00f6lt\u00e9szete a l\u00edra konzervat\u00edv vonulat\u00e1hoz kapcsolja. Gazdag k\u00f6nyvt\u00e1r\u00e1t, irodalmilag \u00e9rt\u00e9kes k\u00e9zirathagyat\u00e9k\u00e1t, valamint Bak\u00f3czi K\u00e1rollyal \u00e9s Tompa L\u00e1szl\u00f3val folytatott levelez\u00e9s\u00e9t tan\u00e1rn\u0151 rokona \u0151rzi Szegeden. Cikkei, vez\u00e9rcikkei \u00e9s tanulm\u00e1nyai jelentek meg k\u00fcl\u00f6nb\u00f6z\u0151 lapokban. \u2013 <strong>F. m.:<\/strong> M\u00e9gegyszer \u00e9s mindig (Dics\u0151szentm\u00e1rton, 1915); Hadak \u00fatj\u00e1n (Dics\u0151szentm\u00e1rton, 1916); Utam (Sz\u00e9kelyudvarhely, 1923); Ady Endre magyars\u00e1ga \u00e9s magyaross\u00e1ga: Tanulm\u00e1ny. ( ?). <br \/><strong>Irod.:<\/strong> EM\u00a0; \u00c9vfordul\u00f3nkra; Guly\u00e1s; Osv\u00e1th; (\u00d6r\u00f6ks\u00e9g\u00fcnk, 2007. 3. sz.), RMIL<\/br><\/p>\n","protected":false},"excerpt":{"rendered":"<p>Als\u00f3szentmih\u00e1ly, 1880. m\u00e1j. 22., \u2020\u00a0Arad, 1962. dec. 31.: tan\u00e1r, k\u00f6lt\u0151, publicista. \u2013 K\u00f6z\u00e9piskol\u00e1t Tord\u00e1n \u00e9s Kv. -on, egyetemet Bp.-en v\u00e9gzett, tan\u00e1ri diplom\u00e1t nyert (1904). Egy ideig a dics\u0151szentm\u00e1rtoni polg\u00e1ri fi\u00faiskola tan\u00e1ra \u00e9s igazgat\u00f3ja (1917\u201319) \u00e9s a Kisk\u00fck\u00fcll\u0151megyei Tan\u00fcgy c. foly\u00f3iratot szerk. -tette (1912\u201316). Az ugyanitt megjelen\u0151 V\u00e1rmegyei H\u00edrlap folytat\u00e1sokban k\u00f6z\u00f6lte Ady Endre magyars\u00e1ga \u00e9s magyaross\u00e1ga [&hellip;]<\/p>\n","protected":false},"featured_media":0,"comment_status":"open","ping_status":"closed","template":"","meta":[],"product_brand":[],"product_cat":[137],"product_tag":[],"class_list":{"0":"post-9571","1":"product","2":"type-product","3":"status-publish","5":"product_cat-maros-megyei-eletrajzi-lexikon","7":"first","8":"instock","9":"shipping-taxable","10":"product-type-simple"},"_links":{"self":[{"href":"https:\/\/uj.adatbank.ro\/lexikon\/wp-json\/wp\/v2\/product\/9571","targetHints":{"allow":["GET"]}}],"collection":[{"href":"https:\/\/uj.adatbank.ro\/lexikon\/wp-json\/wp\/v2\/product"}],"about":[{"href":"https:\/\/uj.adatbank.ro\/lexikon\/wp-json\/wp\/v2\/types\/product"}],"replies":[{"embeddable":true,"href":"https:\/\/uj.adatbank.ro\/lexikon\/wp-json\/wp\/v2\/comments?post=9571"}],"wp:attachment":[{"href":"https:\/\/uj.adatbank.ro\/lexikon\/wp-json\/wp\/v2\/media?parent=9571"}],"wp:term":[{"taxonomy":"product_brand","embeddable":true,"href":"https:\/\/uj.adatbank.ro\/lexikon\/wp-json\/wp\/v2\/product_brand?post=9571"},{"taxonomy":"product_cat","embeddable":true,"href":"https:\/\/uj.adatbank.ro\/lexikon\/wp-json\/wp\/v2\/product_cat?post=9571"},{"taxonomy":"product_tag","embeddable":true,"href":"https:\/\/uj.adatbank.ro\/lexikon\/wp-json\/wp\/v2\/product_tag?post=9571"}],"curies":[{"name":"wp","href":"https:\/\/api.w.org\/{rel}","templated":true}]}}

HALMÁGYI Samu

<p>Alsószentmihály, 1880. máj. 22., † Arad, 1962. dec. 31.: tanár, költő, publicista. – Középiskolát Tordán és Kv. -on, egyetemet Bp.-en végzett, tanári diplomát nyert (1904). Egy ideig a dicsőszentmártoni polgári fiúiskola tanára és igazgatója (1917–19) és a Kisküküllőmegyei Tanügy c. folyóiratot szerk. -tette (1912–16). Az ugyanitt megjelenő Vármegyei Hírlap folytatásokban közölte Ady Endre magyarsága és magyarossága c. tanulmányát, melyet a szerző 1916 elején különlenyomatban elküldött a költőnek, melléje állva a Rákosi Jenővel folyó vitában. Az erdélyi Ady-kultusz e korai megnyilvánulásának egy példányát a költő Csucsáról keltezett válaszával együtt a nagyváradi Ady Endre Emlékmúzeum őrzi. A költő-tanár békevágyas versesköteteire a levélváltás után Ady hívta fel a figyelmet a Nyugatban. A székelyudvarhelyi polgári leányiskolát igazgatta, azután a székelyudvarhelyi állami fiúlíc. tanára. Tompa László baráti köréhez tartozott. Benedek Elekkel levelezett, a Cimbora munkatársa, a Pesti Napló állandó munkatársa; szerk. -tője, miután Aradra telepedett (1937–) és bekapcsolódott a város irodalmi életébe. A II. vh. -t követő években rövid ideig az aradi 3. sz. Líc. esti tagozatán természetrajzot tanított. Petőfies hangvételű költészete a líra konzervatív vonulatához kapcsolja. Gazdag könyvtárát, irodalmilag értékes kézirathagyatékát, valamint Bakóczi Károllyal és Tompa Lászlóval folytatott levelezését tanárnő rokona őrzi Szegeden. Cikkei, vezércikkei és tanulmányai jelentek meg különböző lapokban. – <strong>F. m.:</strong> Mégegyszer és mindig (Dicsőszentmárton, 1915); Hadak útján (Dicsőszentmárton, 1916); Utam (Székelyudvarhely, 1923); Ady Endre magyarsága és magyarossága: Tanulmány. ( ?). <br /><strong>Irod.:</strong> EM ; Évfordulónkra; Gulyás; Osváth; (Örökségünk, 2007. 3. sz.), RMIL</br></p>

<p>Alsószentmihály, 1880. máj. 22., † Arad, 1962. dec. 31.: tanár, költő, publicista. – Középiskolát Tordán és Kv. -on, egyetemet Bp.-en végzett, tanári diplomát nyert (1904). Egy ideig a dicsőszentmártoni polgári fiúiskola tanára és igazgatója (1917–19) és a Kisküküllőmegyei Tanügy c. folyóiratot szerk. -tette (1912–16). Az ugyanitt megjelenő Vármegyei Hírlap folytatásokban közölte Ady Endre magyarsága és magyarossága [&hellip;]</p>
