{"id":9572,"date":"2025-06-29T12:49:38","date_gmt":"2025-06-29T10:49:38","guid":{"rendered":"https:\/\/uj.adatbank.ro\/lexikon\/termek\/halmen-bela\/"},"modified":"2025-06-29T12:49:38","modified_gmt":"2025-06-29T10:49:38","slug":"halmen-bela","status":"publish","type":"product","link":"https:\/\/uj.adatbank.ro\/lexikon\/termek\/halmen-bela\/","title":{"rendered":"HALMEN B\u00e9la"},"content":{"rendered":"<p>? \u2020\u00a0? : cip\u00e9szmester. \u2013 Iskol\u00e1inak elv\u00e9gz\u00e9se ut\u00e1n megtanulta a cip\u00e9szmesters\u00e9get Mv.-en. Mint seg\u00e9d dolgozott Mv.-en (1914\u2013) R\u00e9szt vett az els\u0151 vh.-ban (1914\u201318), tov\u00e1bbra is seg\u00e9d, majd \u00f6n\u00e1ll\u00f3s\u00edtotta mag\u00e1t (1924), 8 munk\u00e1st foglalkoztatott. A nemzet\u0151rs\u00e9g tagja volt, majd az erd\u00e9lyi m\u00e1rtirok \u00e9s h\u0151s\u00f6k egyike. <br \/><strong>Irod.:<\/strong> Visnai<\/br><\/p>\n","protected":false},"excerpt":{"rendered":"<p>? \u2020\u00a0? : cip\u00e9szmester. \u2013 Iskol\u00e1inak elv\u00e9gz\u00e9se ut\u00e1n megtanulta a cip\u00e9szmesters\u00e9get Mv.-en. Mint seg\u00e9d dolgozott Mv.-en (1914\u2013) R\u00e9szt vett az els\u0151 vh.-ban (1914\u201318), tov\u00e1bbra is seg\u00e9d, majd \u00f6n\u00e1ll\u00f3s\u00edtotta mag\u00e1t (1924), 8 munk\u00e1st foglalkoztatott. A nemzet\u0151rs\u00e9g tagja volt, majd az erd\u00e9lyi m\u00e1rtirok \u00e9s h\u0151s\u00f6k egyike. Irod.: Visnai<\/p>\n","protected":false},"featured_media":0,"comment_status":"open","ping_status":"closed","template":"","meta":[],"product_brand":[],"product_cat":[137],"product_tag":[],"class_list":{"0":"post-9572","1":"product","2":"type-product","3":"status-publish","5":"product_cat-maros-megyei-eletrajzi-lexikon","7":"first","8":"instock","9":"shipping-taxable","10":"product-type-simple"},"_links":{"self":[{"href":"https:\/\/uj.adatbank.ro\/lexikon\/wp-json\/wp\/v2\/product\/9572","targetHints":{"allow":["GET"]}}],"collection":[{"href":"https:\/\/uj.adatbank.ro\/lexikon\/wp-json\/wp\/v2\/product"}],"about":[{"href":"https:\/\/uj.adatbank.ro\/lexikon\/wp-json\/wp\/v2\/types\/product"}],"replies":[{"embeddable":true,"href":"https:\/\/uj.adatbank.ro\/lexikon\/wp-json\/wp\/v2\/comments?post=9572"}],"wp:attachment":[{"href":"https:\/\/uj.adatbank.ro\/lexikon\/wp-json\/wp\/v2\/media?parent=9572"}],"wp:term":[{"taxonomy":"product_brand","embeddable":true,"href":"https:\/\/uj.adatbank.ro\/lexikon\/wp-json\/wp\/v2\/product_brand?post=9572"},{"taxonomy":"product_cat","embeddable":true,"href":"https:\/\/uj.adatbank.ro\/lexikon\/wp-json\/wp\/v2\/product_cat?post=9572"},{"taxonomy":"product_tag","embeddable":true,"href":"https:\/\/uj.adatbank.ro\/lexikon\/wp-json\/wp\/v2\/product_tag?post=9572"}],"curies":[{"name":"wp","href":"https:\/\/api.w.org\/{rel}","templated":true}]}}