{"id":9574,"date":"2025-06-29T12:49:43","date_gmt":"2025-06-29T10:49:43","guid":{"rendered":"https:\/\/uj.adatbank.ro\/lexikon\/termek\/halmi-ferenc-starill-ferenc-sztarill-ferenc-habakuk\/"},"modified":"2025-06-29T12:49:43","modified_gmt":"2025-06-29T10:49:43","slug":"halmi-ferenc-starill-ferenc-sztarill-ferenc-habakuk","status":"publish","type":"product","link":"https:\/\/uj.adatbank.ro\/lexikon\/termek\/halmi-ferenc-starill-ferenc-sztarill-ferenc-habakuk\/","title":{"rendered":"HALMI Ferenc, Starill Ferenc, Sztarill Ferenc; Habakuk"},"content":{"rendered":"<p>Mez\u0151ber\u00e9ny, 1850. \u00e1pr. 5., \u2020 Bp., 1883. j\u00fan. 2.: sz\u00edn\u00e9sz, kritikus. \u2013 Szil\u00e1gyi B\u00e9la aradi t\u00e1rsulat\u00e1ban kezdte p\u00e1ly\u00e1j\u00e1t (1865); az egy\u00fcttes Gyul\u00e1n \u00e9s Mv.-en is j\u00e1t\u00adszott. Kocsisovszky Jusztin gy\u0151ri (1868), Aradi Ger\u0151 szegedi \u00e9s v\u00e1rsz\u00ednh\u00e1zi t\u00e1rsulat\u00e1ban (1869), Kass\u00e1n, Miskolcon \u00e9s Bud\u00e1n (1870\u2013), Mv.-en \u00e9s Kv.-on j\u00e1tszott (1872\u2013). Mv.-en Habakuk n\u00e9ven jelentek meg sz\u00ednikritik\u00e1i. A bp.-i Nemzeti Sz\u00ednh\u00e1z tagja (1873\u2013). Korai hal\u00e1l\u00e1t t\u00fcd\u0151baj okozta. \u00c9nekes, bonviv\u00e1n szerepeket j\u00e1tszott. Ford\u00edtott sz\u00edndarabokat is. \u2013 <strong>F. sz.:<\/strong> Clarin (Calder\u00f3n: Az \u00e9let \u00e1lom); Horace (Moli\u00e9re: A n\u0151k iskol\u00e1ja); Hlesztakov (Gogol: A revizor); Leopold (Augier: Four-chambault csal\u00e1d); Bence (Csiky G.: Prole\u00adt\u00e1rok); Figaro (Beaumarchais: A sevillai bor\u00adb\u00e9ly); Keszeg Andr\u00e1s (Shakespeare: V\u00edzke\u00adreszt, vagy amit akartok); Raymond (Paille-ron: Ahol unatkoznak); Chevrial (Feuillet: Egy p\u00e1rizsi reg\u00e9ny); Coupeau (Zola: P\u00e1linka). <br \/><strong>Irod.:<\/strong> Kusz\u00e1lik \u2013 Zal\u00e1nyi; \u00daM\u00c9L<\/br><\/p>\n","protected":false},"excerpt":{"rendered":"<p>Mez\u0151ber\u00e9ny, 1850. \u00e1pr. 5., \u2020 Bp., 1883. j\u00fan. 2.: sz\u00edn\u00e9sz, kritikus. \u2013 Szil\u00e1gyi B\u00e9la aradi t\u00e1rsulat\u00e1ban kezdte p\u00e1ly\u00e1j\u00e1t (1865); az egy\u00fcttes Gyul\u00e1n \u00e9s Mv.-en is j\u00e1t\u00adszott. Kocsisovszky Jusztin gy\u0151ri (1868), Aradi Ger\u0151 szegedi \u00e9s v\u00e1rsz\u00ednh\u00e1zi t\u00e1rsulat\u00e1ban (1869), Kass\u00e1n, Miskolcon \u00e9s Bud\u00e1n (1870\u2013), Mv.-en \u00e9s Kv.-on j\u00e1tszott (1872\u2013). Mv.-en Habakuk n\u00e9ven jelentek meg sz\u00ednikritik\u00e1i. A bp.-i [&hellip;]<\/p>\n","protected":false},"featured_media":0,"comment_status":"open","ping_status":"closed","template":"","meta":[],"product_brand":[],"product_cat":[137],"product_tag":[],"class_list":{"0":"post-9574","1":"product","2":"type-product","3":"status-publish","5":"product_cat-maros-megyei-eletrajzi-lexikon","7":"first","8":"instock","9":"shipping-taxable","10":"product-type-simple"},"_links":{"self":[{"href":"https:\/\/uj.adatbank.ro\/lexikon\/wp-json\/wp\/v2\/product\/9574","targetHints":{"allow":["GET"]}}],"collection":[{"href":"https:\/\/uj.adatbank.ro\/lexikon\/wp-json\/wp\/v2\/product"}],"about":[{"href":"https:\/\/uj.adatbank.ro\/lexikon\/wp-json\/wp\/v2\/types\/product"}],"replies":[{"embeddable":true,"href":"https:\/\/uj.adatbank.ro\/lexikon\/wp-json\/wp\/v2\/comments?post=9574"}],"wp:attachment":[{"href":"https:\/\/uj.adatbank.ro\/lexikon\/wp-json\/wp\/v2\/media?parent=9574"}],"wp:term":[{"taxonomy":"product_brand","embeddable":true,"href":"https:\/\/uj.adatbank.ro\/lexikon\/wp-json\/wp\/v2\/product_brand?post=9574"},{"taxonomy":"product_cat","embeddable":true,"href":"https:\/\/uj.adatbank.ro\/lexikon\/wp-json\/wp\/v2\/product_cat?post=9574"},{"taxonomy":"product_tag","embeddable":true,"href":"https:\/\/uj.adatbank.ro\/lexikon\/wp-json\/wp\/v2\/product_tag?post=9574"}],"curies":[{"name":"wp","href":"https:\/\/api.w.org\/{rel}","templated":true}]}}

<p>Mezőberény, 1850. ápr. 5., † Bp., 1883. jún. 2.: színész, kritikus. – Szilágyi Béla aradi társulatában kezdte pályáját (1865); az együttes Gyulán és Mv.-en is ját­szott. Kocsisovszky Jusztin győri (1868), Aradi Gerő szegedi és várszínházi társulatában (1869), Kassán, Miskolcon és Budán (1870–), Mv.-en és Kv.-on játszott (1872–). Mv.-en Habakuk néven jelentek meg színikritikái. A bp.-i Nemzeti Színház tagja (1873–). Korai halálát tüdőbaj okozta. Énekes, bonviván szerepeket játszott. Fordított színdarabokat is. – <strong>F. sz.:</strong> Clarin (Calderón: Az élet álom); Horace (Moliére: A nők iskolája); Hlesztakov (Gogol: A revizor); Leopold (Augier: Four-chambault család); Bence (Csiky G.: Prole­tárok); Figaro (Beaumarchais: A sevillai bor­bély); Keszeg András (Shakespeare: Vízke­reszt, vagy amit akartok); Raymond (Paille-ron: Ahol unatkoznak); Chevrial (Feuillet: Egy párizsi regény); Coupeau (Zola: Pálinka). <br /><strong>Irod.:</strong> Kuszálik – Zalányi; ÚMÉL</br></p>

<p>Mezőberény, 1850. ápr. 5., † Bp., 1883. jún. 2.: színész, kritikus. – Szilágyi Béla aradi társulatában kezdte pályáját (1865); az együttes Gyulán és Mv.-en is ját­szott. Kocsisovszky Jusztin győri (1868), Aradi Gerő szegedi és várszínházi társulatában (1869), Kassán, Miskolcon és Budán (1870–), Mv.-en és Kv.-on játszott (1872–). Mv.-en Habakuk néven jelentek meg színikritikái. A bp.-i [&hellip;]</p>
