{"id":9580,"date":"2025-06-29T12:49:54","date_gmt":"2025-06-29T10:49:54","guid":{"rendered":"https:\/\/uj.adatbank.ro\/lexikon\/termek\/haltrich-adolf\/"},"modified":"2025-06-29T12:49:54","modified_gmt":"2025-06-29T10:49:54","slug":"haltrich-adolf","status":"publish","type":"product","link":"https:\/\/uj.adatbank.ro\/lexikon\/termek\/haltrich-adolf\/","title":{"rendered":"HALTRICH Adolf"},"content":{"rendered":"<p>Sz\u00e1szr\u00e9gen, ? \u2020 ?: katonai iktat\u00f3. \u2013 Az I. vh. idej\u00e9n a kat.-i magisztr\u00e1tus kell\u00e9kesek\u00e9nt, \u00edrnokak\u00e9nt szolg\u00e1lt (1914. m\u00e1j. 1. \u2013) : Mostarban (Jugoszl\u00e1via) katonai nyilv\u00e1ntart\u00f3, \u00edrnok a parancsnoks\u00e1gn\u00e1l (1914. j\u00fal. -dec.); azut\u00e1n a balk\u00e1ni er\u0151k parancsnoks\u00e1g\u00e1n (1914. dec. \u2013 15. m\u00e1j.); a 3. hadsereg parancsnoks\u00e1g\u00e1n (1915. m\u00e1j. \u2013 17. j\u00fan.); majd a h\u00e1bor\u00fa v\u00e9g\u00e9ig az Osztr. -M. Hadsereg F\u0151parancsnoks\u00e1g\u00e1n. Nyugalomba is kat. iktat\u00f3k\u00e9nt ment (1919. m\u00e1rc. 1. \u2013). A fennmaradt adatok hi\u00e1nyosak, van aki \u00fagy tudja, h. egy Adolf Haltrich Kv.-on a laktanya kapit\u00e1nya volt. <br \/><strong>Irod.:<\/strong> Reghin, militari<\/br><\/p>\n","protected":false},"excerpt":{"rendered":"<p>Sz\u00e1szr\u00e9gen, ? \u2020 ?: katonai iktat\u00f3. \u2013 Az I. vh. idej\u00e9n a kat.-i magisztr\u00e1tus kell\u00e9kesek\u00e9nt, \u00edrnokak\u00e9nt szolg\u00e1lt (1914. m\u00e1j. 1. \u2013) : Mostarban (Jugoszl\u00e1via) katonai nyilv\u00e1ntart\u00f3, \u00edrnok a parancsnoks\u00e1gn\u00e1l (1914. j\u00fal. -dec.); azut\u00e1n a balk\u00e1ni er\u0151k parancsnoks\u00e1g\u00e1n (1914. dec. \u2013 15. m\u00e1j.); a 3. hadsereg parancsnoks\u00e1g\u00e1n (1915. m\u00e1j. \u2013 17. j\u00fan.); majd a h\u00e1bor\u00fa v\u00e9g\u00e9ig [&hellip;]<\/p>\n","protected":false},"featured_media":0,"comment_status":"open","ping_status":"closed","template":"","meta":[],"product_brand":[],"product_cat":[137],"product_tag":[],"class_list":{"0":"post-9580","1":"product","2":"type-product","3":"status-publish","5":"product_cat-maros-megyei-eletrajzi-lexikon","7":"first","8":"instock","9":"shipping-taxable","10":"product-type-simple"},"_links":{"self":[{"href":"https:\/\/uj.adatbank.ro\/lexikon\/wp-json\/wp\/v2\/product\/9580","targetHints":{"allow":["GET"]}}],"collection":[{"href":"https:\/\/uj.adatbank.ro\/lexikon\/wp-json\/wp\/v2\/product"}],"about":[{"href":"https:\/\/uj.adatbank.ro\/lexikon\/wp-json\/wp\/v2\/types\/product"}],"replies":[{"embeddable":true,"href":"https:\/\/uj.adatbank.ro\/lexikon\/wp-json\/wp\/v2\/comments?post=9580"}],"wp:attachment":[{"href":"https:\/\/uj.adatbank.ro\/lexikon\/wp-json\/wp\/v2\/media?parent=9580"}],"wp:term":[{"taxonomy":"product_brand","embeddable":true,"href":"https:\/\/uj.adatbank.ro\/lexikon\/wp-json\/wp\/v2\/product_brand?post=9580"},{"taxonomy":"product_cat","embeddable":true,"href":"https:\/\/uj.adatbank.ro\/lexikon\/wp-json\/wp\/v2\/product_cat?post=9580"},{"taxonomy":"product_tag","embeddable":true,"href":"https:\/\/uj.adatbank.ro\/lexikon\/wp-json\/wp\/v2\/product_tag?post=9580"}],"curies":[{"name":"wp","href":"https:\/\/api.w.org\/{rel}","templated":true}]}}

<p>Szászrégen, ? † ?: katonai iktató. – Az I. vh. idején a kat.-i magisztrátus kellékeseként, írnokaként szolgált (1914. máj. 1. –) : Mostarban (Jugoszlávia) katonai nyilvántartó, írnok a parancsnokságnál (1914. júl. -dec.); azután a balkáni erők parancsnokságán (1914. dec. – 15. máj.); a 3. hadsereg parancsnokságán (1915. máj. – 17. jún.); majd a háború végéig az Osztr. -M. Hadsereg Főparancsnokságán. Nyugalomba is kat. iktatóként ment (1919. márc. 1. –). A fennmaradt adatok hiányosak, van aki úgy tudja, h. egy Adolf Haltrich Kv.-on a laktanya kapitánya volt. <br /><strong>Irod.:</strong> Reghin, militari</br></p>

<p>Szászrégen, ? † ?: katonai iktató. – Az I. vh. idején a kat.-i magisztrátus kellékeseként, írnokaként szolgált (1914. máj. 1. –) : Mostarban (Jugoszlávia) katonai nyilvántartó, írnok a parancsnokságnál (1914. júl. -dec.); azután a balkáni erők parancsnokságán (1914. dec. – 15. máj.); a 3. hadsereg parancsnokságán (1915. máj. – 17. jún.); majd a háború végéig [&hellip;]</p>
