{"id":9583,"date":"2025-06-29T12:49:58","date_gmt":"2025-06-29T10:49:58","guid":{"rendered":"https:\/\/uj.adatbank.ro\/lexikon\/termek\/haltrich-gyula-haltrich-iulius\/"},"modified":"2025-06-29T12:49:58","modified_gmt":"2025-06-29T10:49:58","slug":"haltrich-gyula-haltrich-iulius","status":"publish","type":"product","link":"https:\/\/uj.adatbank.ro\/lexikon\/termek\/haltrich-gyula-haltrich-iulius\/","title":{"rendered":"HALTRICH Gyula, Haltrich Iulius"},"content":{"rendered":"<p>Sz\u00e1szr\u00e9gen, 1891. febr. 25., \u2020\u00a0? : seb\u00e9sz orvos. \u2013 Apja kocsigy\u00e1rt\u00f3, \u00fcgyn\u00f6k. \u2013 K\u00f6z\u00e9piskol\u00e1it Sz\u00e1szr\u00e9genben, Nagyszebenben az ev. gimn. -ban, az egyetemet Kv.-on az Orvosi Karon (1909\u201311), M\u00fcnchenben (1911\u201312) \u00e9s Berlinben v\u00e9gezte \u00e9s itt avatt\u00e1k doktorr\u00e1 (1919). Mv.-en az \u00e1llami k\u00f3rh\u00e1z a sz\u00fcl\u00e9szeti \u00e9s n\u0151gy\u00f3gy\u00e1szati oszt\u00e1ly\u00e1n m\u00e1sodorvos (1920\u201327), majd pedig n\u0151gy\u00f3gy\u00e1sz operat\u00f6r szakorvos volt. Sportkedvel\u0151, a MSE \u00fasz\u00f3szakoszt\u00e1ly\u00e1nak eln\u00f6ke (1923\u2013), sz\u00e1mos t\u00e1rsadalmi \u00e9s kultur\u00e1lis egyes\u00fclet m\u0171k\u00f6d\u0151 \u00e9s p\u00e1rtol\u00f3 tagja volt. Mv.-en a Nachbarschaft Seg\u00e9lyp\u00e9nzt\u00e1r vezet\u0151je t\u00f6bb \u00e9ven \u00e1t. Ez a seg\u00e9lyszervezet \u00e1talakult Volksbund (N\u00e9pi Sz\u00f6vets\u00e9g) n\u00e9vvel hitlerista eszm\u00e9ket terjeszt\u0151 szervezett\u00e9. Eln\u00f6ke Elmer Mathias lett (1943. \u0151sz\u00e9n). <br \/><strong>Irod.:<\/strong> Almanah Tg. M.; B\u0103la\u015f-Kocsis; Id\u0151t\u00e1r 3; Ki kicsoda\u00a0?; Kl\u00f3sz-Tolok\u00e1n; \u00d6kr\u00f6s; Societatea de V\u00e2n\u0103toare \u201eApostolii\u201d Tg. M. (Tg. M., 1941), Szab\u00f3\u2013Simon\u2013Sz\u00f6gi<\/br><\/p>\n","protected":false},"excerpt":{"rendered":"<p>Sz\u00e1szr\u00e9gen, 1891. febr. 25., \u2020\u00a0? : seb\u00e9sz orvos. \u2013 Apja kocsigy\u00e1rt\u00f3, \u00fcgyn\u00f6k. \u2013 K\u00f6z\u00e9piskol\u00e1it Sz\u00e1szr\u00e9genben, Nagyszebenben az ev. gimn. -ban, az egyetemet Kv.-on az Orvosi Karon (1909\u201311), M\u00fcnchenben (1911\u201312) \u00e9s Berlinben v\u00e9gezte \u00e9s itt avatt\u00e1k doktorr\u00e1 (1919). Mv.-en az \u00e1llami k\u00f3rh\u00e1z a sz\u00fcl\u00e9szeti \u00e9s n\u0151gy\u00f3gy\u00e1szati oszt\u00e1ly\u00e1n m\u00e1sodorvos (1920\u201327), majd pedig n\u0151gy\u00f3gy\u00e1sz operat\u00f6r szakorvos volt. Sportkedvel\u0151, [&hellip;]<\/p>\n","protected":false},"featured_media":0,"comment_status":"open","ping_status":"closed","template":"","meta":[],"product_brand":[],"product_cat":[137],"product_tag":[],"class_list":{"0":"post-9583","1":"product","2":"type-product","3":"status-publish","5":"product_cat-maros-megyei-eletrajzi-lexikon","7":"first","8":"instock","9":"shipping-taxable","10":"product-type-simple"},"_links":{"self":[{"href":"https:\/\/uj.adatbank.ro\/lexikon\/wp-json\/wp\/v2\/product\/9583","targetHints":{"allow":["GET"]}}],"collection":[{"href":"https:\/\/uj.adatbank.ro\/lexikon\/wp-json\/wp\/v2\/product"}],"about":[{"href":"https:\/\/uj.adatbank.ro\/lexikon\/wp-json\/wp\/v2\/types\/product"}],"replies":[{"embeddable":true,"href":"https:\/\/uj.adatbank.ro\/lexikon\/wp-json\/wp\/v2\/comments?post=9583"}],"wp:attachment":[{"href":"https:\/\/uj.adatbank.ro\/lexikon\/wp-json\/wp\/v2\/media?parent=9583"}],"wp:term":[{"taxonomy":"product_brand","embeddable":true,"href":"https:\/\/uj.adatbank.ro\/lexikon\/wp-json\/wp\/v2\/product_brand?post=9583"},{"taxonomy":"product_cat","embeddable":true,"href":"https:\/\/uj.adatbank.ro\/lexikon\/wp-json\/wp\/v2\/product_cat?post=9583"},{"taxonomy":"product_tag","embeddable":true,"href":"https:\/\/uj.adatbank.ro\/lexikon\/wp-json\/wp\/v2\/product_tag?post=9583"}],"curies":[{"name":"wp","href":"https:\/\/api.w.org\/{rel}","templated":true}]}}

<p>Szászrégen, 1891. febr. 25., † ? : sebész orvos. – Apja kocsigyártó, ügynök. – Középiskoláit Szászrégenben, Nagyszebenben az ev. gimn. -ban, az egyetemet Kv.-on az Orvosi Karon (1909–11), Münchenben (1911–12) és Berlinben végezte és itt avatták doktorrá (1919). Mv.-en az állami kórház a szülészeti és nőgyógyászati osztályán másodorvos (1920–27), majd pedig nőgyógyász operatör szakorvos volt. Sportkedvelő, a MSE úszószakosztályának elnöke (1923–), számos társadalmi és kulturális egyesület működő és pártoló tagja volt. Mv.-en a Nachbarschaft Segélypénztár vezetője több éven át. Ez a segélyszervezet átalakult Volksbund (Népi Szövetség) névvel hitlerista eszméket terjesztő szervezetté. Elnöke Elmer Mathias lett (1943. őszén). <br /><strong>Irod.:</strong> Almanah Tg. M.; Bălaş-Kocsis; Időtár 3; Ki kicsoda ?; Klósz-Tolokán; Ökrös; Societatea de Vânătoare „Apostolii” Tg. M. (Tg. M., 1941), Szabó–Simon–Szögi</br></p>

<p>Szászrégen, 1891. febr. 25., † ? : sebész orvos. – Apja kocsigyártó, ügynök. – Középiskoláit Szászrégenben, Nagyszebenben az ev. gimn. -ban, az egyetemet Kv.-on az Orvosi Karon (1909–11), Münchenben (1911–12) és Berlinben végezte és itt avatták doktorrá (1919). Mv.-en az állami kórház a szülészeti és nőgyógyászati osztályán másodorvos (1920–27), majd pedig nőgyógyász operatör szakorvos volt. Sportkedvelő, [&hellip;]</p>
