{"id":9584,"date":"2025-06-29T12:50:00","date_gmt":"2025-06-29T10:50:00","guid":{"rendered":"https:\/\/uj.adatbank.ro\/lexikon\/termek\/haltrich-joseph-%c2%a7\/"},"modified":"2025-06-29T12:50:00","modified_gmt":"2025-06-29T10:50:00","slug":"haltrich-joseph-%c2%a7","status":"publish","type":"product","link":"https:\/\/uj.adatbank.ro\/lexikon\/termek\/haltrich-joseph-%c2%a7\/","title":{"rendered":"HALTRICH Joseph, \u00a7"},"content":{"rendered":"<p>Sz\u00e1szr\u00e9gen, 1822. j\u00fal. 22., \u2020 Segesv\u00e1r, 1886. m\u00e1j. 17.: lelk\u00e9sz, tan\u00e1r, t\u00f6rt\u00e9n\u00e9sz, n\u00e9pmese- \u00e9s n\u00e9pk\u00f6t\u00e9szeti gy\u0171jt\u0151. \u2013 Elemi iskol\u00e1it sz\u0171l\u0151v\u00e1ros\u00e1ban v\u00e9gezte, k\u00e9t \u00e9vig a Johann Kinn ir\u00e1ny\u00edt\u00e1s\u00e1val mag\u00e1n\u00faton tanult, segesv\u00e1ri gimn.-ban folytatta tanulm\u00e1nyait (1836\u201345), a lipcsei \u00e9s a berlini egyetemen klasszika filol\u00f3gi\u00e1t, filoz\u00f3fi\u00e1t, t\u00f6rt\u00e9nelmet \u00e9s teol\u00f3gi\u00e1t (1845\u201347) tanult. Bethlen J\u00e1nos gr. gyermekeinek nevel\u0151je Kv.-on (1848); seg\u00e9dtan\u00e1r Sz\u00e1szr\u00e9genben (1848), majd a segesv\u00e1ri Ev. F\u0151gimn. tan\u00e1r\u00e1nak v\u00e1lasztott\u00e1k (1848. nov. 5.); uo. igazgat\u00f3 (1869. j\u00fal. 25. \u2013 1872. j\u00fan. 6.). Segesden ev. lelk\u00e9sz 14 \u00e9vig, amikor is a kimer\u00edt\u0151 munka \u00e9s a betegs\u00e9g miatt meghalt (1872\u201386). Fr. M\u00fcller, Fr. Wilhelm Schuster, Johann M\u00e4tz \u00e9s Johann Albert kort\u00e1rsaival kutatta az erd\u00e9lyi sz\u00e1szok kult\u00far\u00e1j\u00e1t. N\u00e9pk\u00f6lt\u00e9szeti gy\u0171jt\u0151\u00fatjain \u00f6ssze\u00edrta a sz\u00e1sz folkl\u00f3r t\u00f6bb sz\u00e1z alkot\u00e1s\u00e1t. Munk\u00e1ss\u00e1g\u00e1t a Grimm testv\u00e9rek t\u00e1mogatt\u00e1k. Kapcsolatban \u00e1llt n\u00e9meto.-i neves kutat\u00f3kkal \u00e9s gy\u0171jt\u0151kkel. Az Erd\u00e9lyi F\u00f6ldrajzi T\u00e1rsas\u00e1g kiadta Idiotikon c. sz\u00f3t\u00e1r\u00e1nak (1851) jelent\u0151s el\u0151munk\u00e1latait \u0151 v\u00e9gezte el. Tagja volt a Germanisches Nationalmuseum Tud\u00f3s V\u00e1lasztm\u00e1ny\u00e1nak N\u00fcrnbergben (1859), az Erd\u00e9lyi F\u00f6ldrajzi T\u00e1rsas\u00e1g V\u00e1lasztm\u00e1ny\u00e1nak (1860), alap\u00edt\u00f3tagja a segesv\u00e1ri Humboldt Egyes\u00fcletnek (1869). Erd\u00e9lyben alig volt olyan sajt\u00f3or\u00e1num, amelynek (1850\u2013) hal\u00e1l\u00e1ig ne lett volna munkat\u00e1rsa. Cikkeit k\u00f6z\u00f6lte a segesv\u00e1ri F\u0151gimn\u00e1zium Programja, a Fromann Zeitschrift, a Siebenb\u00fcrger Bote, a Siebenb\u00fcrgisch Deutsches Wochenblatt, az Archiv des Vereins f\u00fcr siebenb\u00fcrgische Landeskunde, a Hermannst\u00e4dter Zeitung, Siebenb\u00fcrgisch-deutsches Tageblatt \u00fajs\u00e1g, a S\u00e4chsischer Hausfreund c. napt\u00e1r. Szerkesztette a segesv\u00e1ri Ev. F\u0151gimn\u00e1zium Programj\u00e1t (1870\u201372). Sz\u00fcl\u0151v\u00e1ros\u00e1t nem feledte, el\u0151ad\u00e1sokkal vett r\u00e9szt a Verein f\u00fcr siebenb\u00fcrgische Landeskunde t\u00e1rsas\u00e1g Sz\u00e1szr\u00e9genben rendezett k\u00f6zgy\u0171l\u00e9sein (1857, 1881), szoros kapcsolatot tartott a tan\u00e1rokkal, k\u00fcl\u00f6n\u00f6sen Wilhelm Hellwiggel, t\u00e1mogatta a r\u00e9geni iskola gimn. &#8211;m\u00e1 val\u00f3 \u00e1talak\u00edt\u00e1s\u00e1t. H\u00e1za Segesv\u00e1ron \u00e9p\u00fclt a 16. sz. -ban, 1901 az \u00faj sz\u00e1rnya, \u201eA\u201d kateg\u00f3ri\u00e1ba tartoz\u00f3 m\u0171eml\u00e9k (Sc\u0103rii u. 6.). A segesv\u00e1ri sz\u00e1sz l\u00edc. felvette a Josef Haltrich nevet (1972), az \u00e9p\u00fclet 17. sz.-i, majd 1887\u20131920 \u00e1t\u00e9p\u00edtett\u00e9k, b\u0151v\u00edtett\u00e9k, az \u201eA\u201d kateg\u00f3ri\u00e1ba tartoz\u00f3 m\u0171eml\u00e9k (Bastionului u. 3.). \u2013 <strong>F. m.:<\/strong> Deutsche Volksm\u00e4rchen aus dem Sachsenlande in Siebenb\u00fcrgen (Berlin, 1856; Szeben, 1877; Vien, 1882; 1885); Die Stiefm\u00fctter, die Stief-, Waissenkinder in der siebenb\u00fcrgisch-s\u00e4chsischen Volks-Poesie (Wien, 1856); Zur Geschichte von S\u00e4chsisch-Regen seit den letzten 100 Jahren (Kronstadt, 1858); Plan zu Vorarbeiten f\u00fcr ein Idiotikon den siebenb\u00fcrgisch-s\u00e4chsischen Volkssprache (Hermannstadt, 1865); Negative Ideotismen der Siebenb\u00fcrgische s\u00e4chsischen Volkssprache zur Kulturgeschichte der Sachsen in Siebenb\u00fcrgen (1866); Deutsche Inschriften aus Siebenb\u00fcrgen (Hermannstadt, 1867); Zur Kulturgeschichte der Sachsen in Siebenb\u00fcrgen (Hermannstadt, 1867); Die Macht- und Herrschaft des Aberglaubens in seinen vielfachen (Herrmannstadt, 1871); S\u00e4chsischer Volkswitz und Volkshumor (1881); Zur Volkskunde der Siebenb\u00fcrger Sachsen: Kleine Schriften (Wien, 1885); A csodafa (erd\u00e9lyi sz\u00e1sz n\u00e9pmes\u00e9k; Buk., 1970); S\u00e4chsischen Volsksm\u00e4rchen aus Siebenb\u00fcrgen (Buk., 1974). <br \/><strong>Irod.:<\/strong> Apold; B\u00edr\u00f3 Don\u00e1t; Czir\u00e1ki Zsuzsanna: Az erd\u00e9lyi sz\u00e1szok t\u00f6rt\u00e9nete \u2013 Erd\u00e9lyi sz\u00e1sz irodalomt\u00f6rt\u00e9net (Koz\u00e1rmisleny, 2006); Dasc\u0103li mure\u015feni 4.; Gaz. Regh. (1994. 5. sz.); Guly\u00e1s; LSS; A mo-i k\u00f6z\u00e9piskol\u00e1kban 1850\u201355 megjelent \u00f6sszes program\u00e9rtekez\u00e9seknek repert\u00f3riuma (Bp., 1887); M\u0171vt\u00f6rt. T. 1979; Mure\u015f, jude\u0163; Profiluri mure\u015fene. 1.; Profiluri reghinene; Regh. cult. 2.; Szab\u00f3\u2013Sz\u00f6gi; Szinnyei; Teutsch F.; Valori mure\u015fene de patrimoniu<\/br><\/p>\n","protected":false},"excerpt":{"rendered":"<p>Sz\u00e1szr\u00e9gen, 1822. j\u00fal. 22., \u2020 Segesv\u00e1r, 1886. m\u00e1j. 17.: lelk\u00e9sz, tan\u00e1r, t\u00f6rt\u00e9n\u00e9sz, n\u00e9pmese- \u00e9s n\u00e9pk\u00f6t\u00e9szeti gy\u0171jt\u0151. \u2013 Elemi iskol\u00e1it sz\u0171l\u0151v\u00e1ros\u00e1ban v\u00e9gezte, k\u00e9t \u00e9vig a Johann Kinn ir\u00e1ny\u00edt\u00e1s\u00e1val mag\u00e1n\u00faton tanult, segesv\u00e1ri gimn.-ban folytatta tanulm\u00e1nyait (1836\u201345), a lipcsei \u00e9s a berlini egyetemen klasszika filol\u00f3gi\u00e1t, filoz\u00f3fi\u00e1t, t\u00f6rt\u00e9nelmet \u00e9s teol\u00f3gi\u00e1t (1845\u201347) tanult. Bethlen J\u00e1nos gr. gyermekeinek nevel\u0151je Kv.-on (1848); [&hellip;]<\/p>\n","protected":false},"featured_media":0,"comment_status":"open","ping_status":"closed","template":"","meta":[],"product_brand":[],"product_cat":[137],"product_tag":[],"class_list":{"0":"post-9584","1":"product","2":"type-product","3":"status-publish","5":"product_cat-maros-megyei-eletrajzi-lexikon","7":"first","8":"instock","9":"shipping-taxable","10":"product-type-simple"},"_links":{"self":[{"href":"https:\/\/uj.adatbank.ro\/lexikon\/wp-json\/wp\/v2\/product\/9584","targetHints":{"allow":["GET"]}}],"collection":[{"href":"https:\/\/uj.adatbank.ro\/lexikon\/wp-json\/wp\/v2\/product"}],"about":[{"href":"https:\/\/uj.adatbank.ro\/lexikon\/wp-json\/wp\/v2\/types\/product"}],"replies":[{"embeddable":true,"href":"https:\/\/uj.adatbank.ro\/lexikon\/wp-json\/wp\/v2\/comments?post=9584"}],"wp:attachment":[{"href":"https:\/\/uj.adatbank.ro\/lexikon\/wp-json\/wp\/v2\/media?parent=9584"}],"wp:term":[{"taxonomy":"product_brand","embeddable":true,"href":"https:\/\/uj.adatbank.ro\/lexikon\/wp-json\/wp\/v2\/product_brand?post=9584"},{"taxonomy":"product_cat","embeddable":true,"href":"https:\/\/uj.adatbank.ro\/lexikon\/wp-json\/wp\/v2\/product_cat?post=9584"},{"taxonomy":"product_tag","embeddable":true,"href":"https:\/\/uj.adatbank.ro\/lexikon\/wp-json\/wp\/v2\/product_tag?post=9584"}],"curies":[{"name":"wp","href":"https:\/\/api.w.org\/{rel}","templated":true}]}}

<p>Szászrégen, 1822. júl. 22., † Segesvár, 1886. máj. 17.: lelkész, tanár, történész, népmese- és népkötészeti gyűjtő. – Elemi iskoláit szűlővárosában végezte, két évig a Johann Kinn irányításával magánúton tanult, segesvári gimn.-ban folytatta tanulmányait (1836–45), a lipcsei és a berlini egyetemen klasszika filológiát, filozófiát, történelmet és teológiát (1845–47) tanult. Bethlen János gr. gyermekeinek nevelője Kv.-on (1848); segédtanár Szászrégenben (1848), majd a segesvári Ev. Főgimn. tanárának választották (1848. nov. 5.); uo. igazgató (1869. júl. 25. – 1872. jún. 6.). Segesden ev. lelkész 14 évig, amikor is a kimerítő munka és a betegség miatt meghalt (1872–86). Fr. Müller, Fr. Wilhelm Schuster, Johann Mätz és Johann Albert kortársaival kutatta az erdélyi szászok kultúráját. Népköltészeti gyűjtőútjain összeírta a szász folklór több száz alkotását. Munkásságát a Grimm testvérek támogatták. Kapcsolatban állt németo.-i neves kutatókkal és gyűjtőkkel. Az Erdélyi Földrajzi Társaság kiadta Idiotikon c. szótárának (1851) jelentős előmunkálatait ő végezte el. Tagja volt a Germanisches Nationalmuseum Tudós Választmányának Nürnbergben (1859), az Erdélyi Földrajzi Társaság Választmányának (1860), alapítótagja a segesvári Humboldt Egyesületnek (1869). Erdélyben alig volt olyan sajtóoránum, amelynek (1850–) haláláig ne lett volna munkatársa. Cikkeit közölte a segesvári Főgimnázium Programja, a Fromann Zeitschrift, a Siebenbürger Bote, a Siebenbürgisch Deutsches Wochenblatt, az Archiv des Vereins für siebenbürgische Landeskunde, a Hermannstädter Zeitung, Siebenbürgisch-deutsches Tageblatt újság, a Sächsischer Hausfreund c. naptár. Szerkesztette a segesvári Ev. Főgimnázium Programját (1870–72). Szülővárosát nem feledte, előadásokkal vett részt a Verein für siebenbürgische Landeskunde társaság Szászrégenben rendezett közgyűlésein (1857, 1881), szoros kapcsolatot tartott a tanárokkal, különösen Wilhelm Hellwiggel, támogatta a régeni iskola gimn. &#8211;má való átalakítását. Háza Segesváron épült a 16. sz. -ban, 1901 az új szárnya, „A” kategóriába tartozó műemlék (Scării u. 6.). A segesvári szász líc. felvette a Josef Haltrich nevet (1972), az épület 17. sz.-i, majd 1887–1920 átépítették, bővítették, az „A” kategóriába tartozó műemlék (Bastionului u. 3.). – <strong>F. m.:</strong> Deutsche Volksmärchen aus dem Sachsenlande in Siebenbürgen (Berlin, 1856; Szeben, 1877; Vien, 1882; 1885); Die Stiefmütter, die Stief-, Waissenkinder in der siebenbürgisch-sächsischen Volks-Poesie (Wien, 1856); Zur Geschichte von Sächsisch-Regen seit den letzten 100 Jahren (Kronstadt, 1858); Plan zu Vorarbeiten für ein Idiotikon den siebenbürgisch-sächsischen Volkssprache (Hermannstadt, 1865); Negative Ideotismen der Siebenbürgische sächsischen Volkssprache zur Kulturgeschichte der Sachsen in Siebenbürgen (1866); Deutsche Inschriften aus Siebenbürgen (Hermannstadt, 1867); Zur Kulturgeschichte der Sachsen in Siebenbürgen (Hermannstadt, 1867); Die Macht- und Herrschaft des Aberglaubens in seinen vielfachen (Herrmannstadt, 1871); Sächsischer Volkswitz und Volkshumor (1881); Zur Volkskunde der Siebenbürger Sachsen: Kleine Schriften (Wien, 1885); A csodafa (erdélyi szász népmesék; Buk., 1970); Sächsischen Volsksmärchen aus Siebenbürgen (Buk., 1974). <br /><strong>Irod.:</strong> Apold; Bíró Donát; Cziráki Zsuzsanna: Az erdélyi szászok története – Erdélyi szász irodalomtörténet (Kozármisleny, 2006); Dascăli mureşeni 4.; Gaz. Regh. (1994. 5. sz.); Gulyás; LSS; A mo-i középiskolákban 1850–55 megjelent összes programértekezéseknek repertóriuma (Bp., 1887); Művtört. T. 1979; Mureş, judeţ; Profiluri mureşene. 1.; Profiluri reghinene; Regh. cult. 2.; Szabó–Szögi; Szinnyei; Teutsch F.; Valori mureşene de patrimoniu</br></p>

<p>Szászrégen, 1822. júl. 22., † Segesvár, 1886. máj. 17.: lelkész, tanár, történész, népmese- és népkötészeti gyűjtő. – Elemi iskoláit szűlővárosában végezte, két évig a Johann Kinn irányításával magánúton tanult, segesvári gimn.-ban folytatta tanulmányait (1836–45), a lipcsei és a berlini egyetemen klasszika filológiát, filozófiát, történelmet és teológiát (1845–47) tanult. Bethlen János gr. gyermekeinek nevelője Kv.-on (1848); [&hellip;]</p>
