{"id":9585,"date":"2025-06-29T12:50:02","date_gmt":"2025-06-29T10:50:02","guid":{"rendered":"https:\/\/uj.adatbank.ro\/lexikon\/termek\/haltrich-karoly\/"},"modified":"2025-06-29T12:50:02","modified_gmt":"2025-06-29T10:50:02","slug":"haltrich-karoly","status":"publish","type":"product","link":"https:\/\/uj.adatbank.ro\/lexikon\/termek\/haltrich-karoly\/","title":{"rendered":"HALTRICH K\u00e1roly"},"content":{"rendered":"<p>Petele, 1840. febr. 7., \u2020 Nagyszeben, 1890.: ev. gimn. tan\u00e1r. \u2013 Apja pap volt. \u2013 A gimn. -ot Segesv\u00e1ron, a teologia, f\u00f6ldrajz-t\u00f6rt\u00e9nelem szakot J\u00e9n\u00e1ban (1859\u201361) v\u00e9gezte. Hazat\u00e9rve a sz\u00e1szr\u00e9geni ev. gimn. tan\u00e1ra (1861\u201365); a nagyszebeni elmegy\u00f3gyint\u00e9zet betege (1865\u201370); \u00fajb\u00f3l Sz\u00e9szr\u00e9genben tan\u00edtott (1870\u201375). Tanulm\u00e1nya a Progr. d. Ev. Gymn. A. B. in S\u00e4chsisch Regen-ben jelent meg. <br \/><strong>Irod.:<\/strong> Guly\u00e1s; A mo-i k\u00f6z\u00e9piskol\u00e1kban 1850\u201355 megjelent \u00f6sszes program\u00e9rtekez\u00e9seknek repert\u00f3riuma (Bp., 1887), Szab\u00f3\u2013Simon\u2013Sz\u00f6gi<\/br><\/p>\n","protected":false},"excerpt":{"rendered":"<p>Petele, 1840. febr. 7., \u2020 Nagyszeben, 1890.: ev. gimn. tan\u00e1r. \u2013 Apja pap volt. \u2013 A gimn. -ot Segesv\u00e1ron, a teologia, f\u00f6ldrajz-t\u00f6rt\u00e9nelem szakot J\u00e9n\u00e1ban (1859\u201361) v\u00e9gezte. Hazat\u00e9rve a sz\u00e1szr\u00e9geni ev. gimn. tan\u00e1ra (1861\u201365); a nagyszebeni elmegy\u00f3gyint\u00e9zet betege (1865\u201370); \u00fajb\u00f3l Sz\u00e9szr\u00e9genben tan\u00edtott (1870\u201375). Tanulm\u00e1nya a Progr. d. Ev. Gymn. A. B. in S\u00e4chsisch Regen-ben jelent meg. [&hellip;]<\/p>\n","protected":false},"featured_media":0,"comment_status":"open","ping_status":"closed","template":"","meta":[],"product_brand":[],"product_cat":[137],"product_tag":[],"class_list":{"0":"post-9585","1":"product","2":"type-product","3":"status-publish","5":"product_cat-maros-megyei-eletrajzi-lexikon","7":"first","8":"instock","9":"shipping-taxable","10":"product-type-simple"},"_links":{"self":[{"href":"https:\/\/uj.adatbank.ro\/lexikon\/wp-json\/wp\/v2\/product\/9585","targetHints":{"allow":["GET"]}}],"collection":[{"href":"https:\/\/uj.adatbank.ro\/lexikon\/wp-json\/wp\/v2\/product"}],"about":[{"href":"https:\/\/uj.adatbank.ro\/lexikon\/wp-json\/wp\/v2\/types\/product"}],"replies":[{"embeddable":true,"href":"https:\/\/uj.adatbank.ro\/lexikon\/wp-json\/wp\/v2\/comments?post=9585"}],"wp:attachment":[{"href":"https:\/\/uj.adatbank.ro\/lexikon\/wp-json\/wp\/v2\/media?parent=9585"}],"wp:term":[{"taxonomy":"product_brand","embeddable":true,"href":"https:\/\/uj.adatbank.ro\/lexikon\/wp-json\/wp\/v2\/product_brand?post=9585"},{"taxonomy":"product_cat","embeddable":true,"href":"https:\/\/uj.adatbank.ro\/lexikon\/wp-json\/wp\/v2\/product_cat?post=9585"},{"taxonomy":"product_tag","embeddable":true,"href":"https:\/\/uj.adatbank.ro\/lexikon\/wp-json\/wp\/v2\/product_tag?post=9585"}],"curies":[{"name":"wp","href":"https:\/\/api.w.org\/{rel}","templated":true}]}}

HALTRICH Károly

<p>Petele, 1840. febr. 7., † Nagyszeben, 1890.: ev. gimn. tanár. – Apja pap volt. – A gimn. -ot Segesváron, a teologia, földrajz-történelem szakot Jénában (1859–61) végezte. Hazatérve a szászrégeni ev. gimn. tanára (1861–65); a nagyszebeni elmegyógyintézet betege (1865–70); újból Szészrégenben tanított (1870–75). Tanulmánya a Progr. d. Ev. Gymn. A. B. in Sächsisch Regen-ben jelent meg. <br /><strong>Irod.:</strong> Gulyás; A mo-i középiskolákban 1850–55 megjelent összes programértekezéseknek repertóriuma (Bp., 1887), Szabó–Simon–Szögi</br></p>

<p>Petele, 1840. febr. 7., † Nagyszeben, 1890.: ev. gimn. tanár. – Apja pap volt. – A gimn. -ot Segesváron, a teologia, földrajz-történelem szakot Jénában (1859–61) végezte. Hazatérve a szászrégeni ev. gimn. tanára (1861–65); a nagyszebeni elmegyógyintézet betege (1865–70); újból Szészrégenben tanított (1870–75). Tanulmánya a Progr. d. Ev. Gymn. A. B. in Sächsisch Regen-ben jelent meg. [&hellip;]</p>
