{"id":9586,"date":"2025-06-29T12:50:04","date_gmt":"2025-06-29T10:50:04","guid":{"rendered":"https:\/\/uj.adatbank.ro\/lexikon\/termek\/haltrich-konrad\/"},"modified":"2025-06-29T12:50:04","modified_gmt":"2025-06-29T10:50:04","slug":"haltrich-konrad","status":"publish","type":"product","link":"https:\/\/uj.adatbank.ro\/lexikon\/termek\/haltrich-konrad\/","title":{"rendered":"HALTRICH Konr\u00e1d"},"content":{"rendered":"<p>Segesv\u00e1r, 1863. m\u00e1j. 21., \u2020\u00a0Brass\u00f3, 1943. szept. 9.: ev. lelk\u00e9sz. \u2013 Apja lelk\u00e9sz Segesv\u00e1ron. \u2013 A gimn. -ot sz\u00fcl\u0151v\u00e1ros\u00e1ban, a klasszika filologi\u00e1t \u00e9s teol\u00f3gi\u00e1t J\u00e9n\u00e1ban (1882\u2013), Bernben (1883), Berlinben (1884\u201385), Kv.-on hallgatta (1887\u201395). Hazat\u00e9rve pr\u00e9dik\u00e1tor \u00e9s a segesv\u00e1ri ev. gimn. tan\u00e1ra (1887\u201395); lelk\u00e9sz Botfaluban (1895\u20131912), Barcaszentp\u00e9teren (1912\u201336). \u00c9rtekez\u00e9se: Progr. d. Ev. Gymn. A. B. i. Sch\u00e4ssburg-ban. <br \/><strong>Irod.:<\/strong> Guly\u00e1s; Szab\u00f3\u2013Simon\u2013Sz\u00f6gi<\/br><\/p>\n","protected":false},"excerpt":{"rendered":"<p>Segesv\u00e1r, 1863. m\u00e1j. 21., \u2020\u00a0Brass\u00f3, 1943. szept. 9.: ev. lelk\u00e9sz. \u2013 Apja lelk\u00e9sz Segesv\u00e1ron. \u2013 A gimn. -ot sz\u00fcl\u0151v\u00e1ros\u00e1ban, a klasszika filologi\u00e1t \u00e9s teol\u00f3gi\u00e1t J\u00e9n\u00e1ban (1882\u2013), Bernben (1883), Berlinben (1884\u201385), Kv.-on hallgatta (1887\u201395). Hazat\u00e9rve pr\u00e9dik\u00e1tor \u00e9s a segesv\u00e1ri ev. gimn. tan\u00e1ra (1887\u201395); lelk\u00e9sz Botfaluban (1895\u20131912), Barcaszentp\u00e9teren (1912\u201336). \u00c9rtekez\u00e9se: Progr. d. Ev. Gymn. A. B. i. [&hellip;]<\/p>\n","protected":false},"featured_media":0,"comment_status":"open","ping_status":"closed","template":"","meta":[],"product_brand":[],"product_cat":[137],"product_tag":[],"class_list":{"0":"post-9586","1":"product","2":"type-product","3":"status-publish","5":"product_cat-maros-megyei-eletrajzi-lexikon","7":"first","8":"instock","9":"shipping-taxable","10":"product-type-simple"},"_links":{"self":[{"href":"https:\/\/uj.adatbank.ro\/lexikon\/wp-json\/wp\/v2\/product\/9586","targetHints":{"allow":["GET"]}}],"collection":[{"href":"https:\/\/uj.adatbank.ro\/lexikon\/wp-json\/wp\/v2\/product"}],"about":[{"href":"https:\/\/uj.adatbank.ro\/lexikon\/wp-json\/wp\/v2\/types\/product"}],"replies":[{"embeddable":true,"href":"https:\/\/uj.adatbank.ro\/lexikon\/wp-json\/wp\/v2\/comments?post=9586"}],"wp:attachment":[{"href":"https:\/\/uj.adatbank.ro\/lexikon\/wp-json\/wp\/v2\/media?parent=9586"}],"wp:term":[{"taxonomy":"product_brand","embeddable":true,"href":"https:\/\/uj.adatbank.ro\/lexikon\/wp-json\/wp\/v2\/product_brand?post=9586"},{"taxonomy":"product_cat","embeddable":true,"href":"https:\/\/uj.adatbank.ro\/lexikon\/wp-json\/wp\/v2\/product_cat?post=9586"},{"taxonomy":"product_tag","embeddable":true,"href":"https:\/\/uj.adatbank.ro\/lexikon\/wp-json\/wp\/v2\/product_tag?post=9586"}],"curies":[{"name":"wp","href":"https:\/\/api.w.org\/{rel}","templated":true}]}}

HALTRICH Konrád

<p>Segesvár, 1863. máj. 21., † Brassó, 1943. szept. 9.: ev. lelkész. – Apja lelkész Segesváron. – A gimn. -ot szülővárosában, a klasszika filologiát és teológiát Jénában (1882–), Bernben (1883), Berlinben (1884–85), Kv.-on hallgatta (1887–95). Hazatérve prédikátor és a segesvári ev. gimn. tanára (1887–95); lelkész Botfaluban (1895–1912), Barcaszentpéteren (1912–36). Értekezése: Progr. d. Ev. Gymn. A. B. i. Schässburg-ban. <br /><strong>Irod.:</strong> Gulyás; Szabó–Simon–Szögi</br></p>

<p>Segesvár, 1863. máj. 21., † Brassó, 1943. szept. 9.: ev. lelkész. – Apja lelkész Segesváron. – A gimn. -ot szülővárosában, a klasszika filologiát és teológiát Jénában (1882–), Bernben (1883), Berlinben (1884–85), Kv.-on hallgatta (1887–95). Hazatérve prédikátor és a segesvári ev. gimn. tanára (1887–95); lelkész Botfaluban (1895–1912), Barcaszentpéteren (1912–36). Értekezése: Progr. d. Ev. Gymn. A. B. i. [&hellip;]</p>
