{"id":9590,"date":"2025-06-29T12:50:13","date_gmt":"2025-06-29T10:50:13","guid":{"rendered":"https:\/\/uj.adatbank.ro\/lexikon\/termek\/haltrich-sara\/"},"modified":"2025-06-29T12:50:13","modified_gmt":"2025-06-29T10:50:13","slug":"haltrich-sara","status":"publish","type":"product","link":"https:\/\/uj.adatbank.ro\/lexikon\/termek\/haltrich-sara\/","title":{"rendered":"HALTRICH S\u00e1ra"},"content":{"rendered":"<p>1920. \u2020 ? : tan\u00e1r. \u2013 F\u00e9rje: Haltrich Rudolf. -Sz\u00e1szr\u00e9genben a M. Ped. Iskol\u00e1ban m. ny. -et \u00e9s irodalmat tan\u00edtott nyugd\u00edjaz\u00e1s\u00e1ig (1949\u201377). Mivel \u00e9desapj\u00e1nak Mv.-en saj\u00e1t gy\u00f3gyszert\u00e1ra volt, az 50-es \u00e9vekben eltiltott\u00e1k a tan\u00edt\u00e1st\u00f3l. Addig k\u00fczd\u00f6tt, am\u00edg visszavett\u00e9k a tan\u00fcgybe. Tev\u00e9kenyen vett r\u00e9szt a v\u00e1ros m\u0171vel\u0151d\u00e9si \u00e9let\u00e9ben is: \u00edr\u00f3-olvas\u00f3 tal\u00e1lkoz\u00f3kat szervezett, sz\u00edn\u00e9szeket, fest\u0151ket h\u00edvott meg. A M\u0171vel\u0151d\u00e9si H\u00e1z keret\u00e9ben a Kem\u00e9ny J\u00e1nos Irodalmi K\u00f6r egyik l\u00e9treh\u00edv\u00f3ja volt. F\u00e9rj\u00e9vel megszervezt\u00e9k \u00e9s vezett\u00e9k a b\u00e1bj\u00e1tsz\u00f3 csoportot. Csal\u00e1dj\u00e1val No. -ba telepedett \u00e1t (1989). <br \/><strong>Irod.:<\/strong> Regh. Cult. (10., 2010)<\/br><\/p>\n","protected":false},"excerpt":{"rendered":"<p>1920. \u2020 ? : tan\u00e1r. \u2013 F\u00e9rje: Haltrich Rudolf. -Sz\u00e1szr\u00e9genben a M. Ped. Iskol\u00e1ban m. ny. -et \u00e9s irodalmat tan\u00edtott nyugd\u00edjaz\u00e1s\u00e1ig (1949\u201377). Mivel \u00e9desapj\u00e1nak Mv.-en saj\u00e1t gy\u00f3gyszert\u00e1ra volt, az 50-es \u00e9vekben eltiltott\u00e1k a tan\u00edt\u00e1st\u00f3l. Addig k\u00fczd\u00f6tt, am\u00edg visszavett\u00e9k a tan\u00fcgybe. Tev\u00e9kenyen vett r\u00e9szt a v\u00e1ros m\u0171vel\u0151d\u00e9si \u00e9let\u00e9ben is: \u00edr\u00f3-olvas\u00f3 tal\u00e1lkoz\u00f3kat szervezett, sz\u00edn\u00e9szeket, fest\u0151ket h\u00edvott meg. [&hellip;]<\/p>\n","protected":false},"featured_media":0,"comment_status":"open","ping_status":"closed","template":"","meta":[],"product_brand":[],"product_cat":[137],"product_tag":[],"class_list":{"0":"post-9590","1":"product","2":"type-product","3":"status-publish","5":"product_cat-maros-megyei-eletrajzi-lexikon","7":"first","8":"instock","9":"shipping-taxable","10":"product-type-simple"},"_links":{"self":[{"href":"https:\/\/uj.adatbank.ro\/lexikon\/wp-json\/wp\/v2\/product\/9590","targetHints":{"allow":["GET"]}}],"collection":[{"href":"https:\/\/uj.adatbank.ro\/lexikon\/wp-json\/wp\/v2\/product"}],"about":[{"href":"https:\/\/uj.adatbank.ro\/lexikon\/wp-json\/wp\/v2\/types\/product"}],"replies":[{"embeddable":true,"href":"https:\/\/uj.adatbank.ro\/lexikon\/wp-json\/wp\/v2\/comments?post=9590"}],"wp:attachment":[{"href":"https:\/\/uj.adatbank.ro\/lexikon\/wp-json\/wp\/v2\/media?parent=9590"}],"wp:term":[{"taxonomy":"product_brand","embeddable":true,"href":"https:\/\/uj.adatbank.ro\/lexikon\/wp-json\/wp\/v2\/product_brand?post=9590"},{"taxonomy":"product_cat","embeddable":true,"href":"https:\/\/uj.adatbank.ro\/lexikon\/wp-json\/wp\/v2\/product_cat?post=9590"},{"taxonomy":"product_tag","embeddable":true,"href":"https:\/\/uj.adatbank.ro\/lexikon\/wp-json\/wp\/v2\/product_tag?post=9590"}],"curies":[{"name":"wp","href":"https:\/\/api.w.org\/{rel}","templated":true}]}}

HALTRICH Sára

<p>1920. † ? : tanár. – Férje: Haltrich Rudolf. -Szászrégenben a M. Ped. Iskolában m. ny. -et és irodalmat tanított nyugdíjazásáig (1949–77). Mivel édesapjának Mv.-en saját gyógyszertára volt, az 50-es években eltiltották a tanítástól. Addig küzdött, amíg visszavették a tanügybe. Tevékenyen vett részt a város művelődési életében is: író-olvasó találkozókat szervezett, színészeket, festőket hívott meg. A Művelődési Ház keretében a Kemény János Irodalmi Kör egyik létrehívója volt. Férjével megszervezték és vezették a bábjátszó csoportot. Családjával No. -ba telepedett át (1989). <br /><strong>Irod.:</strong> Regh. Cult. (10., 2010)</br></p>

<p>1920. † ? : tanár. – Férje: Haltrich Rudolf. -Szászrégenben a M. Ped. Iskolában m. ny. -et és irodalmat tanított nyugdíjazásáig (1949–77). Mivel édesapjának Mv.-en saját gyógyszertára volt, az 50-es években eltiltották a tanítástól. Addig küzdött, amíg visszavették a tanügybe. Tevékenyen vett részt a város művelődési életében is: író-olvasó találkozókat szervezett, színészeket, festőket hívott meg. [&hellip;]</p>
