{"id":9591,"date":"2025-06-29T12:50:16","date_gmt":"2025-06-29T10:50:16","guid":{"rendered":"https:\/\/uj.adatbank.ro\/lexikon\/termek\/hamar-marton\/"},"modified":"2025-06-29T12:50:16","modified_gmt":"2025-06-29T10:50:16","slug":"hamar-marton","status":"publish","type":"product","link":"https:\/\/uj.adatbank.ro\/lexikon\/termek\/hamar-marton\/","title":{"rendered":"HAMAR M\u00e1rton"},"content":{"rendered":"<p>Radn\u00f3t, 1927. febr. 5., \u2020 Buk., 1987. m\u00e1rc. 24. s\u00edrja a mv.-i ref. temet\u0151ben: biol\u00f3gus, zool\u00f3gus, akad\u00e9mikus, dr. docens. \u2013 K\u00f6z\u00e9piskol\u00e1it a mv.-i Ref. Koll.-ban (1947), egyetemi tanulm\u00e1nyait Kv.-on a BTE-en \u00e9s a szvedlovszki Maxim Gorkij egyetemen (1959\u201354) v\u00e9gezte; doktor\u00e1lt a Moszkv\u00e1ban a Lomonoszov Egyetemen (1959). A buk.-i Mez\u0151gazdas\u00e1gi Kutat\u00f3int\u00e9zet n\u0151v\u00e9nyv\u00e9delmi r\u00e9szleg\u00e9nek kutat\u00f3ja (1954\u2013), majd a N\u00f6v\u00e9nyv\u00e9delmi Kutat\u00f3int\u00e9zet kiseml\u0151s laborat\u00f3rium\u00e1nak vezet\u0151je; docens doktor (1970). Szakel\u0151ad\u00e1sokkal vett r\u00e9szt orsz\u00e1gos tan\u00e1cskoz\u00e1sokon \u00e9s k\u00fclf\u00f6ldi rendezv\u00e9nyeken: Moszkva, Ath\u00e9n, Helsinki, Pr\u00e1ga, Washington, Oxford, Genf-ben. Tagja volt a Nemzetk\u00f6zi Eml\u0151skutat\u00f3 Bizotts\u00e1g vezet\u0151s\u00e9g\u00e9nek, a Nyugatn\u00e9met Eml\u0151skutat\u00f3 T\u00e1rsas\u00e1gnak, az American Science Society-nek, levelez\u0151 tagja a Mez\u0151gazdas\u00e1gtudom\u00e1nyi \u00e9s Erd\u00e9szeti Akad. -nak (1969\u2013). Egyed\u00fcl \u00e9s szerz\u0151t\u00e1rsakkal t\u0151bb sz\u00e1z tudom\u00e1nyos k\u00f6zlem\u00e9nye, recenzi\u00f3ja, \u00edr\u00e1sa jelent meg rom\u00e1n, m., orosz, angol, n\u00e9met \u00e9s francia nyelven hazai \u00e9s k\u00fclf\u00f6ldi foly\u00f3iratokban Rom\u00e1nia r\u00e1gcs\u00e1l\u00f3ir\u00f3l, a vel\u00fck kapcsolatos \u00f6kol\u00f3giai, zoogeogr\u00e1fiai, alkalmazott biol\u00f3iai k\u00e9rd\u00e9sekr\u0151l; szakmai t\u00e1j\u00e9koztat\u00f3 cikkeit, mez\u0151gazdas\u00e1gi ismeretterjeszt\u0151 \u00edr\u00e1sait, \u00fatle\u00edr\u00e1sait \u00e9s tudom\u00e1nyos riportjait a Natura, Probleme agricole, \u015etiin\u0163a \u015fi tehnica, Sc\u00e2nteia, Ifj\u00famunk\u00e1s, El\u0151re, V\u00f6r\u00f6s Z\u00e1szl\u00f3, Megyei T\u00fck\u00f6r, J\u00f3bar\u00e1t, Munk\u00e1s\u00e1let, A H\u00e9t k\u00f6z\u00f6lte. Radn\u00f3t d\u00edszpolg\u00e1ra p. m. (2000). \u2013 <strong>F. m.:<\/strong> Napkeleti \u00f6sv\u00e9nyeken (\u00fatik\u00f6nyv; Buk., 1963); Din via\u0163a roz\u0103toarelor (Buc., 1967); V\u00e9get nem \u00e9r\u0151 nappalok (\u00fatik\u00f6nyv; Buk., 1971); Viselked\u00e9sek az \u00e1llatvil\u00e1gban (Buk., 1982); <strong>t\u00e1rssz.:<\/strong> Roz\u0103toarele \u015fi combaterea lor (Sutova, Maia \u2013 Tu\u0163\u0103, Al. -val; Buc., 1968); Popula\u0163ii de animale (Tu\u0163\u0103, Al. -al; Buc., 1974). <br \/><strong>Irod.:<\/strong> Aranykorszak; K\u00e1ntor\u2013L\u00e1ng; KMI; Kusz\u00e1lik; M\u00c9L; Mv.-i ref. temet\u0151; Nagy Zsuzsa: Besz\u00e9lget\u00e9s H. M. -nal (\u00daj \u00c9let, 13. sz., 1971); RMIL; [Nekrol\u00f3g] (V. Z., 1987. m\u00e1rc. 25.); Tett (1977. 2. sz.); \u00daM\u00c9L<\/br><\/p>\n","protected":false},"excerpt":{"rendered":"<p>Radn\u00f3t, 1927. febr. 5., \u2020 Buk., 1987. m\u00e1rc. 24. s\u00edrja a mv.-i ref. temet\u0151ben: biol\u00f3gus, zool\u00f3gus, akad\u00e9mikus, dr. docens. \u2013 K\u00f6z\u00e9piskol\u00e1it a mv.-i Ref. Koll.-ban (1947), egyetemi tanulm\u00e1nyait Kv.-on a BTE-en \u00e9s a szvedlovszki Maxim Gorkij egyetemen (1959\u201354) v\u00e9gezte; doktor\u00e1lt a Moszkv\u00e1ban a Lomonoszov Egyetemen (1959). A buk.-i Mez\u0151gazdas\u00e1gi Kutat\u00f3int\u00e9zet n\u0151v\u00e9nyv\u00e9delmi r\u00e9szleg\u00e9nek kutat\u00f3ja (1954\u2013), majd [&hellip;]<\/p>\n","protected":false},"featured_media":0,"comment_status":"open","ping_status":"closed","template":"","meta":[],"product_brand":[],"product_cat":[137],"product_tag":[],"class_list":{"0":"post-9591","1":"product","2":"type-product","3":"status-publish","5":"product_cat-maros-megyei-eletrajzi-lexikon","7":"first","8":"instock","9":"shipping-taxable","10":"product-type-simple"},"_links":{"self":[{"href":"https:\/\/uj.adatbank.ro\/lexikon\/wp-json\/wp\/v2\/product\/9591","targetHints":{"allow":["GET"]}}],"collection":[{"href":"https:\/\/uj.adatbank.ro\/lexikon\/wp-json\/wp\/v2\/product"}],"about":[{"href":"https:\/\/uj.adatbank.ro\/lexikon\/wp-json\/wp\/v2\/types\/product"}],"replies":[{"embeddable":true,"href":"https:\/\/uj.adatbank.ro\/lexikon\/wp-json\/wp\/v2\/comments?post=9591"}],"wp:attachment":[{"href":"https:\/\/uj.adatbank.ro\/lexikon\/wp-json\/wp\/v2\/media?parent=9591"}],"wp:term":[{"taxonomy":"product_brand","embeddable":true,"href":"https:\/\/uj.adatbank.ro\/lexikon\/wp-json\/wp\/v2\/product_brand?post=9591"},{"taxonomy":"product_cat","embeddable":true,"href":"https:\/\/uj.adatbank.ro\/lexikon\/wp-json\/wp\/v2\/product_cat?post=9591"},{"taxonomy":"product_tag","embeddable":true,"href":"https:\/\/uj.adatbank.ro\/lexikon\/wp-json\/wp\/v2\/product_tag?post=9591"}],"curies":[{"name":"wp","href":"https:\/\/api.w.org\/{rel}","templated":true}]}}

HAMAR Márton

<p>Radnót, 1927. febr. 5., † Buk., 1987. márc. 24. sírja a mv.-i ref. temetőben: biológus, zoológus, akadémikus, dr. docens. – Középiskoláit a mv.-i Ref. Koll.-ban (1947), egyetemi tanulmányait Kv.-on a BTE-en és a szvedlovszki Maxim Gorkij egyetemen (1959–54) végezte; doktorált a Moszkvában a Lomonoszov Egyetemen (1959). A buk.-i Mezőgazdasági Kutatóintézet nővényvédelmi részlegének kutatója (1954–), majd a Növényvédelmi Kutatóintézet kisemlős laboratóriumának vezetője; docens doktor (1970). Szakelőadásokkal vett részt országos tanácskozásokon és külföldi rendezvényeken: Moszkva, Athén, Helsinki, Prága, Washington, Oxford, Genf-ben. Tagja volt a Nemzetközi Emlőskutató Bizottság vezetőségének, a Nyugatnémet Emlőskutató Társaságnak, az American Science Society-nek, levelező tagja a Mezőgazdaságtudományi és Erdészeti Akad. -nak (1969–). Egyedül és szerzőtársakkal tőbb száz tudományos közleménye, recenziója, írása jelent meg román, m., orosz, angol, német és francia nyelven hazai és külföldi folyóiratokban Románia rágcsálóiról, a velük kapcsolatos ökológiai, zoogeográfiai, alkalmazott biolóiai kérdésekről; szakmai tájékoztató cikkeit, mezőgazdasági ismeretterjesztő írásait, útleírásait és tudományos riportjait a Natura, Probleme agricole, Ştiinţa şi tehnica, Scânteia, Ifjúmunkás, Előre, Vörös Zászló, Megyei Tükör, Jóbarát, Munkásálet, A Hét közölte. Radnót díszpolgára p. m. (2000). – <strong>F. m.:</strong> Napkeleti ösvényeken (útikönyv; Buk., 1963); Din viaţa rozătoarelor (Buc., 1967); Véget nem érő nappalok (útikönyv; Buk., 1971); Viselkedések az állatvilágban (Buk., 1982); <strong>társsz.:</strong> Rozătoarele şi combaterea lor (Sutova, Maia – Tuţă, Al. -val; Buc., 1968); Populaţii de animale (Tuţă, Al. -al; Buc., 1974). <br /><strong>Irod.:</strong> Aranykorszak; Kántor–Láng; KMI; Kuszálik; MÉL; Mv.-i ref. temető; Nagy Zsuzsa: Beszélgetés H. M. -nal (Új Élet, 13. sz., 1971); RMIL; [Nekrológ] (V. Z., 1987. márc. 25.); Tett (1977. 2. sz.); ÚMÉL</br></p>

<p>Radnót, 1927. febr. 5., † Buk., 1987. márc. 24. sírja a mv.-i ref. temetőben: biológus, zoológus, akadémikus, dr. docens. – Középiskoláit a mv.-i Ref. Koll.-ban (1947), egyetemi tanulmányait Kv.-on a BTE-en és a szvedlovszki Maxim Gorkij egyetemen (1959–54) végezte; doktorált a Moszkvában a Lomonoszov Egyetemen (1959). A buk.-i Mezőgazdasági Kutatóintézet nővényvédelmi részlegének kutatója (1954–), majd [&hellip;]</p>
