{"id":9595,"date":"2025-06-29T12:50:21","date_gmt":"2025-06-29T10:50:21","guid":{"rendered":"https:\/\/uj.adatbank.ro\/lexikon\/termek\/hamlet-bela-hamlet-adalbert\/"},"modified":"2025-06-29T12:50:21","modified_gmt":"2025-06-29T10:50:21","slug":"hamlet-bela-hamlet-adalbert","status":"publish","type":"product","link":"https:\/\/uj.adatbank.ro\/lexikon\/termek\/hamlet-bela-hamlet-adalbert\/","title":{"rendered":"HAMLET B\u00e9la, Hamlet Adalbert"},"content":{"rendered":"<p>Marosbog\u00e1t, 1905. dec. 26., \u2020\u00a0Mv., 1960. j\u00fan. 10.: t\u00fck\u00f6rgy\u00e1ros, sportol\u00f3, hivatalnok. \u2013 H. Ioan \/ J\u00e1nos \u00e9s Roz\u00e1lia fia. Testv\u00e1rei: \u00c1ron \u00e9s Jakab. \u2013 Kereskedelmi \u00e9retts\u00e9gizett, k\u00f6z\u00e9piskola ut\u00e1n textilkeresked\u0151i p\u00e1ly\u00e1ra l\u00e9pett. B\u00e1tyj\u00e1val l\u00e9trehozt\u00e1k Mv.-en az els\u0151 t\u00fck\u00f6rgy\u00e1rat (1929\u2013). Szenved\u00e9lyes labdar\u00fag\u00f3k\u00e9nt 18-szor volt v\u00e1logatott j\u00e1t\u00e9kos, \u00e9s n\u00e9gy \u00e9rmet nyert. Tagja volt a Mv.-i Sportegyletnek. A \u201eMizrachi\u201d szervezet tagja volt. Sokat tett a v\u00e1ros zsid\u00f3s\u00e1ga \u00e9rdek\u00e9ben. Mv.-en hivatalnok, a securitate megfigyeltette (1952 k.). Feles\u00e9g\u00e9t (1915\u2013) Mv. -r\u0151l deport\u00e1lt\u00e1k (1944. m\u00e1j. 29.). <br \/><strong>Irod.:<\/strong> Bartos 2012; Lexiconul vie\u0163ii publice; Mv. zsid\u00f3s\u00e1ga; Mv.-i zsid\u00f3 temet\u0151 dok.<\/br><\/p>\n","protected":false},"excerpt":{"rendered":"<p>Marosbog\u00e1t, 1905. dec. 26., \u2020\u00a0Mv., 1960. j\u00fan. 10.: t\u00fck\u00f6rgy\u00e1ros, sportol\u00f3, hivatalnok. \u2013 H. Ioan \/ J\u00e1nos \u00e9s Roz\u00e1lia fia. Testv\u00e1rei: \u00c1ron \u00e9s Jakab. \u2013 Kereskedelmi \u00e9retts\u00e9gizett, k\u00f6z\u00e9piskola ut\u00e1n textilkeresked\u0151i p\u00e1ly\u00e1ra l\u00e9pett. B\u00e1tyj\u00e1val l\u00e9trehozt\u00e1k Mv.-en az els\u0151 t\u00fck\u00f6rgy\u00e1rat (1929\u2013). Szenved\u00e9lyes labdar\u00fag\u00f3k\u00e9nt 18-szor volt v\u00e1logatott j\u00e1t\u00e9kos, \u00e9s n\u00e9gy \u00e9rmet nyert. Tagja volt a Mv.-i Sportegyletnek. A \u201eMizrachi\u201d [&hellip;]<\/p>\n","protected":false},"featured_media":0,"comment_status":"open","ping_status":"closed","template":"","meta":[],"product_brand":[],"product_cat":[137],"product_tag":[],"class_list":{"0":"post-9595","1":"product","2":"type-product","3":"status-publish","5":"product_cat-maros-megyei-eletrajzi-lexikon","7":"first","8":"instock","9":"shipping-taxable","10":"product-type-simple"},"_links":{"self":[{"href":"https:\/\/uj.adatbank.ro\/lexikon\/wp-json\/wp\/v2\/product\/9595","targetHints":{"allow":["GET"]}}],"collection":[{"href":"https:\/\/uj.adatbank.ro\/lexikon\/wp-json\/wp\/v2\/product"}],"about":[{"href":"https:\/\/uj.adatbank.ro\/lexikon\/wp-json\/wp\/v2\/types\/product"}],"replies":[{"embeddable":true,"href":"https:\/\/uj.adatbank.ro\/lexikon\/wp-json\/wp\/v2\/comments?post=9595"}],"wp:attachment":[{"href":"https:\/\/uj.adatbank.ro\/lexikon\/wp-json\/wp\/v2\/media?parent=9595"}],"wp:term":[{"taxonomy":"product_brand","embeddable":true,"href":"https:\/\/uj.adatbank.ro\/lexikon\/wp-json\/wp\/v2\/product_brand?post=9595"},{"taxonomy":"product_cat","embeddable":true,"href":"https:\/\/uj.adatbank.ro\/lexikon\/wp-json\/wp\/v2\/product_cat?post=9595"},{"taxonomy":"product_tag","embeddable":true,"href":"https:\/\/uj.adatbank.ro\/lexikon\/wp-json\/wp\/v2\/product_tag?post=9595"}],"curies":[{"name":"wp","href":"https:\/\/api.w.org\/{rel}","templated":true}]}}