{"id":9600,"date":"2025-06-29T12:50:37","date_gmt":"2025-06-29T10:50:37","guid":{"rendered":"https:\/\/uj.adatbank.ro\/lexikon\/termek\/hammer-konrad\/"},"modified":"2025-06-29T12:50:37","modified_gmt":"2025-06-29T10:50:37","slug":"hammer-konrad","status":"publish","type":"product","link":"https:\/\/uj.adatbank.ro\/lexikon\/termek\/hammer-konrad\/","title":{"rendered":"HAMMER Konr\u00e1d"},"content":{"rendered":"<p>? \u2020 1748.: k\u0151m\u0171vesmester, n\u00e9met \u00e9p\u00edt\u0151mester. \u2013 Jezsuita, kv.-i v\u00e1rosi tan\u00e1cs h\u00edv\u00e1s\u00e1ra Schwalbachb\u00f3l \u00e9rkezett, a v\u00e1ros falainak meger\u0151s\u00edt\u00e9s\u00e9re k\u00e9rt\u00e9k fel (1717 k. \u2013). \u0150 \u00e9p\u00edtette a kv.-i jezsuita akad.-i templomot (1718\u201320), a ferences templomot \u00fajraboltozta \u00e9s a torny\u00e1t fel\u00e9p\u00edtette (1728, 1734\u201345), a Szt. Mih\u00e1ly templom barokk-kori torny\u00e1t (1742\u201344). Mv.-en is dolgozott, a jezsuita Keresztel\u0151 Szent J\u00e1nos r. k. pl\u00e9b\u00e1nia templom kivitelez\u0151 \u00e9p\u00edt\u0151je (1728\u201348), barokk st\u00edlus\u00fa, k\u00e9ttorny\u00fa templom. \u2013 Irod: B. Nagy Margit 1970; Kereszetes Gyula: A Pl\u00e9b\u00e1niatemplom (N\u00fa., 1990. okt. 19.); Kov\u00e1cs Andr\u00e1s; Man: Tg. M.; Maros megye; Mv. -Bal\u00e1s; \u00daIL<\/br><\/p>\n","protected":false},"excerpt":{"rendered":"<p>? \u2020 1748.: k\u0151m\u0171vesmester, n\u00e9met \u00e9p\u00edt\u0151mester. \u2013 Jezsuita, kv.-i v\u00e1rosi tan\u00e1cs h\u00edv\u00e1s\u00e1ra Schwalbachb\u00f3l \u00e9rkezett, a v\u00e1ros falainak meger\u0151s\u00edt\u00e9s\u00e9re k\u00e9rt\u00e9k fel (1717 k. \u2013). \u0150 \u00e9p\u00edtette a kv.-i jezsuita akad.-i templomot (1718\u201320), a ferences templomot \u00fajraboltozta \u00e9s a torny\u00e1t fel\u00e9p\u00edtette (1728, 1734\u201345), a Szt. Mih\u00e1ly templom barokk-kori torny\u00e1t (1742\u201344). Mv.-en is dolgozott, a jezsuita Keresztel\u0151 Szent [&hellip;]<\/p>\n","protected":false},"featured_media":0,"comment_status":"open","ping_status":"closed","template":"","meta":[],"product_brand":[],"product_cat":[137],"product_tag":[],"class_list":{"0":"post-9600","1":"product","2":"type-product","3":"status-publish","5":"product_cat-maros-megyei-eletrajzi-lexikon","7":"first","8":"instock","9":"shipping-taxable","10":"product-type-simple"},"_links":{"self":[{"href":"https:\/\/uj.adatbank.ro\/lexikon\/wp-json\/wp\/v2\/product\/9600","targetHints":{"allow":["GET"]}}],"collection":[{"href":"https:\/\/uj.adatbank.ro\/lexikon\/wp-json\/wp\/v2\/product"}],"about":[{"href":"https:\/\/uj.adatbank.ro\/lexikon\/wp-json\/wp\/v2\/types\/product"}],"replies":[{"embeddable":true,"href":"https:\/\/uj.adatbank.ro\/lexikon\/wp-json\/wp\/v2\/comments?post=9600"}],"wp:attachment":[{"href":"https:\/\/uj.adatbank.ro\/lexikon\/wp-json\/wp\/v2\/media?parent=9600"}],"wp:term":[{"taxonomy":"product_brand","embeddable":true,"href":"https:\/\/uj.adatbank.ro\/lexikon\/wp-json\/wp\/v2\/product_brand?post=9600"},{"taxonomy":"product_cat","embeddable":true,"href":"https:\/\/uj.adatbank.ro\/lexikon\/wp-json\/wp\/v2\/product_cat?post=9600"},{"taxonomy":"product_tag","embeddable":true,"href":"https:\/\/uj.adatbank.ro\/lexikon\/wp-json\/wp\/v2\/product_tag?post=9600"}],"curies":[{"name":"wp","href":"https:\/\/api.w.org\/{rel}","templated":true}]}}

HAMMER Konrád

<p>? † 1748.: kőművesmester, német építőmester. – Jezsuita, kv.-i városi tanács hívására Schwalbachból érkezett, a város falainak megerősítésére kérték fel (1717 k. –). Ő építette a kv.-i jezsuita akad.-i templomot (1718–20), a ferences templomot újraboltozta és a tornyát felépítette (1728, 1734–45), a Szt. Mihály templom barokk-kori tornyát (1742–44). Mv.-en is dolgozott, a jezsuita Keresztelő Szent János r. k. plébánia templom kivitelező építője (1728–48), barokk stílusú, kéttornyú templom. – Irod: B. Nagy Margit 1970; Kereszetes Gyula: A Plébániatemplom (Nú., 1990. okt. 19.); Kovács András; Man: Tg. M.; Maros megye; Mv. -Balás; ÚIL</br></p>

<p>? † 1748.: kőművesmester, német építőmester. – Jezsuita, kv.-i városi tanács hívására Schwalbachból érkezett, a város falainak megerősítésére kérték fel (1717 k. –). Ő építette a kv.-i jezsuita akad.-i templomot (1718–20), a ferences templomot újraboltozta és a tornyát felépítette (1728, 1734–45), a Szt. Mihály templom barokk-kori tornyát (1742–44). Mv.-en is dolgozott, a jezsuita Keresztelő Szent [&hellip;]</p>
