{"id":9602,"date":"2025-06-29T12:50:41","date_gmt":"2025-06-29T10:50:41","guid":{"rendered":"https:\/\/uj.adatbank.ro\/lexikon\/termek\/hamorszki-lajos-murad-bey-hamorszky-lajos\/"},"modified":"2025-06-29T12:50:41","modified_gmt":"2025-06-29T10:50:41","slug":"hamorszki-lajos-murad-bey-hamorszky-lajos","status":"publish","type":"product","link":"https:\/\/uj.adatbank.ro\/lexikon\/termek\/hamorszki-lajos-murad-bey-hamorszky-lajos\/","title":{"rendered":"HAMORSZKI Lajos, Murad bey, Hamorszky Lajos"},"content":{"rendered":"<p>1830., \u2020 Mv., 1894.: gy\u00f3gyszer\u00e9sz, t\u00f6r\u00f6k cs\u00e1sz\u00e1ri \u0151rnagy. \u2013 H. S\u00e1muel \u00e9s Marosi S\u00e1ra fia. Testv\u00e9rei: Istv\u00e1n, Karolina Kreszta K\u00e1rolyn\u00e9; Anna. \u2013 A szabads\u00e1gharc ut\u00e1n T\u00f6r\u00f6ko. -ba emigr\u00e1lt, ahol \u0151rnagyi rangot \u00e9rt el Murad n\u00e9ven. Hazal\u00e1togatott. Megn\u0151s\u00fclt. Mv.-en a m\u00e9rt\u00e9khiteles\u00edt\u0151 hivatal vezet\u0151je volt hal\u00e1l\u00e1ig (1894). <br \/><strong>Irod.:<\/strong> Gy\u00e1szjelent\u0151; Id\u0151t\u00e1r 5 \/1.; P\u00e1lmay J\u00f3zsef<\/br><\/p>\n","protected":false},"excerpt":{"rendered":"<p>1830., \u2020 Mv., 1894.: gy\u00f3gyszer\u00e9sz, t\u00f6r\u00f6k cs\u00e1sz\u00e1ri \u0151rnagy. \u2013 H. S\u00e1muel \u00e9s Marosi S\u00e1ra fia. Testv\u00e9rei: Istv\u00e1n, Karolina Kreszta K\u00e1rolyn\u00e9; Anna. \u2013 A szabads\u00e1gharc ut\u00e1n T\u00f6r\u00f6ko. -ba emigr\u00e1lt, ahol \u0151rnagyi rangot \u00e9rt el Murad n\u00e9ven. Hazal\u00e1togatott. Megn\u0151s\u00fclt. Mv.-en a m\u00e9rt\u00e9khiteles\u00edt\u0151 hivatal vezet\u0151je volt hal\u00e1l\u00e1ig (1894). Irod.: Gy\u00e1szjelent\u0151; Id\u0151t\u00e1r 5 \/1.; P\u00e1lmay J\u00f3zsef<\/p>\n","protected":false},"featured_media":0,"comment_status":"open","ping_status":"closed","template":"","meta":[],"product_brand":[],"product_cat":[137],"product_tag":[],"class_list":{"0":"post-9602","1":"product","2":"type-product","3":"status-publish","5":"product_cat-maros-megyei-eletrajzi-lexikon","7":"first","8":"instock","9":"shipping-taxable","10":"product-type-simple"},"_links":{"self":[{"href":"https:\/\/uj.adatbank.ro\/lexikon\/wp-json\/wp\/v2\/product\/9602","targetHints":{"allow":["GET"]}}],"collection":[{"href":"https:\/\/uj.adatbank.ro\/lexikon\/wp-json\/wp\/v2\/product"}],"about":[{"href":"https:\/\/uj.adatbank.ro\/lexikon\/wp-json\/wp\/v2\/types\/product"}],"replies":[{"embeddable":true,"href":"https:\/\/uj.adatbank.ro\/lexikon\/wp-json\/wp\/v2\/comments?post=9602"}],"wp:attachment":[{"href":"https:\/\/uj.adatbank.ro\/lexikon\/wp-json\/wp\/v2\/media?parent=9602"}],"wp:term":[{"taxonomy":"product_brand","embeddable":true,"href":"https:\/\/uj.adatbank.ro\/lexikon\/wp-json\/wp\/v2\/product_brand?post=9602"},{"taxonomy":"product_cat","embeddable":true,"href":"https:\/\/uj.adatbank.ro\/lexikon\/wp-json\/wp\/v2\/product_cat?post=9602"},{"taxonomy":"product_tag","embeddable":true,"href":"https:\/\/uj.adatbank.ro\/lexikon\/wp-json\/wp\/v2\/product_tag?post=9602"}],"curies":[{"name":"wp","href":"https:\/\/api.w.org\/{rel}","templated":true}]}}