{"id":9604,"date":"2025-06-29T12:50:44","date_gmt":"2025-06-29T10:50:44","guid":{"rendered":"https:\/\/uj.adatbank.ro\/lexikon\/termek\/hamvay-lucy-horin-lujza\/"},"modified":"2025-06-29T12:50:44","modified_gmt":"2025-06-29T10:50:44","slug":"hamvay-lucy-horin-lujza","status":"publish","type":"product","link":"https:\/\/uj.adatbank.ro\/lexikon\/termek\/hamvay-lucy-horin-lujza\/","title":{"rendered":"HAMVAY Lucy, Horin Lujza"},"content":{"rendered":"<p>Bp., 1914 \u2020 Bp., 1984. jan. 22 : sz\u00edn\u00e9szn\u0151. \u2013 Az Orsz. Sz\u00edn\u00e9szegyes\u00fclet sz\u00edn\u00e9szk\u00e9pz\u0151 isk. \u2013 j\u00e1ban nyert oklevelet. P\u00e1ly\u00e1j\u00e1t Miskolcon kezdte (1936), majd Debrecenben (1938\u201342), azut\u00e1n Nagyv\u00e1radon, majd Mv.-en a Sz\u00e9kely Sz\u00ednh\u00e1zban j\u00e1tszott (1946. okt. \u201355). Tan\u00edtott a mv.-i M. Sz\u00ednm\u0171v\u00e9szeti Akad. -n. Visszatelep\u00fclt Mo.-ra (1956), P\u00e9csett (1956\u201361), Miskolcon (1961\u201372) szerepelt. Nyugd\u00edjask\u00e9nt az \u00d3dry M\u0171v\u00e9szotthonban \u00e9lt. \u2013 <strong>F. sz.:<\/strong> Lucrezia (Niccolo Machiavelli: Mandrag\u00f3ra); Anna (B\u00f3kay J\u00e1nos: Feles\u00e9g); Olween Peel (J. B. Priestley: Vesz\u00e9lyes Kanyar); \u00c1svayn\u00e9 (Hars\u00e1nyi Zsolt: A bolond \u00c1svayn\u00e9); Jacqueline (Al. Bisson: A n\u00e9vtelen asszony); Edit (Moln\u00e1r Ferenc: Marsall); Gertrudis (Katona J.: B\u00e1nk b\u00e1n); Leila (J. B. Priestley: V\u00e1ratlan vend\u00e9g); Jossie (K. Szimonov: Az orosz k\u00e9rd\u00e9s); (Paul Renaoul: A f\u00e9rfi szive); Kv\u00e1snya, kofa (M. Gorkij: \u00c9jjeli mened\u00e9khely); Curleyn\u00e9 (J. Steinbeck: Egerek \u00e9s emberek); Alice Langdon (James Gow- Arnaud D\u2019usseau: M\u00e9lyek a gy\u00f6kerek); 2. r\u00e9szeges asszony (Szigligeti Ede: A csik\u00f3s); Tercsi (Metz Istv\u00e1n: J\u00e1noska); Klava Ignatyuk, traktorista (V. Katajev: Bolondos vas\u00e1rnap); Glafira szobal\u00e1ny (M. Gorkij: Jegor Bulicsov \u00e9s a t\u00f6bbiek); Zoe (I. L. Caragiale: Az elveszett lev\u00e9l); M\u00e1ria (M. Davidoglu: B\u00e1ny\u00e1szok); Jelena (M. Gorkij: Kispolg\u00e1rok); Nadesda Ivanovna (Szergej Mihalkov: A v\u00f6r\u00f6s nyakkend\u0151); B\u00e2rlea Irina, egyetemi tan\u00e1r (Aurel Baranga: Dudva); \u00c9va (Tur testv\u00e9rek: Villa a mell\u00e9kutc\u00e1ban); Cynthia (Borisz Lavrenyov: Amerika hangja); Polina Francevna (K. Szimonov: Leg\u00e9ny a talp\u00e1n); \u00c1rk\u00e1gyina Irina Nyikol\u00e1jevna, sz\u00edn\u00e9szn\u0151 (Csehov: Sir\u00e1ly); Andrejevna Anna (Gogoly: A revizor); Sz\u00edjj\u00e1rt\u00f3n\u00e9, Soh\u00e1r Lidi (Urb\u00e1n Ern\u0151: T\u0171zkereszts\u00e9g); Elza (Csiky Gergely: Ingyen\u00e9l\u0151k); Feles\u00e9g (Pall\u00e9rozzuk nyelv\u00fcnket); Varga Katalin (Horv\u00e1th \u00c1goston: Varga Katalin); Val\u00e9ria (Tiberiu Vornic-Ioana Postelnicu: Felsz\u00e1ll a k\u00f6d); Marja Szamanova (Alexej Arbuzov: M\u00e1sodik szerelem); Beatrix (Heltai Jen\u0151: A n\u00e9ma levente); Elmira (Moliere: Tartuffe); Gertrudis (Katona J\u00f3zsef B\u00e1nk b\u00e1n, 1947), Kir\u00e1lyn\u0151 (E. Scribe: Egy poh\u00e1r v\u00edz 1947); Szergej Mihalkov: A v\u00f6r\u00f6s nyakkend\u0151 (1950), Csehov: Sir\u00e1ly (1951); B. Lavrenyov: Lesz\u00e1mol\u00e1s (1953); Erzs\u00e9bet (Schiller: Stuart M\u00e1ria), Warrenn\u00e9 (Shaw: Warrenn\u00e9 mesters\u00e9ge); Marfa Vasziljevna (Csehov: V\u00e1nya b\u00e1csi); Maria Josefa (Garc\u00eda Lorca: Bernarda Alba h\u00e1za); Vargyasn\u00e9 (Darvas J\u00f3zsef: A t\u00e9rk\u00e9pen nem tal\u00e1lhat\u00f3); Bruckner Adelaida (\u00d6rk\u00e9ny Istv\u00e1n: Macskaj\u00e1t\u00e9k); Jelena (Gorkij: Kispolg\u00e1rok); Polg\u00e1rmestern\u00e9 (Gogol: Revizor); Jacoby Victor: Sybill; Br\u00f3dy S\u00e1ndor: A tan\u00edt\u00f3n\u0151; \u00c9va (Mad\u00e1ch Imre: Az ember trag\u00e9di\u00e1ja); Hars\u00e1nyi Zsolt \u2013 Eisemann Mih\u00e1ly: XIV. Ren\u00e9; B\u00edr\u00f3 Lajos: S\u00e1rga liliom; \u00c9ri Hal\u00e1sz Imre \u2013 Losonczy Dezs\u0151: Egyetlen \u00e9jszak\u00e1ra; Film: Lelki klinika (1941); Bog\u00e1ncs (1959); Isten hozta \u0151rnagy\u00far (1969); Sziget a sz\u00e1razf\u00f6ld\u00f6n (1969); B\u00e1styas\u00e9t\u00e1ny hetvenn\u00e9gy (1974). <br \/><strong>Irod.:<\/strong> 25 \u00e9v a sz\u00ednpadon. H. L. jubileuma (Dun\u00e1nt\u00fali Napl\u00f3, 1961. m\u00e1j. 11.); B\u00facs\u00fa H. L. -t\u00f3l (D\u00e9li H\u00edrlap, Miskolc, 1984. febr. 18), Horv\u00e1th Bea; Id\u0151t\u00e1r 4.; Katona Szab\u00f3; Kov\u00e1cs Levente; MSZL<\/br><\/p>\n","protected":false},"excerpt":{"rendered":"<p>Bp., 1914 \u2020 Bp., 1984. jan. 22 : sz\u00edn\u00e9szn\u0151. \u2013 Az Orsz. Sz\u00edn\u00e9szegyes\u00fclet sz\u00edn\u00e9szk\u00e9pz\u0151 isk. \u2013 j\u00e1ban nyert oklevelet. P\u00e1ly\u00e1j\u00e1t Miskolcon kezdte (1936), majd Debrecenben (1938\u201342), azut\u00e1n Nagyv\u00e1radon, majd Mv.-en a Sz\u00e9kely Sz\u00ednh\u00e1zban j\u00e1tszott (1946. okt. \u201355). Tan\u00edtott a mv.-i M. Sz\u00ednm\u0171v\u00e9szeti Akad. -n. Visszatelep\u00fclt Mo.-ra (1956), P\u00e9csett (1956\u201361), Miskolcon (1961\u201372) szerepelt. Nyugd\u00edjask\u00e9nt az \u00d3dry [&hellip;]<\/p>\n","protected":false},"featured_media":0,"comment_status":"open","ping_status":"closed","template":"","meta":[],"product_brand":[],"product_cat":[137],"product_tag":[],"class_list":{"0":"post-9604","1":"product","2":"type-product","3":"status-publish","5":"product_cat-maros-megyei-eletrajzi-lexikon","7":"first","8":"instock","9":"shipping-taxable","10":"product-type-simple"},"_links":{"self":[{"href":"https:\/\/uj.adatbank.ro\/lexikon\/wp-json\/wp\/v2\/product\/9604","targetHints":{"allow":["GET"]}}],"collection":[{"href":"https:\/\/uj.adatbank.ro\/lexikon\/wp-json\/wp\/v2\/product"}],"about":[{"href":"https:\/\/uj.adatbank.ro\/lexikon\/wp-json\/wp\/v2\/types\/product"}],"replies":[{"embeddable":true,"href":"https:\/\/uj.adatbank.ro\/lexikon\/wp-json\/wp\/v2\/comments?post=9604"}],"wp:attachment":[{"href":"https:\/\/uj.adatbank.ro\/lexikon\/wp-json\/wp\/v2\/media?parent=9604"}],"wp:term":[{"taxonomy":"product_brand","embeddable":true,"href":"https:\/\/uj.adatbank.ro\/lexikon\/wp-json\/wp\/v2\/product_brand?post=9604"},{"taxonomy":"product_cat","embeddable":true,"href":"https:\/\/uj.adatbank.ro\/lexikon\/wp-json\/wp\/v2\/product_cat?post=9604"},{"taxonomy":"product_tag","embeddable":true,"href":"https:\/\/uj.adatbank.ro\/lexikon\/wp-json\/wp\/v2\/product_tag?post=9604"}],"curies":[{"name":"wp","href":"https:\/\/api.w.org\/{rel}","templated":true}]}}