{"id":9605,"date":"2025-06-29T12:50:46","date_gmt":"2025-06-29T10:50:46","guid":{"rendered":"https:\/\/uj.adatbank.ro\/lexikon\/termek\/hamza-gabor\/"},"modified":"2025-06-29T12:50:46","modified_gmt":"2025-06-29T10:50:46","slug":"hamza-gabor","status":"publish","type":"product","link":"https:\/\/uj.adatbank.ro\/lexikon\/termek\/hamza-gabor\/","title":{"rendered":"HAMZA G\u00e1bor"},"content":{"rendered":"<p>M\u00e1ramarossziget, 1905. nov. 27., \u2020\u00a0? : \u0151rnagy. \u2013 A mv.-i 27. sz\u00e9kely gyalogezredhez vez\u00e9nyelt\u00e9k (1940. szept. 1. \u2013), z\u00e1szl\u00f3alj- \u00e9s iskolaparancsnok, ezred seg\u00e9dtiszt. \u0150rnagy (1943. aug. 1. \u2013). Az 57\/III. z\u00e1szl\u00f3alj parancsnokak\u00e9nt r\u00e9szt vett a gal\u00edciai, az erd\u00e9lyi \u00e9s a mo.-i hadm\u0171veletekben (1944. \u00e1pr. 1. \u2013). Kit\u00fcntet\u00e9se: M. \u00c9rdemrend Tisztikeresztje hadid\u00edsz\u00edtm\u00e9nnyel \u00e9s kardokkal. A 27. gyaloghadoszt\u00e1ly kik\u00e9pz\u0151 z\u00e1szl\u00f3alj\u00e1nak parancsnoka (1945. m\u00e1rc. 1. \u2013). Szovjet fogs\u00e1gba esett alakulat\u00e1val (1945. m\u00e1j. 14. \u201348. j\u00fal. 17.). <br \/><strong>Irod.:<\/strong> Berekm\u00e9ri: mv.-i 27. hadoszt\u00e1ly<\/br><\/p>\n","protected":false},"excerpt":{"rendered":"<p>M\u00e1ramarossziget, 1905. nov. 27., \u2020\u00a0? : \u0151rnagy. \u2013 A mv.-i 27. sz\u00e9kely gyalogezredhez vez\u00e9nyelt\u00e9k (1940. szept. 1. \u2013), z\u00e1szl\u00f3alj- \u00e9s iskolaparancsnok, ezred seg\u00e9dtiszt. \u0150rnagy (1943. aug. 1. \u2013). Az 57\/III. z\u00e1szl\u00f3alj parancsnokak\u00e9nt r\u00e9szt vett a gal\u00edciai, az erd\u00e9lyi \u00e9s a mo.-i hadm\u0171veletekben (1944. \u00e1pr. 1. \u2013). Kit\u00fcntet\u00e9se: M. \u00c9rdemrend Tisztikeresztje hadid\u00edsz\u00edtm\u00e9nnyel \u00e9s kardokkal. A 27. [&hellip;]<\/p>\n","protected":false},"featured_media":0,"comment_status":"open","ping_status":"closed","template":"","meta":[],"product_brand":[],"product_cat":[137],"product_tag":[],"class_list":{"0":"post-9605","1":"product","2":"type-product","3":"status-publish","5":"product_cat-maros-megyei-eletrajzi-lexikon","7":"first","8":"instock","9":"shipping-taxable","10":"product-type-simple"},"_links":{"self":[{"href":"https:\/\/uj.adatbank.ro\/lexikon\/wp-json\/wp\/v2\/product\/9605","targetHints":{"allow":["GET"]}}],"collection":[{"href":"https:\/\/uj.adatbank.ro\/lexikon\/wp-json\/wp\/v2\/product"}],"about":[{"href":"https:\/\/uj.adatbank.ro\/lexikon\/wp-json\/wp\/v2\/types\/product"}],"replies":[{"embeddable":true,"href":"https:\/\/uj.adatbank.ro\/lexikon\/wp-json\/wp\/v2\/comments?post=9605"}],"wp:attachment":[{"href":"https:\/\/uj.adatbank.ro\/lexikon\/wp-json\/wp\/v2\/media?parent=9605"}],"wp:term":[{"taxonomy":"product_brand","embeddable":true,"href":"https:\/\/uj.adatbank.ro\/lexikon\/wp-json\/wp\/v2\/product_brand?post=9605"},{"taxonomy":"product_cat","embeddable":true,"href":"https:\/\/uj.adatbank.ro\/lexikon\/wp-json\/wp\/v2\/product_cat?post=9605"},{"taxonomy":"product_tag","embeddable":true,"href":"https:\/\/uj.adatbank.ro\/lexikon\/wp-json\/wp\/v2\/product_tag?post=9605"}],"curies":[{"name":"wp","href":"https:\/\/api.w.org\/{rel}","templated":true}]}}

HAMZA Gábor

<p>Máramarossziget, 1905. nov. 27., † ? : őrnagy. – A mv.-i 27. székely gyalogezredhez vezényelték (1940. szept. 1. –), zászlóalj- és iskolaparancsnok, ezred segédtiszt. Őrnagy (1943. aug. 1. –). Az 57/III. zászlóalj parancsnokaként részt vett a galíciai, az erdélyi és a mo.-i hadműveletekben (1944. ápr. 1. –). Kitüntetése: M. Érdemrend Tisztikeresztje hadidíszítménnyel és kardokkal. A 27. gyaloghadosztály kiképző zászlóaljának parancsnoka (1945. márc. 1. –). Szovjet fogságba esett alakulatával (1945. máj. 14. –48. júl. 17.). <br /><strong>Irod.:</strong> Berekméri: mv.-i 27. hadosztály</br></p>

<p>Máramarossziget, 1905. nov. 27., † ? : őrnagy. – A mv.-i 27. székely gyalogezredhez vezényelték (1940. szept. 1. –), zászlóalj- és iskolaparancsnok, ezred segédtiszt. Őrnagy (1943. aug. 1. –). Az 57/III. zászlóalj parancsnokaként részt vett a galíciai, az erdélyi és a mo.-i hadműveletekben (1944. ápr. 1. –). Kitüntetése: M. Érdemrend Tisztikeresztje hadidíszítménnyel és kardokkal. A 27. [&hellip;]</p>
