{"id":9607,"date":"2025-06-29T12:50:52","date_gmt":"2025-06-29T10:50:52","guid":{"rendered":"https:\/\/uj.adatbank.ro\/lexikon\/termek\/han-oszkar\/"},"modified":"2025-06-29T12:50:52","modified_gmt":"2025-06-29T10:50:52","slug":"han-oszkar","status":"publish","type":"product","link":"https:\/\/uj.adatbank.ro\/lexikon\/termek\/han-oszkar\/","title":{"rendered":"HAN Oszk\u00e1r"},"content":{"rendered":"<p>Mv., 1891., \u2020 Buk., 1976. dec.: szobr\u00e1sz, parlamenti k\u00e9pvisel\u0151. \u2013 Apja n\u00e9met, anyja rom\u00e1n nemzetis\u00e9g\u0171 volt. \u2013 Tan\u00e1ra D. Paciurea a K\u00e9z\u0151m\u0171v. Akad. -\u00e1n. M\u0171v\u00e9szet\u00e9re nagy hat\u00e1st gyakorolt a fr. szobr\u00e1sz, Antoine Bourdelle. Szobr\u00e1szk\u00e9nt a Kisl\u00e1nyfej c. alkot\u00e1s\u00e1val deb\u00fct\u00e1lt, ami siker\u00e9t is megalapozta (1911). Az I. vh. idej\u00e9n a vez\u00e9rkarhoz mozg\u00f3s\u00edtott\u00e1k, feladata a rom\u00e1n katon\u00e1k h\u0151sess\u00e9g\u00e9nek meg\u00f6r\u00f6k\u00edt\u00e9se (1917\u2013). Buk. -ben a Sz\u00e9pm\u0171v\u00e9szeti Iskol\u00e1ban lett h. tan\u00e1r (1927\u2013), majd c\u00edmzetes tan\u00e1r. Sok jelent\u0151s szobrot alkotott. Maros megye liber\u00e1lis k\u00e9pvisel\u0151je a Rom\u00e1n Parlamentben (1934\u201337). N\u0151gy\u0171l\u00f6l\u0151, durva modor\u00fa ember. Tan\u00e1ri \u00e1ll\u00e1s\u00e1t is feladta, parlamenti k\u00e9pvisel\u0151 volt (1946\u2013). Cikkeiben, \u00edr\u00e1saiban is sok szem\u00e9lyis\u00e9get s\u00e9rtett meg, bar\u00e1tai elhagyt\u00e1k, mag\u00e1nyosan \u00e9lt. Az Elias K\u00f3rh\u00e1zban h\u00fanyt el. <br \/><strong>Irod.:<\/strong> Balint<\/br><\/p>\n","protected":false},"excerpt":{"rendered":"<p>Mv., 1891., \u2020 Buk., 1976. dec.: szobr\u00e1sz, parlamenti k\u00e9pvisel\u0151. \u2013 Apja n\u00e9met, anyja rom\u00e1n nemzetis\u00e9g\u0171 volt. \u2013 Tan\u00e1ra D. Paciurea a K\u00e9z\u0151m\u0171v. Akad. -\u00e1n. M\u0171v\u00e9szet\u00e9re nagy hat\u00e1st gyakorolt a fr. szobr\u00e1sz, Antoine Bourdelle. Szobr\u00e1szk\u00e9nt a Kisl\u00e1nyfej c. alkot\u00e1s\u00e1val deb\u00fct\u00e1lt, ami siker\u00e9t is megalapozta (1911). Az I. vh. idej\u00e9n a vez\u00e9rkarhoz mozg\u00f3s\u00edtott\u00e1k, feladata a rom\u00e1n katon\u00e1k [&hellip;]<\/p>\n","protected":false},"featured_media":0,"comment_status":"open","ping_status":"closed","template":"","meta":[],"product_brand":[],"product_cat":[137],"product_tag":[],"class_list":{"0":"post-9607","1":"product","2":"type-product","3":"status-publish","5":"product_cat-maros-megyei-eletrajzi-lexikon","7":"first","8":"instock","9":"shipping-taxable","10":"product-type-simple"},"_links":{"self":[{"href":"https:\/\/uj.adatbank.ro\/lexikon\/wp-json\/wp\/v2\/product\/9607","targetHints":{"allow":["GET"]}}],"collection":[{"href":"https:\/\/uj.adatbank.ro\/lexikon\/wp-json\/wp\/v2\/product"}],"about":[{"href":"https:\/\/uj.adatbank.ro\/lexikon\/wp-json\/wp\/v2\/types\/product"}],"replies":[{"embeddable":true,"href":"https:\/\/uj.adatbank.ro\/lexikon\/wp-json\/wp\/v2\/comments?post=9607"}],"wp:attachment":[{"href":"https:\/\/uj.adatbank.ro\/lexikon\/wp-json\/wp\/v2\/media?parent=9607"}],"wp:term":[{"taxonomy":"product_brand","embeddable":true,"href":"https:\/\/uj.adatbank.ro\/lexikon\/wp-json\/wp\/v2\/product_brand?post=9607"},{"taxonomy":"product_cat","embeddable":true,"href":"https:\/\/uj.adatbank.ro\/lexikon\/wp-json\/wp\/v2\/product_cat?post=9607"},{"taxonomy":"product_tag","embeddable":true,"href":"https:\/\/uj.adatbank.ro\/lexikon\/wp-json\/wp\/v2\/product_tag?post=9607"}],"curies":[{"name":"wp","href":"https:\/\/api.w.org\/{rel}","templated":true}]}}

HAN Oszkár

<p>Mv., 1891., † Buk., 1976. dec.: szobrász, parlamenti képviselő. – Apja német, anyja román nemzetiségű volt. – Tanára D. Paciurea a Kézőműv. Akad. -án. Művészetére nagy hatást gyakorolt a fr. szobrász, Antoine Bourdelle. Szobrászként a Kislányfej c. alkotásával debütált, ami sikerét is megalapozta (1911). Az I. vh. idején a vezérkarhoz mozgósították, feladata a román katonák hősességének megörökítése (1917–). Buk. -ben a Szépművészeti Iskolában lett h. tanár (1927–), majd címzetes tanár. Sok jelentős szobrot alkotott. Maros megye liberális képviselője a Román Parlamentben (1934–37). Nőgyűlölő, durva modorú ember. Tanári állását is feladta, parlamenti képviselő volt (1946–). Cikkeiben, írásaiban is sok személyiséget sértett meg, barátai elhagyták, magányosan élt. Az Elias Kórházban húnyt el. <br /><strong>Irod.:</strong> Balint</br></p>

<p>Mv., 1891., † Buk., 1976. dec.: szobrász, parlamenti képviselő. – Apja német, anyja román nemzetiségű volt. – Tanára D. Paciurea a Kézőműv. Akad. -án. Művészetére nagy hatást gyakorolt a fr. szobrász, Antoine Bourdelle. Szobrászként a Kislányfej c. alkotásával debütált, ami sikerét is megalapozta (1911). Az I. vh. idején a vezérkarhoz mozgósították, feladata a román katonák [&hellip;]</p>
