{"id":9609,"date":"2025-06-29T12:50:55","date_gmt":"2025-06-29T10:50:55","guid":{"rendered":"https:\/\/uj.adatbank.ro\/lexikon\/termek\/hancu-eugenia\/"},"modified":"2025-06-29T12:50:55","modified_gmt":"2025-06-29T10:50:55","slug":"hancu-eugenia","status":"publish","type":"product","link":"https:\/\/uj.adatbank.ro\/lexikon\/termek\/hancu-eugenia\/","title":{"rendered":"HANCU Eugenia"},"content":{"rendered":"<p>Magyarb\u00fckk\u00f6s, 1946., \u2020 Dics\u0151szentm\u00e1rton, 1995. j\u00fan. 23.: tan\u00e1r. \u2013 Elemit a sz\u00fcl\u0151helyen, gimn. -ot Ol\u00e1hb\u00fckk\u00f6s\u00f6n (1957\u201361), Mv.-en a Pedag\u00f3giai F\u0151iskola rom\u00e1n \u2013 t\u00f6rt. szak\u00e1t v\u00e9gezte (1965\u201368). T\u00f6bb Maros megyei iskol\u00e1ban volt rom\u00e1ntan\u00e1r: Dell\u0151 (1968\u2013 69), Gyul\u00e1s (1969\u201372), Sz\u00e1szbog\u00e1cs (1972\u2013994). V\u00e9gleges\u00edt\u0151 vizsg\u00e1t tett a tan\u00fcgybe (1970), II. fokozati vizsg\u00e1t (1975). Betegs\u00e9g miatt nyugd\u00edjazt\u00e1k (1994\u2013). <br \/><strong>Irod.:<\/strong> Ogra<\/br><\/p>\n","protected":false},"excerpt":{"rendered":"<p>Magyarb\u00fckk\u00f6s, 1946., \u2020 Dics\u0151szentm\u00e1rton, 1995. j\u00fan. 23.: tan\u00e1r. \u2013 Elemit a sz\u00fcl\u0151helyen, gimn. -ot Ol\u00e1hb\u00fckk\u00f6s\u00f6n (1957\u201361), Mv.-en a Pedag\u00f3giai F\u0151iskola rom\u00e1n \u2013 t\u00f6rt. szak\u00e1t v\u00e9gezte (1965\u201368). T\u00f6bb Maros megyei iskol\u00e1ban volt rom\u00e1ntan\u00e1r: Dell\u0151 (1968\u2013 69), Gyul\u00e1s (1969\u201372), Sz\u00e1szbog\u00e1cs (1972\u2013994). V\u00e9gleges\u00edt\u0151 vizsg\u00e1t tett a tan\u00fcgybe (1970), II. fokozati vizsg\u00e1t (1975). Betegs\u00e9g miatt nyugd\u00edjazt\u00e1k (1994\u2013). Irod.: Ogra<\/p>\n","protected":false},"featured_media":0,"comment_status":"open","ping_status":"closed","template":"","meta":[],"product_brand":[],"product_cat":[137],"product_tag":[],"class_list":{"0":"post-9609","1":"product","2":"type-product","3":"status-publish","5":"product_cat-maros-megyei-eletrajzi-lexikon","7":"first","8":"instock","9":"shipping-taxable","10":"product-type-simple"},"_links":{"self":[{"href":"https:\/\/uj.adatbank.ro\/lexikon\/wp-json\/wp\/v2\/product\/9609","targetHints":{"allow":["GET"]}}],"collection":[{"href":"https:\/\/uj.adatbank.ro\/lexikon\/wp-json\/wp\/v2\/product"}],"about":[{"href":"https:\/\/uj.adatbank.ro\/lexikon\/wp-json\/wp\/v2\/types\/product"}],"replies":[{"embeddable":true,"href":"https:\/\/uj.adatbank.ro\/lexikon\/wp-json\/wp\/v2\/comments?post=9609"}],"wp:attachment":[{"href":"https:\/\/uj.adatbank.ro\/lexikon\/wp-json\/wp\/v2\/media?parent=9609"}],"wp:term":[{"taxonomy":"product_brand","embeddable":true,"href":"https:\/\/uj.adatbank.ro\/lexikon\/wp-json\/wp\/v2\/product_brand?post=9609"},{"taxonomy":"product_cat","embeddable":true,"href":"https:\/\/uj.adatbank.ro\/lexikon\/wp-json\/wp\/v2\/product_cat?post=9609"},{"taxonomy":"product_tag","embeddable":true,"href":"https:\/\/uj.adatbank.ro\/lexikon\/wp-json\/wp\/v2\/product_tag?post=9609"}],"curies":[{"name":"wp","href":"https:\/\/api.w.org\/{rel}","templated":true}]}}

<p>Magyarbükkös, 1946., † Dicsőszentmárton, 1995. jún. 23.: tanár. – Elemit a szülőhelyen, gimn. -ot Oláhbükkösön (1957–61), Mv.-en a Pedagógiai Főiskola román – tört. szakát végezte (1965–68). Több Maros megyei iskolában volt romántanár: Dellő (1968– 69), Gyulás (1969–72), Szászbogács (1972–994). Véglegesítő vizsgát tett a tanügybe (1970), II. fokozati vizsgát (1975). Betegség miatt nyugdíjazták (1994–). <br /><strong>Irod.:</strong> Ogra</br></p>

<p>Magyarbükkös, 1946., † Dicsőszentmárton, 1995. jún. 23.: tanár. – Elemit a szülőhelyen, gimn. -ot Oláhbükkösön (1957–61), Mv.-en a Pedagógiai Főiskola román – tört. szakát végezte (1965–68). Több Maros megyei iskolában volt romántanár: Dellő (1968– 69), Gyulás (1969–72), Szászbogács (1972–994). Véglegesítő vizsgát tett a tanügybe (1970), II. fokozati vizsgát (1975). Betegség miatt nyugdíjazták (1994–). Irod.: Ogra</p>
