{"id":9610,"date":"2025-06-29T12:50:57","date_gmt":"2025-06-29T10:50:57","guid":{"rendered":"https:\/\/uj.adatbank.ro\/lexikon\/termek\/hancu-ioan\/"},"modified":"2025-06-29T12:50:57","modified_gmt":"2025-06-29T10:50:57","slug":"hancu-ioan","status":"publish","type":"product","link":"https:\/\/uj.adatbank.ro\/lexikon\/termek\/hancu-ioan\/","title":{"rendered":"HANCU Ioan"},"content":{"rendered":"<p>? \u2020\u00a0? : tan\u00edt\u00f3. \u2013 A mv.-i Szent Gy\u00f6rgy t\u00e9ri \/ Constantin Romanu t\u00e9ri 4-es sz. \u00e1llami m. tannyelv\u0171 elemi iskola igazgat\u00f3ja (1926\u201330, 1936\u201340); a tanfel\u00fcgyl\u0151s\u00e9gen alkalmazott, seg\u00e9dtanfel\u00fcgyl\u0151 (1927). Kiad\u00e1s\u00e1ban megjelent Maros megye t\u00e9rk\u00e9pe (1927). Sz\u00e9kelycs\u00f3k\u00e1n tan\u00edtott (1928). <br \/><strong>Irod.:<\/strong> Standavid-Tam\u00e1si; Sz\u00e9kelycs\u00f3ka<\/br><\/p>\n","protected":false},"excerpt":{"rendered":"<p>? \u2020\u00a0? : tan\u00edt\u00f3. \u2013 A mv.-i Szent Gy\u00f6rgy t\u00e9ri \/ Constantin Romanu t\u00e9ri 4-es sz. \u00e1llami m. tannyelv\u0171 elemi iskola igazgat\u00f3ja (1926\u201330, 1936\u201340); a tanfel\u00fcgyl\u0151s\u00e9gen alkalmazott, seg\u00e9dtanfel\u00fcgyl\u0151 (1927). Kiad\u00e1s\u00e1ban megjelent Maros megye t\u00e9rk\u00e9pe (1927). Sz\u00e9kelycs\u00f3k\u00e1n tan\u00edtott (1928). Irod.: Standavid-Tam\u00e1si; Sz\u00e9kelycs\u00f3ka<\/p>\n","protected":false},"featured_media":0,"comment_status":"open","ping_status":"closed","template":"","meta":[],"product_brand":[],"product_cat":[137],"product_tag":[],"class_list":{"0":"post-9610","1":"product","2":"type-product","3":"status-publish","5":"product_cat-maros-megyei-eletrajzi-lexikon","7":"first","8":"instock","9":"shipping-taxable","10":"product-type-simple"},"_links":{"self":[{"href":"https:\/\/uj.adatbank.ro\/lexikon\/wp-json\/wp\/v2\/product\/9610","targetHints":{"allow":["GET"]}}],"collection":[{"href":"https:\/\/uj.adatbank.ro\/lexikon\/wp-json\/wp\/v2\/product"}],"about":[{"href":"https:\/\/uj.adatbank.ro\/lexikon\/wp-json\/wp\/v2\/types\/product"}],"replies":[{"embeddable":true,"href":"https:\/\/uj.adatbank.ro\/lexikon\/wp-json\/wp\/v2\/comments?post=9610"}],"wp:attachment":[{"href":"https:\/\/uj.adatbank.ro\/lexikon\/wp-json\/wp\/v2\/media?parent=9610"}],"wp:term":[{"taxonomy":"product_brand","embeddable":true,"href":"https:\/\/uj.adatbank.ro\/lexikon\/wp-json\/wp\/v2\/product_brand?post=9610"},{"taxonomy":"product_cat","embeddable":true,"href":"https:\/\/uj.adatbank.ro\/lexikon\/wp-json\/wp\/v2\/product_cat?post=9610"},{"taxonomy":"product_tag","embeddable":true,"href":"https:\/\/uj.adatbank.ro\/lexikon\/wp-json\/wp\/v2\/product_tag?post=9610"}],"curies":[{"name":"wp","href":"https:\/\/api.w.org\/{rel}","templated":true}]}}