{"id":9616,"date":"2025-06-29T12:51:07","date_gmt":"2025-06-29T10:51:07","guid":{"rendered":"https:\/\/uj.adatbank.ro\/lexikon\/termek\/haner-ferenc-haner-francisc\/"},"modified":"2025-06-29T12:51:07","modified_gmt":"2025-06-29T10:51:07","slug":"haner-ferenc-haner-francisc","status":"publish","type":"product","link":"https:\/\/uj.adatbank.ro\/lexikon\/termek\/haner-ferenc-haner-francisc\/","title":{"rendered":"H\u00c1NER Ferenc, Haner Francisc"},"content":{"rendered":"<p>Medgyes, 1850. szept. 20., \u2020 Mv., 1926. jan. 17.: szoci\u00e1ldemokrata munk\u00e1svez\u00e9r. \u2013 Megalap\u00edt\u00f3ja \u00e9s szervez\u0151je a mv.-i szocialista mozgalomnak (1880\u201390). Szat\u00f3cs keresked\u00e9se volt Mv.-en. Vezet\u0151 szerepe volt a mv.-i Iparos \u00d6nk\u00e9pz\u0151 \u00e9s Betegseg\u00e9lyz\u0151 Egylet \u00e9let\u00e9ben (1883\u2013). Eln\u00f6ke a mv.-i Iparos Dalk\u00f6rnek (1884\u20131903). Ir\u00e1ny\u00edt\u00e1s\u00e1val \u00f6sszmunk\u00e1s k\u00f3rus l\u00e9tes\u00fclt \u00e9s m\u0171k\u00f6d\u00f6tt (1897\u2013), amely rendszeresen r\u00e9szt vett a m\u00e1jus elsejei \u00fcnneps\u00e9geken, maj\u00e1lisokon, gy\u0171l\u00e9seken. A mv.-i munk\u00e1ss\u00e1g k\u00e9pvisel\u0151je az SZDP kongresszusain. Mv. szocialista munk\u00e1sai Munk\u00e1sk\u00e9pz\u0151 Egyletet szerveztek a szocialista eszm\u00e9k terjeszt\u00e9s\u00e9re (1896. nov. 23), megv\u00e1lasztott\u00e1k az egylet eln\u00f6k\u00e9v\u00e9 (1898. jan. 23.). Az els\u0151 Munk\u00e1sotthont az egylet tagjainak k\u00f6zrem\u0171k\u00f6d\u00e9s\u00e9vel szerezte meg a Klastrom alias Mihai Viteazul u. 14. sz. alatt (B\u00e1lint J\u00e1nos egyleti jegyz\u0151 h\u00e1z\u00e1nak egy szob\u00e1j\u00e1ban), ami a Munk\u00e1sotthon els\u0151 sz\u00e9khelye volt, a rend\u0151rs\u00e9g betiltotta. \u00dcnnepi besz\u00e9dett mondott az els\u0151 m\u00e1jus elsejei t\u00fcntet\u00e9sen Mv.-en (1899). Sokat tett a dolgoz\u00f3 nevel\u00e9s\u00e9\u00e9rt, v\u00e1llalta a munk\u00e1ssajt\u00f3 terjeszt\u00e9s\u00e9t, ami\u00e9rt a hat\u00f3s\u00e1gok b\u00f6rt\u00f6nb\u00fcntet\u00e9sre it\u00e9lt\u00e9k. Az Okt\u00f3beri Forradalom ut\u00e1n (1917) t\u00f6bb\u00e9 nem tev\u00e9kenykedett. <br \/><strong>Irod.:<\/strong> Bern\u00e1dy; Fuchs Simon: A mv.-i munk\u00e1smozgalom t\u00f6rt\u00e9net\u00e9b\u0151l (V. Z., 1957. jan. 12.); Horv\u00e1th Emil: A szocialista mozgalom mv.-i utt\u00f6r\u0151je H. F. (V. Z., 1970. szept. 22.); Id\u0151t\u00e1r 2, 5 \/1; Kim; Koch M\u00e1ria: Besz\u00e9lget\u00e9s Sz\u00e1sz K\u00e1roly muzikol\u00f3gussal (V. Z., 1971. m\u00e1rc. 21.); MMK<\/br><\/p>\n","protected":false},"excerpt":{"rendered":"<p>Medgyes, 1850. szept. 20., \u2020 Mv., 1926. jan. 17.: szoci\u00e1ldemokrata munk\u00e1svez\u00e9r. \u2013 Megalap\u00edt\u00f3ja \u00e9s szervez\u0151je a mv.-i szocialista mozgalomnak (1880\u201390). Szat\u00f3cs keresked\u00e9se volt Mv.-en. Vezet\u0151 szerepe volt a mv.-i Iparos \u00d6nk\u00e9pz\u0151 \u00e9s Betegseg\u00e9lyz\u0151 Egylet \u00e9let\u00e9ben (1883\u2013). Eln\u00f6ke a mv.-i Iparos Dalk\u00f6rnek (1884\u20131903). Ir\u00e1ny\u00edt\u00e1s\u00e1val \u00f6sszmunk\u00e1s k\u00f3rus l\u00e9tes\u00fclt \u00e9s m\u0171k\u00f6d\u00f6tt (1897\u2013), amely rendszeresen r\u00e9szt vett a m\u00e1jus [&hellip;]<\/p>\n","protected":false},"featured_media":0,"comment_status":"open","ping_status":"closed","template":"","meta":[],"product_brand":[],"product_cat":[137],"product_tag":[],"class_list":{"0":"post-9616","1":"product","2":"type-product","3":"status-publish","5":"product_cat-maros-megyei-eletrajzi-lexikon","7":"first","8":"instock","9":"shipping-taxable","10":"product-type-simple"},"_links":{"self":[{"href":"https:\/\/uj.adatbank.ro\/lexikon\/wp-json\/wp\/v2\/product\/9616","targetHints":{"allow":["GET"]}}],"collection":[{"href":"https:\/\/uj.adatbank.ro\/lexikon\/wp-json\/wp\/v2\/product"}],"about":[{"href":"https:\/\/uj.adatbank.ro\/lexikon\/wp-json\/wp\/v2\/types\/product"}],"replies":[{"embeddable":true,"href":"https:\/\/uj.adatbank.ro\/lexikon\/wp-json\/wp\/v2\/comments?post=9616"}],"wp:attachment":[{"href":"https:\/\/uj.adatbank.ro\/lexikon\/wp-json\/wp\/v2\/media?parent=9616"}],"wp:term":[{"taxonomy":"product_brand","embeddable":true,"href":"https:\/\/uj.adatbank.ro\/lexikon\/wp-json\/wp\/v2\/product_brand?post=9616"},{"taxonomy":"product_cat","embeddable":true,"href":"https:\/\/uj.adatbank.ro\/lexikon\/wp-json\/wp\/v2\/product_cat?post=9616"},{"taxonomy":"product_tag","embeddable":true,"href":"https:\/\/uj.adatbank.ro\/lexikon\/wp-json\/wp\/v2\/product_tag?post=9616"}],"curies":[{"name":"wp","href":"https:\/\/api.w.org\/{rel}","templated":true}]}}

HÁNER Ferenc, Haner Francisc

<p>Medgyes, 1850. szept. 20., † Mv., 1926. jan. 17.: szociáldemokrata munkásvezér. – Megalapítója és szervezője a mv.-i szocialista mozgalomnak (1880–90). Szatócs kereskedése volt Mv.-en. Vezető szerepe volt a mv.-i Iparos Önképző és Betegsegélyző Egylet életében (1883–). Elnöke a mv.-i Iparos Dalkörnek (1884–1903). Irányításával összmunkás kórus létesült és működött (1897–), amely rendszeresen részt vett a május elsejei ünnepségeken, majálisokon, gyűléseken. A mv.-i munkásság képviselője az SZDP kongresszusain. Mv. szocialista munkásai Munkásképző Egyletet szerveztek a szocialista eszmék terjesztésére (1896. nov. 23), megválasztották az egylet elnökévé (1898. jan. 23.). Az első Munkásotthont az egylet tagjainak közreműködésével szerezte meg a Klastrom alias Mihai Viteazul u. 14. sz. alatt (Bálint János egyleti jegyző házának egy szobájában), ami a Munkásotthon első székhelye volt, a rendőrség betiltotta. Ünnepi beszédett mondott az első május elsejei tüntetésen Mv.-en (1899). Sokat tett a dolgozó neveléséért, vállalta a munkássajtó terjesztését, amiért a hatóságok börtönbüntetésre itélték. Az Októberi Forradalom után (1917) többé nem tevékenykedett. <br /><strong>Irod.:</strong> Bernády; Fuchs Simon: A mv.-i munkásmozgalom történetéből (V. Z., 1957. jan. 12.); Horváth Emil: A szocialista mozgalom mv.-i uttörője H. F. (V. Z., 1970. szept. 22.); Időtár 2, 5 /1; Kim; Koch Mária: Beszélgetés Szász Károly muzikológussal (V. Z., 1971. márc. 21.); MMK</br></p>

<p>Medgyes, 1850. szept. 20., † Mv., 1926. jan. 17.: szociáldemokrata munkásvezér. – Megalapítója és szervezője a mv.-i szocialista mozgalomnak (1880–90). Szatócs kereskedése volt Mv.-en. Vezető szerepe volt a mv.-i Iparos Önképző és Betegsegélyző Egylet életében (1883–). Elnöke a mv.-i Iparos Dalkörnek (1884–1903). Irányításával összmunkás kórus létesült és működött (1897–), amely rendszeresen részt vett a május [&hellip;]</p>
