{"id":9618,"date":"2025-06-29T12:51:11","date_gmt":"2025-06-29T10:51:11","guid":{"rendered":"https:\/\/uj.adatbank.ro\/lexikon\/termek\/haner-georg-jeremias-i\/"},"modified":"2025-06-29T12:51:11","modified_gmt":"2025-06-29T10:51:11","slug":"haner-georg-jeremias-i","status":"publish","type":"product","link":"https:\/\/uj.adatbank.ro\/lexikon\/termek\/haner-georg-jeremias-i\/","title":{"rendered":"HANER Georg Jeremias I."},"content":{"rendered":"<p>Sz\u00e1szk\u00e9zd, 1704. \u00e1pr. 17., \u2020 Berethalom, 1777. m\u00e1rc. 9.: ev. lelk\u00e9sz, p\u00fcsp\u00f6k, t\u00f6rt\u00e9n\u00e9sz, tan\u00e1r. \u2013 H. Georg fia. \u2013 Tanulm\u00e1nyait Segesv\u00e1ron kezdte, tanult Medgyesen a gimn.-ban (1720), Wittenbergben (1726), J\u00e9n\u00e1ban a teol\u00f3gi\u00e1n (1728). Tan\u00edtott a medgyesi gimn.-ban (1730\u201332), ahol rektor is volt (1732), azut\u00e1n tanfel\u00fcgyel\u0151. Lelk\u00e9sz lett Kissejken (1735\u2013), Medgyesen a f\u0151templomban (1740\u2013); lelkip\u00e1sztor Berethalmon (1750\u2013), Sz\u00e1szd\u00e1ny\u00e1n (1759\u201377), a sz\u00e1sz ev. egyh\u00e1z p\u00fcsp\u00f6k\u00e9nek v\u00e1lasztott\u00e1k (1759. aug. 7. \u2013), Berethalom sz\u00e9khellyel. Az erd\u00e9lyi sz\u00e1sz ev. egyh\u00e1z vezet\u00e9s\u00e9re megszervezte a lelk\u00e9szekb\u0151l \u00e9s vil\u00e1giakb\u00f3l \u00e1ll\u00f3 konziszt\u00f3riumot. V\u00e9delmez\u0151je volt a sz\u00e1sz el\u0151jogoknak \u00e9s oktat\u00e1snak, az Ev. Konszisztorium tagjak\u00e9nt meghat\u00e1roz\u00f3 szerepe volt az ev. egyh\u00e1z alkotm\u00e1ny\u00e1nak kidolgoz\u00e1s\u00e1ban, l\u00e9trehoz\u00e1s\u00e1ban. P\u00fcsp\u00f6kk\u00e9nt meg\u00f3vta az ev. egyh\u00e1zat a kat. egyh\u00e1z ellenreform\u00e1ci\u00f3j\u00e1t\u00f3l. Ennek \u00e9rdek\u00e9ben t\u00f6bb vizit\u00e1ci\u00f3t v\u00e9gzett az egyh\u00e1zmegy\u00e9je paroki\u00e1iban. Miut\u00e1n betiltott\u00e1k az ifj\u00fas\u00e1g k\u00fclf\u00f6ldi tanul\u00e1si lehet\u0151s\u00e9g\u00e9t, a b\u00e9csi aulikus k\u00f6r\u00f6k mellett, Brukethal S\u00e1muel korm\u00e1nyz\u00f3 oldal\u00e1n az\u00e9rt harcolt, h. l\u00e9trehozzanak egy erd\u00e9lyi egyetemet. Tanulm\u00e1nyozta Erd\u00e9ly politikai, egyh\u00e1zi t\u00f6rt\u00e9nelm\u00e9t, n\u00e9lk\u00fcl\u00f6zhetetlen seg\u00e9deszk\u00f6z\u00f6ket alkotva a 17. \u2013 18. sz. t\u00f6rt\u00e9nelm\u00e9t kutat\u00f3k sz\u00e1m\u00e1ra. A nagyszebeni \u00c1llami Lev\u00e9lt\u00e1rban \u00f6rz\u00f6tt k\u00e9ziratai \u00e9s gy\u0171jtem\u00e9nyei ma is \u00e9rt\u00e9kes forr\u00e1sai a t\u00f6rt\u00e9nelmi kutat\u00e1snak. \u2013 <strong>F. m.:<\/strong> Das k\u00f6nigliche Siebenb\u00fcrgen \/ entworfen und mit n\u00f6thigen Anmerkungen versehen (Erlagen, 1763); Der Scriptoribus Rerum Hungaricarum et Transsylvanicarum scriptisque eorundem antiquioribus, ordine chronologico digestis adversaria (Viennae, 1777; posztumus Szeben, 1798); Wohlverdientes Tugenddenkmal der in Wahrheit tugendsam gewesen Jungfer Marien Elisabethen edelgeborenen Klausenburgerin. (Hermannstadt, s. a.); <strong>K\u00e9ziratban:<\/strong> Adsertiones quaedam de Privilegio Saxonum Transs. Nationali; Isagoge in Historiam Saeculorum, Ecclesiasticam, supplendae partim continuandae Historiae Ecclesiaru Transylvanicarum Hanerianae, destinata; Analecta historica defectuum historiae Transylvaniae, imprimis ecclesiasricae supplendorum gratia congesta; Annales ecclesiastici Hermanno-Graffiani continuati; Biblioteca Hungarorum et transylvanorum historica; Diarium synodicala aba. 1749\u20131759; Transylvania regali, Index rerum et personarum memorabilium; Alphabetum historicum Hungaro-Transylvanicum; Miscellanae Historiam Transsylvaniae in primis ecclesiasticam illustrantia; Conservatorium Documentorum ad Historiam Transylvaniae Ecclesiasticam spectantium Novantiquorum consquistorium, husuque reconditorum; Haneriana mixta; Acta Trabsylvanica, Decimalia; Elenchus Historiae Transsilvaniae sub Principibus domesticis 1540\u20131690. <br \/><strong>Irod.:<\/strong> Apold; Aranka Gy\u00f6rgy; LSS; M\u0171vt\u00f6rt. T. 1979; Pint\u00e9r; RNL; Saschiz; Szinnyei; Todea 2013; \u00daIL<\/br><\/p>\n","protected":false},"excerpt":{"rendered":"<p>Sz\u00e1szk\u00e9zd, 1704. \u00e1pr. 17., \u2020 Berethalom, 1777. m\u00e1rc. 9.: ev. lelk\u00e9sz, p\u00fcsp\u00f6k, t\u00f6rt\u00e9n\u00e9sz, tan\u00e1r. \u2013 H. Georg fia. \u2013 Tanulm\u00e1nyait Segesv\u00e1ron kezdte, tanult Medgyesen a gimn.-ban (1720), Wittenbergben (1726), J\u00e9n\u00e1ban a teol\u00f3gi\u00e1n (1728). Tan\u00edtott a medgyesi gimn.-ban (1730\u201332), ahol rektor is volt (1732), azut\u00e1n tanfel\u00fcgyel\u0151. Lelk\u00e9sz lett Kissejken (1735\u2013), Medgyesen a f\u0151templomban (1740\u2013); lelkip\u00e1sztor Berethalmon [&hellip;]<\/p>\n","protected":false},"featured_media":0,"comment_status":"open","ping_status":"closed","template":"","meta":[],"product_brand":[],"product_cat":[137],"product_tag":[],"class_list":{"0":"post-9618","1":"product","2":"type-product","3":"status-publish","5":"product_cat-maros-megyei-eletrajzi-lexikon","7":"first","8":"instock","9":"shipping-taxable","10":"product-type-simple"},"_links":{"self":[{"href":"https:\/\/uj.adatbank.ro\/lexikon\/wp-json\/wp\/v2\/product\/9618","targetHints":{"allow":["GET"]}}],"collection":[{"href":"https:\/\/uj.adatbank.ro\/lexikon\/wp-json\/wp\/v2\/product"}],"about":[{"href":"https:\/\/uj.adatbank.ro\/lexikon\/wp-json\/wp\/v2\/types\/product"}],"replies":[{"embeddable":true,"href":"https:\/\/uj.adatbank.ro\/lexikon\/wp-json\/wp\/v2\/comments?post=9618"}],"wp:attachment":[{"href":"https:\/\/uj.adatbank.ro\/lexikon\/wp-json\/wp\/v2\/media?parent=9618"}],"wp:term":[{"taxonomy":"product_brand","embeddable":true,"href":"https:\/\/uj.adatbank.ro\/lexikon\/wp-json\/wp\/v2\/product_brand?post=9618"},{"taxonomy":"product_cat","embeddable":true,"href":"https:\/\/uj.adatbank.ro\/lexikon\/wp-json\/wp\/v2\/product_cat?post=9618"},{"taxonomy":"product_tag","embeddable":true,"href":"https:\/\/uj.adatbank.ro\/lexikon\/wp-json\/wp\/v2\/product_tag?post=9618"}],"curies":[{"name":"wp","href":"https:\/\/api.w.org\/{rel}","templated":true}]}}

<p>Szászkézd, 1704. ápr. 17., † Berethalom, 1777. márc. 9.: ev. lelkész, püspök, történész, tanár. – H. Georg fia. – Tanulmányait Segesváron kezdte, tanult Medgyesen a gimn.-ban (1720), Wittenbergben (1726), Jénában a teológián (1728). Tanított a medgyesi gimn.-ban (1730–32), ahol rektor is volt (1732), azután tanfelügyelő. Lelkész lett Kissejken (1735–), Medgyesen a főtemplomban (1740–); lelkipásztor Berethalmon (1750–), Szászdányán (1759–77), a szász ev. egyház püspökének választották (1759. aug. 7. –), Berethalom székhellyel. Az erdélyi szász ev. egyház vezetésére megszervezte a lelkészekből és világiakból álló konzisztóriumot. Védelmezője volt a szász előjogoknak és oktatásnak, az Ev. Konszisztorium tagjaként meghatározó szerepe volt az ev. egyház alkotmányának kidolgozásában, létrehozásában. Püspökként megóvta az ev. egyházat a kat. egyház ellenreformációjától. Ennek érdekében több vizitációt végzett az egyházmegyéje parokiáiban. Miután betiltották az ifjúság külföldi tanulási lehetőségét, a bécsi aulikus körök mellett, Brukethal Sámuel kormányzó oldalán azért harcolt, h. létrehozzanak egy erdélyi egyetemet. Tanulmányozta Erdély politikai, egyházi történelmét, nélkülözhetetlen segédeszközöket alkotva a 17. – 18. sz. történelmét kutatók számára. A nagyszebeni Állami Levéltárban örzött kéziratai és gyűjteményei ma is értékes forrásai a történelmi kutatásnak. – <strong>F. m.:</strong> Das königliche Siebenbürgen / entworfen und mit nöthigen Anmerkungen versehen (Erlagen, 1763); Der Scriptoribus Rerum Hungaricarum et Transsylvanicarum scriptisque eorundem antiquioribus, ordine chronologico digestis adversaria (Viennae, 1777; posztumus Szeben, 1798); Wohlverdientes Tugenddenkmal der in Wahrheit tugendsam gewesen Jungfer Marien Elisabethen edelgeborenen Klausenburgerin. (Hermannstadt, s. a.); <strong>Kéziratban:</strong> Adsertiones quaedam de Privilegio Saxonum Transs. Nationali; Isagoge in Historiam Saeculorum, Ecclesiasticam, supplendae partim continuandae Historiae Ecclesiaru Transylvanicarum Hanerianae, destinata; Analecta historica defectuum historiae Transylvaniae, imprimis ecclesiasricae supplendorum gratia congesta; Annales ecclesiastici Hermanno-Graffiani continuati; Biblioteca Hungarorum et transylvanorum historica; Diarium synodicala aba. 1749–1759; Transylvania regali, Index rerum et personarum memorabilium; Alphabetum historicum Hungaro-Transylvanicum; Miscellanae Historiam Transsylvaniae in primis ecclesiasticam illustrantia; Conservatorium Documentorum ad Historiam Transylvaniae Ecclesiasticam spectantium Novantiquorum consquistorium, husuque reconditorum; Haneriana mixta; Acta Trabsylvanica, Decimalia; Elenchus Historiae Transsilvaniae sub Principibus domesticis 1540–1690. <br /><strong>Irod.:</strong> Apold; Aranka György; LSS; Művtört. T. 1979; Pintér; RNL; Saschiz; Szinnyei; Todea 2013; ÚIL</br></p>

<p>Szászkézd, 1704. ápr. 17., † Berethalom, 1777. márc. 9.: ev. lelkész, püspök, történész, tanár. – H. Georg fia. – Tanulmányait Segesváron kezdte, tanult Medgyesen a gimn.-ban (1720), Wittenbergben (1726), Jénában a teológián (1728). Tanított a medgyesi gimn.-ban (1730–32), ahol rektor is volt (1732), azután tanfelügyelő. Lelkész lett Kissejken (1735–), Medgyesen a főtemplomban (1740–); lelkipásztor Berethalmon [&hellip;]</p>
