{"id":9619,"date":"2025-06-29T12:51:14","date_gmt":"2025-06-29T10:51:14","guid":{"rendered":"https:\/\/uj.adatbank.ro\/lexikon\/termek\/haner-viktor\/"},"modified":"2025-06-29T12:51:14","modified_gmt":"2025-06-29T10:51:14","slug":"haner-viktor","status":"publish","type":"product","link":"https:\/\/uj.adatbank.ro\/lexikon\/termek\/haner-viktor\/","title":{"rendered":"H\u00c1NER Viktor"},"content":{"rendered":"<p>1877. febr. 25., \u2020\u00a0? : tan\u00e1r, gy\u00e1ros, szak\u00edr\u00f3, ford\u00edt\u00f3. \u2013 Tan\u00e1r \u00e9s igazgat\u00f3 a mv.-i K\u00f6zs\u00e9gi Fels\u0151kereskedelmi Iskol\u00e1ban (1907\u201317); az MSE \u00fcgyvezet\u0151 aleln\u00f6ke (1919\u201320); kiv\u00e1ndorolt Amerik\u00e1ba, ahol vegy\u00e9szeti gy\u00e1rat l\u00e9tes\u00edtett. \u2013 <strong>F. m.:<\/strong> 1913 j\u00fal. havi tanulm\u00e1nyi kir\u00e1ndul\u00e1s k\u00e9zik\u00f6nyve (Mv., 1913), T\u00e1rsas utaz\u00e1s N\u00e9metorsz\u00e1gban, Norv\u00e9gi\u00e1ban \u00e9s D\u00e1ni\u00e1ban 1914. j\u00fal. (Mv., 1914); <strong>ford.:<\/strong> Lamare, Jean: A fajok \u00e1talakul\u00e1sa. <br \/><strong>Irod.:<\/strong> Guly\u00e1s; Illy\u00e9s, Kl\u00f3sz-Tolok\u00e1n<\/br><\/p>\n","protected":false},"excerpt":{"rendered":"<p>1877. febr. 25., \u2020\u00a0? : tan\u00e1r, gy\u00e1ros, szak\u00edr\u00f3, ford\u00edt\u00f3. \u2013 Tan\u00e1r \u00e9s igazgat\u00f3 a mv.-i K\u00f6zs\u00e9gi Fels\u0151kereskedelmi Iskol\u00e1ban (1907\u201317); az MSE \u00fcgyvezet\u0151 aleln\u00f6ke (1919\u201320); kiv\u00e1ndorolt Amerik\u00e1ba, ahol vegy\u00e9szeti gy\u00e1rat l\u00e9tes\u00edtett. \u2013 F. m.: 1913 j\u00fal. havi tanulm\u00e1nyi kir\u00e1ndul\u00e1s k\u00e9zik\u00f6nyve (Mv., 1913), T\u00e1rsas utaz\u00e1s N\u00e9metorsz\u00e1gban, Norv\u00e9gi\u00e1ban \u00e9s D\u00e1ni\u00e1ban 1914. j\u00fal. (Mv., 1914); ford.: Lamare, Jean: A [&hellip;]<\/p>\n","protected":false},"featured_media":0,"comment_status":"open","ping_status":"closed","template":"","meta":[],"product_brand":[],"product_cat":[137],"product_tag":[],"class_list":{"0":"post-9619","1":"product","2":"type-product","3":"status-publish","5":"product_cat-maros-megyei-eletrajzi-lexikon","7":"first","8":"instock","9":"shipping-taxable","10":"product-type-simple"},"_links":{"self":[{"href":"https:\/\/uj.adatbank.ro\/lexikon\/wp-json\/wp\/v2\/product\/9619","targetHints":{"allow":["GET"]}}],"collection":[{"href":"https:\/\/uj.adatbank.ro\/lexikon\/wp-json\/wp\/v2\/product"}],"about":[{"href":"https:\/\/uj.adatbank.ro\/lexikon\/wp-json\/wp\/v2\/types\/product"}],"replies":[{"embeddable":true,"href":"https:\/\/uj.adatbank.ro\/lexikon\/wp-json\/wp\/v2\/comments?post=9619"}],"wp:attachment":[{"href":"https:\/\/uj.adatbank.ro\/lexikon\/wp-json\/wp\/v2\/media?parent=9619"}],"wp:term":[{"taxonomy":"product_brand","embeddable":true,"href":"https:\/\/uj.adatbank.ro\/lexikon\/wp-json\/wp\/v2\/product_brand?post=9619"},{"taxonomy":"product_cat","embeddable":true,"href":"https:\/\/uj.adatbank.ro\/lexikon\/wp-json\/wp\/v2\/product_cat?post=9619"},{"taxonomy":"product_tag","embeddable":true,"href":"https:\/\/uj.adatbank.ro\/lexikon\/wp-json\/wp\/v2\/product_tag?post=9619"}],"curies":[{"name":"wp","href":"https:\/\/api.w.org\/{rel}","templated":true}]}}

HÁNER Viktor

<p>1877. febr. 25., † ? : tanár, gyáros, szakíró, fordító. – Tanár és igazgató a mv.-i Községi Felsőkereskedelmi Iskolában (1907–17); az MSE ügyvezető alelnöke (1919–20); kivándorolt Amerikába, ahol vegyészeti gyárat létesített. – <strong>F. m.:</strong> 1913 júl. havi tanulmányi kirándulás kézikönyve (Mv., 1913), Társas utazás Németországban, Norvégiában és Dániában 1914. júl. (Mv., 1914); <strong>ford.:</strong> Lamare, Jean: A fajok átalakulása. <br /><strong>Irod.:</strong> Gulyás; Illyés, Klósz-Tolokán</br></p>

<p>1877. febr. 25., † ? : tanár, gyáros, szakíró, fordító. – Tanár és igazgató a mv.-i Községi Felsőkereskedelmi Iskolában (1907–17); az MSE ügyvezető alelnöke (1919–20); kivándorolt Amerikába, ahol vegyészeti gyárat létesített. – F. m.: 1913 júl. havi tanulmányi kirándulás kézikönyve (Mv., 1913), Társas utazás Németországban, Norvégiában és Dániában 1914. júl. (Mv., 1914); ford.: Lamare, Jean: A [&hellip;]</p>
