{"id":9624,"date":"2025-06-29T12:51:24","date_gmt":"2025-06-29T10:51:24","guid":{"rendered":"https:\/\/uj.adatbank.ro\/lexikon\/termek\/hanko-antal-tibor\/"},"modified":"2025-06-29T12:51:24","modified_gmt":"2025-06-29T10:51:24","slug":"hanko-antal-tibor","status":"publish","type":"product","link":"https:\/\/uj.adatbank.ro\/lexikon\/termek\/hanko-antal-tibor\/","title":{"rendered":"HANK\u00d3 Antal Tibor"},"content":{"rendered":"<p>Gyalu, 1889. dec. 2. \u2020 ? : orvos. \u2013 H. Antal \u00e9s Krakovinszky Gizella (1864 -?) fia. Testv\u00e9rei: Elem\u00e9r (Ajtony, 1881. dec. 2. -?), jegyz\u0151, alisp\u00e1n, miniszteri tan\u00e1csos; Zolt\u00e1n Istv\u00e1n (Gyalu, 1886. m\u00e1j. 2. -?), gy\u00f3gyszer\u00e9sz. \u2013 A kv.-i gimn. \u00e9retts\u00e9gizett, a FJTE-n orvosi tanulm\u00e1nyokat folytatott, orvoss\u00e1 avatt\u00e1k (1914. nov. 21.). Belgy\u00f3gy\u00e1szk\u00e9nt Mv-en rendel\u0151tt nyitott (1920). Azon orvosok egyike, akik eml\u00e9kirattal fordultak a kv.-i M. Egyetemszervez\u0151 Bizotts\u00e1ghoz, arra k\u00e9rve \u0151ket, hogy maradhassanak \u00e1ll\u00e1sukban, folytathass\u00e1g tev\u00e9kenys\u00e9g\u00fcket a Mv.-re \u00e1ttelep\u00fclt orvosi karon, k\u00f3rh\u00e1zakban \u00e9s klinik\u00e1kon (1945. j\u00fal. 15\u201316). <br \/><strong>Irod.:<\/strong> Almanah Tg. M.; d\u0151t\u00e1r 4.; P\u00e9ter H. M.; P\u00e9ter H. M. 2013<\/br><\/p>\n","protected":false},"excerpt":{"rendered":"<p>Gyalu, 1889. dec. 2. \u2020 ? : orvos. \u2013 H. Antal \u00e9s Krakovinszky Gizella (1864 -?) fia. Testv\u00e9rei: Elem\u00e9r (Ajtony, 1881. dec. 2. -?), jegyz\u0151, alisp\u00e1n, miniszteri tan\u00e1csos; Zolt\u00e1n Istv\u00e1n (Gyalu, 1886. m\u00e1j. 2. -?), gy\u00f3gyszer\u00e9sz. \u2013 A kv.-i gimn. \u00e9retts\u00e9gizett, a FJTE-n orvosi tanulm\u00e1nyokat folytatott, orvoss\u00e1 avatt\u00e1k (1914. nov. 21.). Belgy\u00f3gy\u00e1szk\u00e9nt Mv-en rendel\u0151tt nyitott [&hellip;]<\/p>\n","protected":false},"featured_media":0,"comment_status":"open","ping_status":"closed","template":"","meta":[],"product_brand":[],"product_cat":[137],"product_tag":[],"class_list":{"0":"post-9624","1":"product","2":"type-product","3":"status-publish","5":"product_cat-maros-megyei-eletrajzi-lexikon","7":"first","8":"instock","9":"shipping-taxable","10":"product-type-simple"},"_links":{"self":[{"href":"https:\/\/uj.adatbank.ro\/lexikon\/wp-json\/wp\/v2\/product\/9624","targetHints":{"allow":["GET"]}}],"collection":[{"href":"https:\/\/uj.adatbank.ro\/lexikon\/wp-json\/wp\/v2\/product"}],"about":[{"href":"https:\/\/uj.adatbank.ro\/lexikon\/wp-json\/wp\/v2\/types\/product"}],"replies":[{"embeddable":true,"href":"https:\/\/uj.adatbank.ro\/lexikon\/wp-json\/wp\/v2\/comments?post=9624"}],"wp:attachment":[{"href":"https:\/\/uj.adatbank.ro\/lexikon\/wp-json\/wp\/v2\/media?parent=9624"}],"wp:term":[{"taxonomy":"product_brand","embeddable":true,"href":"https:\/\/uj.adatbank.ro\/lexikon\/wp-json\/wp\/v2\/product_brand?post=9624"},{"taxonomy":"product_cat","embeddable":true,"href":"https:\/\/uj.adatbank.ro\/lexikon\/wp-json\/wp\/v2\/product_cat?post=9624"},{"taxonomy":"product_tag","embeddable":true,"href":"https:\/\/uj.adatbank.ro\/lexikon\/wp-json\/wp\/v2\/product_tag?post=9624"}],"curies":[{"name":"wp","href":"https:\/\/api.w.org\/{rel}","templated":true}]}}

HANKÓ Antal Tibor

<p>Gyalu, 1889. dec. 2. † ? : orvos. – H. Antal és Krakovinszky Gizella (1864 -?) fia. Testvérei: Elemér (Ajtony, 1881. dec. 2. -?), jegyző, alispán, miniszteri tanácsos; Zoltán István (Gyalu, 1886. máj. 2. -?), gyógyszerész. – A kv.-i gimn. érettségizett, a FJTE-n orvosi tanulmányokat folytatott, orvossá avatták (1914. nov. 21.). Belgyógyászként Mv-en rendelőtt nyitott (1920). Azon orvosok egyike, akik emlékirattal fordultak a kv.-i M. Egyetemszervező Bizottsághoz, arra kérve őket, hogy maradhassanak állásukban, folytathasság tevékenységüket a Mv.-re áttelepült orvosi karon, kórházakban és klinikákon (1945. júl. 15–16). <br /><strong>Irod.:</strong> Almanah Tg. M.; dőtár 4.; Péter H. M.; Péter H. M. 2013</br></p>

<p>Gyalu, 1889. dec. 2. † ? : orvos. – H. Antal és Krakovinszky Gizella (1864 -?) fia. Testvérei: Elemér (Ajtony, 1881. dec. 2. -?), jegyző, alispán, miniszteri tanácsos; Zoltán István (Gyalu, 1886. máj. 2. -?), gyógyszerész. – A kv.-i gimn. érettségizett, a FJTE-n orvosi tanulmányokat folytatott, orvossá avatták (1914. nov. 21.). Belgyógyászként Mv-en rendelőtt nyitott [&hellip;]</p>
