{"id":9628,"date":"2025-06-29T12:51:33","date_gmt":"2025-06-29T10:51:33","guid":{"rendered":"https:\/\/uj.adatbank.ro\/lexikon\/termek\/hanko-zoltan-istvan\/"},"modified":"2025-06-29T12:51:33","modified_gmt":"2025-06-29T10:51:33","slug":"hanko-zoltan-istvan","status":"publish","type":"product","link":"https:\/\/uj.adatbank.ro\/lexikon\/termek\/hanko-zoltan-istvan\/","title":{"rendered":"HANK\u00d3 Zolt\u00e1n Istv\u00e1n"},"content":{"rendered":"<p>Sz\u00e1szfenes, 1886. m\u00e1j. 2. \u2020 Cs\u00edkkarcfalva, 1950. j\u00fan. 22.: gy\u00f3gyszer\u00e9sz. \u2013 H. Antal \u00e9s Krakovinszky Gizella (1864 -?) fia. Testv\u00e9rei: Elem\u00e9r (Ajtony, 1881. dec. 2. -?), jegyz\u0151, alisp\u00e1n, miniszteri tan\u00e1csos; Antal Tibor orvos. Feles\u00e9ge: Kany\u00f3 Erzs\u00e9bet. Fi\u00fak Zolt\u00e1n, gy\u00f3gyszer\u00e9sz tan\u00e1r. \u2013 A kv.-i R. K. Gimn.-ban tanult (1897\u20131901), a csal\u00e1d \u00e1tk\u00f6lt\u00f6z\u00e9se ut\u00e1n Cs\u00edkkarcfalv\u00e1ra, a cs\u00edksomly\u00f3i R. K. Gimn.-ban folytatta tanulm\u00e1nyait. A FJTE-n kapott gy\u00f3gyszer\u00e9sz oklevelet (1911. szept. 19.). \u00c1kosfalv\u00e1n gy\u00f3gyszer\u00e9sz a L\u00e1szl\u00f3 L\u00e1szl\u00f3 Feh\u00e9r Szarvas gy\u00f3gyszert\u00e1r\u00e1ban (1912\u201314). Nem kapott enged\u00e9lyt egy korondi gy\u00f3gyszert\u00e1r megnyit\u00e1s\u00e1ra, ez\u00e9rt hazament Cs\u00edkkarcfalv\u00e1ra, az apja gy\u00f3gyszert\u00e1r\u00e1ba dolgozni, de csal\u00e1dja nem k\u00f6vette, elv\u00e1ltak (1924. m\u00e1rc. 28.). R\u00f6vid mo.-i kiteleped\u00e9s ut\u00e1n, visszat\u00e9rt \u00e9s \u00e1tvette az apj\u00e1t\u00f3l kapott, \u00f6r\u00f6k\u00f6lt csikkarcfalvi gy\u00f3gyszert\u00e1rat (1932. jan. 12) \u00e9s hal\u00e1l\u00e1ig vezette azt. <br \/><strong>Irod.:<\/strong> P\u00e9ter H. M. 2013<\/br><\/p>\n","protected":false},"excerpt":{"rendered":"<p>Sz\u00e1szfenes, 1886. m\u00e1j. 2. \u2020 Cs\u00edkkarcfalva, 1950. j\u00fan. 22.: gy\u00f3gyszer\u00e9sz. \u2013 H. Antal \u00e9s Krakovinszky Gizella (1864 -?) fia. Testv\u00e9rei: Elem\u00e9r (Ajtony, 1881. dec. 2. -?), jegyz\u0151, alisp\u00e1n, miniszteri tan\u00e1csos; Antal Tibor orvos. Feles\u00e9ge: Kany\u00f3 Erzs\u00e9bet. Fi\u00fak Zolt\u00e1n, gy\u00f3gyszer\u00e9sz tan\u00e1r. \u2013 A kv.-i R. K. Gimn.-ban tanult (1897\u20131901), a csal\u00e1d \u00e1tk\u00f6lt\u00f6z\u00e9se ut\u00e1n Cs\u00edkkarcfalv\u00e1ra, a cs\u00edksomly\u00f3i [&hellip;]<\/p>\n","protected":false},"featured_media":0,"comment_status":"open","ping_status":"closed","template":"","meta":[],"product_brand":[],"product_cat":[137],"product_tag":[],"class_list":{"0":"post-9628","1":"product","2":"type-product","3":"status-publish","5":"product_cat-maros-megyei-eletrajzi-lexikon","7":"first","8":"instock","9":"shipping-taxable","10":"product-type-simple"},"_links":{"self":[{"href":"https:\/\/uj.adatbank.ro\/lexikon\/wp-json\/wp\/v2\/product\/9628","targetHints":{"allow":["GET"]}}],"collection":[{"href":"https:\/\/uj.adatbank.ro\/lexikon\/wp-json\/wp\/v2\/product"}],"about":[{"href":"https:\/\/uj.adatbank.ro\/lexikon\/wp-json\/wp\/v2\/types\/product"}],"replies":[{"embeddable":true,"href":"https:\/\/uj.adatbank.ro\/lexikon\/wp-json\/wp\/v2\/comments?post=9628"}],"wp:attachment":[{"href":"https:\/\/uj.adatbank.ro\/lexikon\/wp-json\/wp\/v2\/media?parent=9628"}],"wp:term":[{"taxonomy":"product_brand","embeddable":true,"href":"https:\/\/uj.adatbank.ro\/lexikon\/wp-json\/wp\/v2\/product_brand?post=9628"},{"taxonomy":"product_cat","embeddable":true,"href":"https:\/\/uj.adatbank.ro\/lexikon\/wp-json\/wp\/v2\/product_cat?post=9628"},{"taxonomy":"product_tag","embeddable":true,"href":"https:\/\/uj.adatbank.ro\/lexikon\/wp-json\/wp\/v2\/product_tag?post=9628"}],"curies":[{"name":"wp","href":"https:\/\/api.w.org\/{rel}","templated":true}]}}

HANKÓ Zoltán István

<p>Szászfenes, 1886. máj. 2. † Csíkkarcfalva, 1950. jún. 22.: gyógyszerész. – H. Antal és Krakovinszky Gizella (1864 -?) fia. Testvérei: Elemér (Ajtony, 1881. dec. 2. -?), jegyző, alispán, miniszteri tanácsos; Antal Tibor orvos. Felesége: Kanyó Erzsébet. Fiúk Zoltán, gyógyszerész tanár. – A kv.-i R. K. Gimn.-ban tanult (1897–1901), a család átköltözése után Csíkkarcfalvára, a csíksomlyói R. K. Gimn.-ban folytatta tanulmányait. A FJTE-n kapott gyógyszerész oklevelet (1911. szept. 19.). Ákosfalván gyógyszerész a László László Fehér Szarvas gyógyszertárában (1912–14). Nem kapott engedélyt egy korondi gyógyszertár megnyitására, ezért hazament Csíkkarcfalvára, az apja gyógyszertárába dolgozni, de családja nem követte, elváltak (1924. márc. 28.). Rövid mo.-i kitelepedés után, visszatért és átvette az apjától kapott, örökölt csikkarcfalvi gyógyszertárat (1932. jan. 12) és haláláig vezette azt. <br /><strong>Irod.:</strong> Péter H. M. 2013</br></p>

<p>Szászfenes, 1886. máj. 2. † Csíkkarcfalva, 1950. jún. 22.: gyógyszerész. – H. Antal és Krakovinszky Gizella (1864 -?) fia. Testvérei: Elemér (Ajtony, 1881. dec. 2. -?), jegyző, alispán, miniszteri tanácsos; Antal Tibor orvos. Felesége: Kanyó Erzsébet. Fiúk Zoltán, gyógyszerész tanár. – A kv.-i R. K. Gimn.-ban tanult (1897–1901), a család átköltözése után Csíkkarcfalvára, a csíksomlyói [&hellip;]</p>
