{"id":9629,"date":"2025-06-29T12:51:37","date_gmt":"2025-06-29T10:51:37","guid":{"rendered":"https:\/\/uj.adatbank.ro\/lexikon\/termek\/hann-ferenc\/"},"modified":"2025-06-29T12:51:37","modified_gmt":"2025-06-29T10:51:37","slug":"hann-ferenc","status":"publish","type":"product","link":"https:\/\/uj.adatbank.ro\/lexikon\/termek\/hann-ferenc\/","title":{"rendered":"HANN Ferenc"},"content":{"rendered":"<p>Mv., 1891, \u2020 ? : \u00e9p\u00edt\u00e9sz. \u2013 K\u00e9pes\u00edtett \u00e9p\u00edt\u00e9szmester volt Mv.-en. R\u00e9szt vett az I. vh.-ban \u0151rmesteri rangban (1914\u201318). V\u00e1llalkoz\u00f3 (1927\u2013). Stabil h\u00e1zakat \u00e9p\u00edtett. V\u00e1llalata \u00e9p\u00edtette a Vass Bal\u00e1zs tornyos h\u00e1z\u00e1t (Levendula u. 20. sz.; 1927). Klosz B\u00e1lint m\u0171\u00e9p\u00edt\u00e9sz tervei alapj\u00e1n \u00e9p\u00fclt (a M\u0103r\u0103\u015fti t\u00e9r 7\u20139. sz alatti h\u00e1z), Vlassa Gh. tulajdona (1933), amelyet a Romtelecom \u00e9p\u00edt\u00e9sekor lebontottak. Szint\u00e9n v\u00e1llalata emelte, a V\u00e1rady \u00c1rp\u00e1d tervei alapj\u00e1n a Pasat Gh. tornyos h\u00e1z\u00e1t (Tr\u00e9bely u. 10. sz. alatt; 1937) \u00e9s (17. sz.) a Neam\u0163u Alexandru tornyos h\u00e1z\u00e1t (1938). Az OMP int\u00e9z\u0151bizotts\u00e1g\u00e1nak tagja (1930). <br \/><strong>Irod.:<\/strong> Almanah Tg. M.; Erd\u00e9lyi ezredek; Man, 3; Id\u0151t\u00e1r 3; \u00d6kr\u00f6s<\/br><\/p>\n","protected":false},"excerpt":{"rendered":"<p>Mv., 1891, \u2020 ? : \u00e9p\u00edt\u00e9sz. \u2013 K\u00e9pes\u00edtett \u00e9p\u00edt\u00e9szmester volt Mv.-en. R\u00e9szt vett az I. vh.-ban \u0151rmesteri rangban (1914\u201318). V\u00e1llalkoz\u00f3 (1927\u2013). Stabil h\u00e1zakat \u00e9p\u00edtett. V\u00e1llalata \u00e9p\u00edtette a Vass Bal\u00e1zs tornyos h\u00e1z\u00e1t (Levendula u. 20. sz.; 1927). Klosz B\u00e1lint m\u0171\u00e9p\u00edt\u00e9sz tervei alapj\u00e1n \u00e9p\u00fclt (a M\u0103r\u0103\u015fti t\u00e9r 7\u20139. sz alatti h\u00e1z), Vlassa Gh. tulajdona (1933), amelyet a [&hellip;]<\/p>\n","protected":false},"featured_media":0,"comment_status":"open","ping_status":"closed","template":"","meta":[],"product_brand":[],"product_cat":[137],"product_tag":[],"class_list":{"0":"post-9629","1":"product","2":"type-product","3":"status-publish","5":"product_cat-maros-megyei-eletrajzi-lexikon","7":"first","8":"instock","9":"shipping-taxable","10":"product-type-simple"},"_links":{"self":[{"href":"https:\/\/uj.adatbank.ro\/lexikon\/wp-json\/wp\/v2\/product\/9629","targetHints":{"allow":["GET"]}}],"collection":[{"href":"https:\/\/uj.adatbank.ro\/lexikon\/wp-json\/wp\/v2\/product"}],"about":[{"href":"https:\/\/uj.adatbank.ro\/lexikon\/wp-json\/wp\/v2\/types\/product"}],"replies":[{"embeddable":true,"href":"https:\/\/uj.adatbank.ro\/lexikon\/wp-json\/wp\/v2\/comments?post=9629"}],"wp:attachment":[{"href":"https:\/\/uj.adatbank.ro\/lexikon\/wp-json\/wp\/v2\/media?parent=9629"}],"wp:term":[{"taxonomy":"product_brand","embeddable":true,"href":"https:\/\/uj.adatbank.ro\/lexikon\/wp-json\/wp\/v2\/product_brand?post=9629"},{"taxonomy":"product_cat","embeddable":true,"href":"https:\/\/uj.adatbank.ro\/lexikon\/wp-json\/wp\/v2\/product_cat?post=9629"},{"taxonomy":"product_tag","embeddable":true,"href":"https:\/\/uj.adatbank.ro\/lexikon\/wp-json\/wp\/v2\/product_tag?post=9629"}],"curies":[{"name":"wp","href":"https:\/\/api.w.org\/{rel}","templated":true}]}}

<p>Mv., 1891, † ? : építész. – Képesített építészmester volt Mv.-en. Részt vett az I. vh.-ban őrmesteri rangban (1914–18). Vállalkozó (1927–). Stabil házakat épített. Vállalata építette a Vass Balázs tornyos házát (Levendula u. 20. sz.; 1927). Klosz Bálint műépítész tervei alapján épült (a Mărăşti tér 7–9. sz alatti ház), Vlassa Gh. tulajdona (1933), amelyet a Romtelecom építésekor lebontottak. Szintén vállalata emelte, a Várady Árpád tervei alapján a Pasat Gh. tornyos házát (Trébely u. 10. sz. alatt; 1937) és (17. sz.) a Neamţu Alexandru tornyos házát (1938). Az OMP intézőbizottságának tagja (1930). <br /><strong>Irod.:</strong> Almanah Tg. M.; Erdélyi ezredek; Man, 3; Időtár 3; Ökrös</br></p>

<p>Mv., 1891, † ? : építész. – Képesített építészmester volt Mv.-en. Részt vett az I. vh.-ban őrmesteri rangban (1914–18). Vállalkozó (1927–). Stabil házakat épített. Vállalata építette a Vass Balázs tornyos házát (Levendula u. 20. sz.; 1927). Klosz Bálint műépítész tervei alapján épült (a Mărăşti tér 7–9. sz alatti ház), Vlassa Gh. tulajdona (1933), amelyet a [&hellip;]</p>
