{"id":9642,"date":"2025-06-29T12:52:07","date_gmt":"2025-06-29T10:52:07","guid":{"rendered":"https:\/\/uj.adatbank.ro\/lexikon\/termek\/haranghy-laszlo-%c2%a7-nagyrevi\/"},"modified":"2025-06-29T12:52:07","modified_gmt":"2025-06-29T10:52:07","slug":"haranghy-laszlo-%c2%a7-nagyrevi","status":"publish","type":"product","link":"https:\/\/uj.adatbank.ro\/lexikon\/termek\/haranghy-laszlo-%c2%a7-nagyrevi\/","title":{"rendered":"HARANGHY L\u00e1szl\u00f3, \u00a7 nagyr\u00e9vi"},"content":{"rendered":"<p>Debrecen, 1897. aug. 10., \u2020 Bp., 1975. dec. 8.: orvos, prof., biol\u00f3gus, gerontol\u00f3gus, akad\u00e9mikus. \u2013 Az egyetemet Bp.-en \u00e9s Debrecenben v\u00e9gezte \u00e9s orvosi oklevelet szerzett (1922). K\u00f6zben katona (1915\u2013), olasz hadifogoly (1916\u201319). Karrierj\u00e9t a debreceni egyetemen kezdte mint tan\u00e1rseg\u00e9d (1921\u2013), majd doktor\u00e1lt, docens \u00e9s professzor lett (1932); a P\u00e9csi egyetem mag\u00e1n majd rendkiv\u00fcli tan\u00e1ra (1932\u2013). Kv.-on a k\u00f3rbonctan \u00e9s t\u00f6rv\u00e9nysz\u00e9ki orvostan tansz\u00e9kvezet\u0151 professzora (1940\u201345); az orvosi kar Mv.-re k\u00f6lt\u00f6z\u00e9se ut\u00e1n mint a MOGYI professzora, jelent\u0151s szerepet j\u00e1tszott az int\u00e9zet tudom\u00e1nyos \u00e9s oktat\u00f3i munk\u00e1ss\u00e1g\u00e1nak megind\u00edt\u00e1s\u00e1ban: ell\u00e1tta felv\u00e1ltva a k\u00f3rbonctani, igazs\u00e1g\u00fcgyi-t\u00f6rv\u00e9nytani, munka- \u00e9s iskolaeg\u00e9szs\u00e9gtani \u00e9s biol\u00f3giai tansz\u00e9kek vezet\u00e9s\u00e9t (1945. okt. \u2013 52); nev\u00e9hez f\u0171z\u0151dik a k\u00f6zeg\u00e9szs\u00e9gtani oktat\u00e1s bevezet\u00e9se (1945\u201347); a bakteorol\u00f3giai int\u00e9zet vezet\u0151je (1945\u201347); a mikr\u00f3biol\u00f3giai katedra f\u0151n\u00f6ke (1945\u201347); a t\u00f6rv\u00e9nysz\u00e9ki orvostan f\u0151n\u00f6ke (1946\u201349). A mv.-i Ref. Koll. f\u0151gondnoka (1947\u2013). Mo.-ra t\u00e1vozott (1952\u2013), nyugd\u00edjba vonult (1968). A MTA tagja, a Gerontol\u00f3giai Bizotts\u00e1g\u00e1nak (1953\u201364), Morphologiai Bizotts\u00e1g\u00e1nak \u00e9s Orvost\u00f6rt. Bizotts\u00e1g\u00e1nak eln\u00f6ke. A M. Gerontol\u00f3giai T\u00e1rs. eln\u00f6ke (1967-t\u0151l), a M. Igazs\u00e1g\u00fcgyi Orvosok T\u00e1rs. \u00e9s a M. Patol\u00f3gusok T\u00e1rs. vezet\u0151s\u00e9gi tagja. A N\u00e9met Patol\u00f3giai T\u00e1rs. (1929), az In\u00adternational Gerontological Association (veze\u00adt\u0151s\u00e9gi 1955), a Nemzeti \u00d6reged\u00e9si Bizotts\u00e1g (USA) l., az International Academy of Pathology (1959), az American Association of Ageing Research tagja (t. 1968). Weszpr\u00e9mi Istv\u00e1n- (1960), Markusovszky- (1961), H\u0151gyes Endre- (1965), Semmelweis-eml\u00e9k\u00e9rem (1968) birtokosa. K\u00f6zel 200 m., rom\u00e1n, n\u00e9met, olasz, angol nyelven \u00edrott szakdolgozata monogr\u00e1fi\u00e1ja, n\u00e9pszer\u0171s\u00edt\u0151 \u00edr\u00e1sa jelent meg a k\u00f3rtan, mikr\u00f3biol\u00f3gia, t\u0151rv\u00e9nysz\u00e9ki orvostan, gerontol\u00f3gia k\u00f6r\u00e9b\u0151l az Acta Medica, Ardealul Medical stb. foly\u00f3iratokban. \u2013 <strong>F. m.:<\/strong> \u00c1ltal\u00e1nos k\u00f3rbonctani jegyzet (Mv., 1947); K\u00f3rbonctan. 1\u20132 k. (Mv., 1948); Patologia boalei lui Banti a splenomegaliilor congestive (Cluj, 1948); A legkisebb l\u00e9nyek \u00e9s az \u00e9let keletkez\u00e9se. A korszer\u0171 darwinizmus (Buk., 1949); A daganat-keletkez\u00e9s koszer\u0171 elm\u00e9lete (Buk., 1949, 1952); A korszer\u0171 darwinizmus \u00fatt\u00f6r\u0151i (Buk., 1950); Concep\u0163ia actual\u0103 a genezei cancerului (Buc., 1951); Tyimirjazev, Micsurin \u00e9s k\u00f6vet\u0151i (Buk., 1952); A r\u00e1k el\u0151tti \u00e1llapotokr\u00f3l \u00e1ltal\u00e1ban (Buk., 1953); St\u0103rile precanceroase (Buc., 1953); \u00c1ltal\u00e1nos k\u00f3rbonctan (Bp., 1959); R\u00e9szletes k\u00f3rbonctan, I-II. (Bp., 1959\u201360); <strong>t\u00e1rssz.:<\/strong> Actualit\u0103\u0163i \u00een medicin\u0103 (Buc., 1959); Pathology of Tuberculosis in Old Age. Szemenyei Kl\u00e1r\u00e1val (Bp., 1974); Klinik und Pathologische Anatomie der Erythromyeloisis (Bp., 1958). <br \/><strong>Irod.:<\/strong> B\u00e1nffy \u2013 Marosi; Bartos 2012; Dezs\u0151 Istv\u00e1n; Genersich; Id\u0151t\u00e1r 4.; Komj\u00e1tszegi; N\u00fa (1998. j\u00fan. 12.); Barab\u00e1s-P\u00e9ter M.\u2013P\u00e9ter H. M.; Katona Szab\u00f3; RMIL; Szigethy\u2013\u00dajv\u00e1ri; Sz\u00f6ll\u0151si 2009; Tizenk\u00e9t \u00e9v; T\u00f3th\u2013G\u00e1bor; \u00daM\u00c9L; Vincze 2010<\/br><\/p>\n","protected":false},"excerpt":{"rendered":"<p>Debrecen, 1897. aug. 10., \u2020 Bp., 1975. dec. 8.: orvos, prof., biol\u00f3gus, gerontol\u00f3gus, akad\u00e9mikus. \u2013 Az egyetemet Bp.-en \u00e9s Debrecenben v\u00e9gezte \u00e9s orvosi oklevelet szerzett (1922). K\u00f6zben katona (1915\u2013), olasz hadifogoly (1916\u201319). Karrierj\u00e9t a debreceni egyetemen kezdte mint tan\u00e1rseg\u00e9d (1921\u2013), majd doktor\u00e1lt, docens \u00e9s professzor lett (1932); a P\u00e9csi egyetem mag\u00e1n majd rendkiv\u00fcli tan\u00e1ra (1932\u2013). [&hellip;]<\/p>\n","protected":false},"featured_media":0,"comment_status":"open","ping_status":"closed","template":"","meta":[],"product_brand":[],"product_cat":[137],"product_tag":[],"class_list":{"0":"post-9642","1":"product","2":"type-product","3":"status-publish","5":"product_cat-maros-megyei-eletrajzi-lexikon","7":"first","8":"instock","9":"shipping-taxable","10":"product-type-simple"},"_links":{"self":[{"href":"https:\/\/uj.adatbank.ro\/lexikon\/wp-json\/wp\/v2\/product\/9642","targetHints":{"allow":["GET"]}}],"collection":[{"href":"https:\/\/uj.adatbank.ro\/lexikon\/wp-json\/wp\/v2\/product"}],"about":[{"href":"https:\/\/uj.adatbank.ro\/lexikon\/wp-json\/wp\/v2\/types\/product"}],"replies":[{"embeddable":true,"href":"https:\/\/uj.adatbank.ro\/lexikon\/wp-json\/wp\/v2\/comments?post=9642"}],"wp:attachment":[{"href":"https:\/\/uj.adatbank.ro\/lexikon\/wp-json\/wp\/v2\/media?parent=9642"}],"wp:term":[{"taxonomy":"product_brand","embeddable":true,"href":"https:\/\/uj.adatbank.ro\/lexikon\/wp-json\/wp\/v2\/product_brand?post=9642"},{"taxonomy":"product_cat","embeddable":true,"href":"https:\/\/uj.adatbank.ro\/lexikon\/wp-json\/wp\/v2\/product_cat?post=9642"},{"taxonomy":"product_tag","embeddable":true,"href":"https:\/\/uj.adatbank.ro\/lexikon\/wp-json\/wp\/v2\/product_tag?post=9642"}],"curies":[{"name":"wp","href":"https:\/\/api.w.org\/{rel}","templated":true}]}}

HARANGHY László, § nagyrévi

<p>Debrecen, 1897. aug. 10., † Bp., 1975. dec. 8.: orvos, prof., biológus, gerontológus, akadémikus. – Az egyetemet Bp.-en és Debrecenben végezte és orvosi oklevelet szerzett (1922). Közben katona (1915–), olasz hadifogoly (1916–19). Karrierjét a debreceni egyetemen kezdte mint tanársegéd (1921–), majd doktorált, docens és professzor lett (1932); a Pécsi egyetem magán majd rendkivüli tanára (1932–). Kv.-on a kórbonctan és törvényszéki orvostan tanszékvezető professzora (1940–45); az orvosi kar Mv.-re költözése után mint a MOGYI professzora, jelentős szerepet játszott az intézet tudományos és oktatói munkásságának megindításában: ellátta felváltva a kórbonctani, igazságügyi-törvénytani, munka- és iskolaegészségtani és biológiai tanszékek vezetését (1945. okt. – 52); nevéhez fűződik a közegészségtani oktatás bevezetése (1945–47); a bakteorológiai intézet vezetője (1945–47); a mikróbiológiai katedra főnöke (1945–47); a törvényszéki orvostan főnöke (1946–49). A mv.-i Ref. Koll. főgondnoka (1947–). Mo.-ra távozott (1952–), nyugdíjba vonult (1968). A MTA tagja, a Gerontológiai Bizottságának (1953–64), Morphologiai Bizottságának és Orvostört. Bizottságának elnöke. A M. Gerontológiai Társ. elnöke (1967-től), a M. Igazságügyi Orvosok Társ. és a M. Patológusok Társ. vezetőségi tagja. A Német Patológiai Társ. (1929), az In­ternational Gerontological Association (veze­tőségi 1955), a Nemzeti Öregedési Bizottság (USA) l., az International Academy of Pathology (1959), az American Association of Ageing Research tagja (t. 1968). Weszprémi István- (1960), Markusovszky- (1961), Hőgyes Endre- (1965), Semmelweis-emlékérem (1968) birtokosa. Közel 200 m., román, német, olasz, angol nyelven írott szakdolgozata monográfiája, népszerűsítő írása jelent meg a kórtan, mikróbiológia, tőrvényszéki orvostan, gerontológia köréből az Acta Medica, Ardealul Medical stb. folyóiratokban. – <strong>F. m.:</strong> Általános kórbonctani jegyzet (Mv., 1947); Kórbonctan. 1–2 k. (Mv., 1948); Patologia boalei lui Banti a splenomegaliilor congestive (Cluj, 1948); A legkisebb lények és az élet keletkezése. A korszerű darwinizmus (Buk., 1949); A daganat-keletkezés koszerű elmélete (Buk., 1949, 1952); A korszerű darwinizmus úttörői (Buk., 1950); Concepţia actuală a genezei cancerului (Buc., 1951); Tyimirjazev, Micsurin és követői (Buk., 1952); A rák előtti állapotokról általában (Buk., 1953); Stările precanceroase (Buc., 1953); Általános kórbonctan (Bp., 1959); Részletes kórbonctan, I-II. (Bp., 1959–60); <strong>társsz.:</strong> Actualităţi în medicină (Buc., 1959); Pathology of Tuberculosis in Old Age. Szemenyei Klárával (Bp., 1974); Klinik und Pathologische Anatomie der Erythromyeloisis (Bp., 1958). <br /><strong>Irod.:</strong> Bánffy – Marosi; Bartos 2012; Dezső István; Genersich; Időtár 4.; Komjátszegi; Nú (1998. jún. 12.); Barabás-Péter M.–Péter H. M.; Katona Szabó; RMIL; Szigethy–Újvári; Szöllősi 2009; Tizenkét év; Tóth–Gábor; ÚMÉL; Vincze 2010</br></p>

<p>Debrecen, 1897. aug. 10., † Bp., 1975. dec. 8.: orvos, prof., biológus, gerontológus, akadémikus. – Az egyetemet Bp.-en és Debrecenben végezte és orvosi oklevelet szerzett (1922). Közben katona (1915–), olasz hadifogoly (1916–19). Karrierjét a debreceni egyetemen kezdte mint tanársegéd (1921–), majd doktorált, docens és professzor lett (1932); a Pécsi egyetem magán majd rendkivüli tanára (1932–). [&hellip;]</p>
