{"id":9645,"date":"2025-06-29T12:52:11","date_gmt":"2025-06-29T10:52:11","guid":{"rendered":"https:\/\/uj.adatbank.ro\/lexikon\/termek\/haraszti-richard\/"},"modified":"2026-02-23T10:28:25","modified_gmt":"2026-02-23T09:28:25","slug":"haraszti-richard","status":"publish","type":"product","link":"https:\/\/uj.adatbank.ro\/lexikon\/termek\/haraszti-richard\/","title":{"rendered":"HARASZTI Rich\u00e1rd"},"content":{"rendered":"<p>1939.?, \u2020 Mv., 2004. dec. 25.: sportol\u00f3, t\u00e1jfut\u00f3. \u2013 A mv.-i \u00d6r\u00f6kmozg\u00f3 Term\u00e9szetj\u00e1r\u00f3 Egyes\u00fclet H. R. \u2013 eml\u00e9kt\u00far\u00e1t szervez id\u0151nk\u00e9nt.<br \/>\n<strong>Irod.:<\/strong> [Nekrol\u00f3g] (N\u00fa., 2004. dec. 26.?.); H. R. -eml\u00e9kt\u00fara: [H\u00edr] (N\u00fa., 2006. nov. 24.)<\/p>\n<p><strong>Kieg\u00e9sz\u00edt\u00e9s a csal\u00e1dtagokt\u00f3l kapott forr\u00e1sok alapj\u00e1n:<\/strong><\/p>\n<div>\n<p><span lang=\"EN-US\">Mvhely, 1939. aug. 16. \u2013 Mvhely, 2004. dec. 25.:\u00a0 terme\u0301szetja\u0301ro\u0301, sportolo\u0301, ta\u0301jfuto\u0301. Tervezo\u030bke\u0301nt dolgozott a marosva\u0301sa\u0301rhelyi Prodcomplex va\u0301llalatna\u0301l.\u00a0<\/span><\/p>\n<\/div>\n<div>\n<p><span lang=\"EN-US\">Az 1950-1960-as e\u0301vekben a Szakszervezetek Ha\u0301za\u0301ban le\u0301trehozott Turista Kira\u0301ndulo\u0301 Ko\u0308r tagjaibo\u0301l Kiss\u00a0Erno\u030b e\u0301s az o\u030b kezdeme\u0301nyeze\u0301se\u0301re hozta\u0301k le\u0301tre, a sporttana\u0301cs\u00a0felkarola\u0301sa\u0301val, a ta\u0301je\u0301kozo\u0301da\u0301si- ta\u0301jfuto\u0301\u00a0sportszakoszta\u0301lyt, melynek egyik vezeto\u030bje volt. 1966-ban egye\u0301ni orsza\u0301gos t\u00e1vfut\u00f3bajnok. Szervezo\u030bke\u0301nt is sokat tett a sporta\u0301ge\u0301rt, a megyei ta\u0301jfuto\u0301szakoszta\u0301ly elno\u0308keke\u0301nt sok hasznos u\u0301ji\u0301ta\u0301st vezetett be, modern te\u0301rke\u0301peket ke\u0301szi\u0301tett, orsza\u0301gos versenyeket is szervezett, fiatal ta\u0301jfuto\u0301k nemzede\u0301keit nevelte ki\u00a01960 e\u0301s 1980 ko\u0308zo\u0308tt. \u00a0A Turista Kira\u0301ndulo\u0301 Ko\u0308r\u00a0\u2013\u00a0amely a megszu\u0308ntetett Erde\u0301lyi Ka\u0301rpa\u0301t Egyesu\u0308let feladatko\u0308re\u0301t va\u0301llalta fel e\u0301s 1990-ig mu\u030bko\u0308do\u0308tt \u2013\u00a0tagjake\u0301nt ta\u0301rsaival egyu\u0308tt akti\u0301van re\u0301szt vett a Maros-Magyar Autono\u0301m\u00a0Tartoma\u0301nyban levo\u030b hegyek (Kelemen-, Go\u0308rge\u0301nyi-havasok, Nagyhagyma\u0301s, Hargita) turistau\u0301tvonalainak megjel\u00f6l\u00e9s\u00e9ben. Kolozsva\u0301ri barlanga\u0301szokkal egyu\u0308tt ko\u0308zo\u0308sen ta\u0301rtak fel u\u0301j ja\u0301ratokat a Szelek barlangja\u0301ban. 1990 uta\u0301n vezeto\u030bse\u0301gi, majd tiszteletbeli tagja volt a marosva\u0301sa\u0301rhelyi O\u0308ro\u0308kmozgo\u0301 Terme\u0301szetja\u0301ro\u0301\u00a0Egyesu\u0308letnek. Nyugd\u00edjask\u00e9nt, a marosva\u0301sa\u0301rhelyi Pro Cardia Szi\u0301vbetegek\u00a0Egyesu\u0308lete\u0301nek tagjake\u0301nt to\u0308bb alkalommal szervezett kira\u0301ndula\u0301sokat betegta\u0301rsainak, az ilyen\u00a0erdo\u030bja\u0301ra\u0301sokon e\u0301lo\u030bben is megismertetve a re\u0301sztvevo\u030bkkel a ku\u0308lo\u0308nbo\u0308zo\u030b gyo\u0301gyno\u0308ve\u0301nyeket e\u0301s gomba\u0301kat, to\u0308bb alkalommal tartott ko\u0301stola\u0301ssal egybeko\u0308to\u0308tt elo\u030bada\u0301sokat is, melyre o\u030b maga ke\u0301szi\u0301tette el a\u00a0bemutatott ege\u0301szse\u0301ges e\u0301tkeket e\u0301s italokat.<\/span><\/p>\n<\/div>\n<p>&nbsp;<\/p>\n","protected":false},"excerpt":{"rendered":"<p>1939.?, \u2020 Mv., 2004. dec. 25.: sportol\u00f3, t\u00e1jfut\u00f3. \u2013 A mv.-i \u00d6r\u00f6kmozg\u00f3 Term\u00e9szetj\u00e1r\u00f3 Egyes\u00fclet H. R. \u2013 eml\u00e9kt\u00far\u00e1t szervez id\u0151nk\u00e9nt. Irod.: [Nekrol\u00f3g] (N\u00fa., 2004. dec. 26.?.); H. R. -eml\u00e9kt\u00fara: [H\u00edr] (N\u00fa., 2006. nov. 24.) Kieg\u00e9sz\u00edt\u00e9s a csal\u00e1dtagokt\u00f3l kapott forr\u00e1sok alapj\u00e1n: Mvhely, 1939. aug. 16. \u2013 Mvhely, 2004. dec. 25.:\u00a0 terme\u0301szetja\u0301ro\u0301, sportolo\u0301, ta\u0301jfuto\u0301. Tervezo\u030bke\u0301nt dolgozott a [&hellip;]<\/p>\n","protected":false},"featured_media":0,"comment_status":"open","ping_status":"closed","template":"","meta":[],"product_brand":[],"product_cat":[137],"product_tag":[],"class_list":{"0":"post-9645","1":"product","2":"type-product","3":"status-publish","5":"product_cat-maros-megyei-eletrajzi-lexikon","7":"first","8":"instock","9":"shipping-taxable","10":"product-type-simple"},"_links":{"self":[{"href":"https:\/\/uj.adatbank.ro\/lexikon\/wp-json\/wp\/v2\/product\/9645","targetHints":{"allow":["GET"]}}],"collection":[{"href":"https:\/\/uj.adatbank.ro\/lexikon\/wp-json\/wp\/v2\/product"}],"about":[{"href":"https:\/\/uj.adatbank.ro\/lexikon\/wp-json\/wp\/v2\/types\/product"}],"replies":[{"embeddable":true,"href":"https:\/\/uj.adatbank.ro\/lexikon\/wp-json\/wp\/v2\/comments?post=9645"}],"wp:attachment":[{"href":"https:\/\/uj.adatbank.ro\/lexikon\/wp-json\/wp\/v2\/media?parent=9645"}],"wp:term":[{"taxonomy":"product_brand","embeddable":true,"href":"https:\/\/uj.adatbank.ro\/lexikon\/wp-json\/wp\/v2\/product_brand?post=9645"},{"taxonomy":"product_cat","embeddable":true,"href":"https:\/\/uj.adatbank.ro\/lexikon\/wp-json\/wp\/v2\/product_cat?post=9645"},{"taxonomy":"product_tag","embeddable":true,"href":"https:\/\/uj.adatbank.ro\/lexikon\/wp-json\/wp\/v2\/product_tag?post=9645"}],"curies":[{"name":"wp","href":"https:\/\/api.w.org\/{rel}","templated":true}]}}

HARASZTI Richárd

<p>1939.?, † Mv., 2004. dec. 25.: sportoló, tájfutó. – A mv.-i Örökmozgó Természetjáró Egyesület H. R. – emléktúrát szervez időnként.<br />
<strong>Irod.:</strong> [Nekrológ] (Nú., 2004. dec. 26.?.); H. R. -emléktúra: [Hír] (Nú., 2006. nov. 24.)</p>
<p><strong>Kiegészítés a családtagoktól kapott források alapján:</strong></p>
<div>
<p><span lang="EN-US">Mvhely, 1939. aug. 16. – Mvhely, 2004. dec. 25.:  természetjáró, sportoló, tájfutó. Tervezőként dolgozott a marosvásárhelyi Prodcomplex vállalatnál. </span></p>
</div>
<div>
<p><span lang="EN-US">Az 1950-1960-as években a Szakszervezetek Házában létrehozott Turista Kiránduló Kör tagjaiból Kiss Ernő és az ő kezdeményezésére hozták létre, a sporttanács felkarolásával, a tájékozódási- tájfutó sportszakosztályt, melynek egyik vezetője volt. 1966-ban egyéni országos távfutóbajnok. Szervezőként is sokat tett a sportágért, a megyei tájfutószakosztály elnökeként sok hasznos újítást vezetett be, modern térképeket készített, országos versenyeket is szervezett, fiatal tájfutók nemzedékeit nevelte ki 1960 és 1980 között.  A Turista Kiránduló Kör – amely a megszüntetett Erdélyi Kárpát Egyesület feladatkörét vállalta fel és 1990-ig működött – tagjaként társaival együtt aktívan részt vett a Maros-Magyar Autonóm Tartományban levő hegyek (Kelemen-, Görgényi-havasok, Nagyhagymás, Hargita) turistaútvonalainak megjelölésében. Kolozsvári barlangászokkal együtt közösen tártak fel új járatokat a Szelek barlangjában. 1990 után vezetőségi, majd tiszteletbeli tagja volt a marosvásárhelyi Örökmozgó Természetjáró Egyesületnek. Nyugdíjasként, a marosvásárhelyi Pro Cardia Szívbetegek Egyesületének tagjaként több alkalommal szervezett kirándulásokat betegtársainak, az ilyen erdőjárásokon élőben is megismertetve a résztvevőkkel a különböző gyógynövényeket és gombákat, több alkalommal tartott kóstolással egybekötött előadásokat is, melyre ő maga készítette el a bemutatott egészséges étkeket és italokat.</span></p>
</div>
<p>&nbsp;</p>

<p>1939.?, † Mv., 2004. dec. 25.: sportoló, tájfutó. – A mv.-i Örökmozgó Természetjáró Egyesület H. R. – emléktúrát szervez időnként. Irod.: [Nekrológ] (Nú., 2004. dec. 26.?.); H. R. -emléktúra: [Hír] (Nú., 2006. nov. 24.) Kiegészítés a családtagoktól kapott források alapján: Mvhely, 1939. aug. 16. – Mvhely, 2004. dec. 25.:  természetjáró, sportoló, tájfutó. Tervezőként dolgozott a [&hellip;]</p>
