{"id":9646,"date":"2025-06-29T12:52:12","date_gmt":"2025-06-29T10:52:12","guid":{"rendered":"https:\/\/uj.adatbank.ro\/lexikon\/termek\/harasztkereki-ferenc\/"},"modified":"2025-06-29T12:52:12","modified_gmt":"2025-06-29T10:52:12","slug":"harasztkereki-ferenc","status":"publish","type":"product","link":"https:\/\/uj.adatbank.ro\/lexikon\/termek\/harasztkereki-ferenc\/","title":{"rendered":"HARASZTKEREKI Ferenc"},"content":{"rendered":"<p>? \u2020 Nagyernye, 1738.: ref. lelk\u00e9sz. \u2013 Mv.-en subscrib\u00e1lt (1699). Rektor volt, majd lelk\u00e9sz Nagyteremiben (1721\u201332), Nagyerny\u00e9ben hal\u00e1l\u00e1ig (1733\u201338). Feles\u00e9ge \u00f3n keny\u00e9roszt\u00f3 t\u00e1ny\u00e9rt aj\u00e1nd\u00e9kozott a nagykendi ref. egyh\u00e1zk\u00f6zs\u00e9g\u00e9nek (1738). <br \/><strong>Irod.:<\/strong> K\u00fck\u00fcll\u0151i Ref. Egyh\u00e1zm. 4.<\/br><\/p>\n","protected":false},"excerpt":{"rendered":"<p>? \u2020 Nagyernye, 1738.: ref. lelk\u00e9sz. \u2013 Mv.-en subscrib\u00e1lt (1699). Rektor volt, majd lelk\u00e9sz Nagyteremiben (1721\u201332), Nagyerny\u00e9ben hal\u00e1l\u00e1ig (1733\u201338). Feles\u00e9ge \u00f3n keny\u00e9roszt\u00f3 t\u00e1ny\u00e9rt aj\u00e1nd\u00e9kozott a nagykendi ref. egyh\u00e1zk\u00f6zs\u00e9g\u00e9nek (1738). Irod.: K\u00fck\u00fcll\u0151i Ref. Egyh\u00e1zm. 4.<\/p>\n","protected":false},"featured_media":0,"comment_status":"open","ping_status":"closed","template":"","meta":[],"product_brand":[],"product_cat":[137],"product_tag":[],"class_list":{"0":"post-9646","1":"product","2":"type-product","3":"status-publish","5":"product_cat-maros-megyei-eletrajzi-lexikon","7":"first","8":"instock","9":"shipping-taxable","10":"product-type-simple"},"_links":{"self":[{"href":"https:\/\/uj.adatbank.ro\/lexikon\/wp-json\/wp\/v2\/product\/9646","targetHints":{"allow":["GET"]}}],"collection":[{"href":"https:\/\/uj.adatbank.ro\/lexikon\/wp-json\/wp\/v2\/product"}],"about":[{"href":"https:\/\/uj.adatbank.ro\/lexikon\/wp-json\/wp\/v2\/types\/product"}],"replies":[{"embeddable":true,"href":"https:\/\/uj.adatbank.ro\/lexikon\/wp-json\/wp\/v2\/comments?post=9646"}],"wp:attachment":[{"href":"https:\/\/uj.adatbank.ro\/lexikon\/wp-json\/wp\/v2\/media?parent=9646"}],"wp:term":[{"taxonomy":"product_brand","embeddable":true,"href":"https:\/\/uj.adatbank.ro\/lexikon\/wp-json\/wp\/v2\/product_brand?post=9646"},{"taxonomy":"product_cat","embeddable":true,"href":"https:\/\/uj.adatbank.ro\/lexikon\/wp-json\/wp\/v2\/product_cat?post=9646"},{"taxonomy":"product_tag","embeddable":true,"href":"https:\/\/uj.adatbank.ro\/lexikon\/wp-json\/wp\/v2\/product_tag?post=9646"}],"curies":[{"name":"wp","href":"https:\/\/api.w.org\/{rel}","templated":true}]}}