{"id":9648,"date":"2025-06-29T12:52:16","date_gmt":"2025-06-29T10:52:16","guid":{"rendered":"https:\/\/uj.adatbank.ro\/lexikon\/termek\/harcsa-bela\/"},"modified":"2025-06-29T12:52:16","modified_gmt":"2025-06-29T10:52:16","slug":"harcsa-bela","status":"publish","type":"product","link":"https:\/\/uj.adatbank.ro\/lexikon\/termek\/harcsa-bela\/","title":{"rendered":"HARCSA B\u00e9la"},"content":{"rendered":"<p>Marosh\u00e9v\u00edz, 1921. febr. 7., \u2020 ? : moln\u00e1r, munk\u00e1sigazgat\u00f3. \u2013. Mv.-en a Fr\u00fcchter Malomban f\u0151moln\u00e1rk\u00e9nt dolgozott (1946\u2013). Bekapcsol\u00f3dott a kommunista ifjak tev\u00e9kenys\u00e9g\u00e9be (1937\u2013), majd a RMP tagja lett (1947\u2013). A malomot Rosenblatt Ervin l\u00e9tes\u00edtette, \u00e9s 8 alkalmazottal dolgozott (1925\u2013). Az \u00e1llamos\u00edt\u00e1skor H. B. nevezt\u00e9k ki igazgat\u00f3nak (1948. j\u00fan. 14), a malom \u00faj neve Moara Steaua Ro\u015fie lett (1948. dec. 2. \u2013). K\u00e9s\u0151bb a Bel\u00fcgyminiszt\u00e9rium elrendelte Mv. h\u00e1rom malm\u00e1nak egyes\u00edt\u00e9s\u00e9t (Grivi\u0163a Ro\u015fie, Moara \u0163\u0103r\u0103neasc\u0103 a municipiului Tg. Mure\u015f \u00e9s Steaua Ro\u015fie), az \u00faj malom neve Morile \u0162\u0103r\u0103ne\u015fti ale Comunei Urbane Tg. Mure\u015f (1950. jan. 1\u2013). Ennek igazgat\u00f3ja szint\u00e9n H. B. maradt, az alkalmazottak sz\u00e1ma 12-re n\u0151tt, \u00e9s a Mv. V\u00e1rosi N\u00e9ptan\u00e1cs tulajdon\u00e1ba ment \u00e1t. <br \/><strong>Irod.:<\/strong> Bartos Zolt\u00e1n<\/br><\/p>\n","protected":false},"excerpt":{"rendered":"<p>Marosh\u00e9v\u00edz, 1921. febr. 7., \u2020 ? : moln\u00e1r, munk\u00e1sigazgat\u00f3. \u2013. Mv.-en a Fr\u00fcchter Malomban f\u0151moln\u00e1rk\u00e9nt dolgozott (1946\u2013). Bekapcsol\u00f3dott a kommunista ifjak tev\u00e9kenys\u00e9g\u00e9be (1937\u2013), majd a RMP tagja lett (1947\u2013). A malomot Rosenblatt Ervin l\u00e9tes\u00edtette, \u00e9s 8 alkalmazottal dolgozott (1925\u2013). Az \u00e1llamos\u00edt\u00e1skor H. B. nevezt\u00e9k ki igazgat\u00f3nak (1948. j\u00fan. 14), a malom \u00faj neve Moara Steaua [&hellip;]<\/p>\n","protected":false},"featured_media":0,"comment_status":"open","ping_status":"closed","template":"","meta":[],"product_brand":[],"product_cat":[137],"product_tag":[],"class_list":{"0":"post-9648","1":"product","2":"type-product","3":"status-publish","5":"product_cat-maros-megyei-eletrajzi-lexikon","7":"first","8":"instock","9":"shipping-taxable","10":"product-type-simple"},"_links":{"self":[{"href":"https:\/\/uj.adatbank.ro\/lexikon\/wp-json\/wp\/v2\/product\/9648","targetHints":{"allow":["GET"]}}],"collection":[{"href":"https:\/\/uj.adatbank.ro\/lexikon\/wp-json\/wp\/v2\/product"}],"about":[{"href":"https:\/\/uj.adatbank.ro\/lexikon\/wp-json\/wp\/v2\/types\/product"}],"replies":[{"embeddable":true,"href":"https:\/\/uj.adatbank.ro\/lexikon\/wp-json\/wp\/v2\/comments?post=9648"}],"wp:attachment":[{"href":"https:\/\/uj.adatbank.ro\/lexikon\/wp-json\/wp\/v2\/media?parent=9648"}],"wp:term":[{"taxonomy":"product_brand","embeddable":true,"href":"https:\/\/uj.adatbank.ro\/lexikon\/wp-json\/wp\/v2\/product_brand?post=9648"},{"taxonomy":"product_cat","embeddable":true,"href":"https:\/\/uj.adatbank.ro\/lexikon\/wp-json\/wp\/v2\/product_cat?post=9648"},{"taxonomy":"product_tag","embeddable":true,"href":"https:\/\/uj.adatbank.ro\/lexikon\/wp-json\/wp\/v2\/product_tag?post=9648"}],"curies":[{"name":"wp","href":"https:\/\/api.w.org\/{rel}","templated":true}]}}

HARCSA Béla

<p>Maroshévíz, 1921. febr. 7., † ? : molnár, munkásigazgató. –. Mv.-en a Früchter Malomban főmolnárként dolgozott (1946–). Bekapcsolódott a kommunista ifjak tevékenységébe (1937–), majd a RMP tagja lett (1947–). A malomot Rosenblatt Ervin létesítette, és 8 alkalmazottal dolgozott (1925–). Az államosításkor H. B. nevezték ki igazgatónak (1948. jún. 14), a malom új neve Moara Steaua Roşie lett (1948. dec. 2. –). Később a Belügyminisztérium elrendelte Mv. három malmának egyesítését (Griviţa Roşie, Moara ţărănească a municipiului Tg. Mureş és Steaua Roşie), az új malom neve Morile Ţărăneşti ale Comunei Urbane Tg. Mureş (1950. jan. 1–). Ennek igazgatója szintén H. B. maradt, az alkalmazottak száma 12-re nőtt, és a Mv. Városi Néptanács tulajdonába ment át. <br /><strong>Irod.:</strong> Bartos Zoltán</br></p>

<p>Maroshévíz, 1921. febr. 7., † ? : molnár, munkásigazgató. –. Mv.-en a Früchter Malomban főmolnárként dolgozott (1946–). Bekapcsolódott a kommunista ifjak tevékenységébe (1937–), majd a RMP tagja lett (1947–). A malomot Rosenblatt Ervin létesítette, és 8 alkalmazottal dolgozott (1925–). Az államosításkor H. B. nevezték ki igazgatónak (1948. jún. 14), a malom új neve Moara Steaua [&hellip;]</p>
