{"id":9650,"date":"2025-06-29T12:52:22","date_gmt":"2025-06-29T10:52:22","guid":{"rendered":"https:\/\/uj.adatbank.ro\/lexikon\/termek\/hargitai-zoltan-vinter-zoltan\/"},"modified":"2025-06-29T12:52:22","modified_gmt":"2025-06-29T10:52:22","slug":"hargitai-zoltan-vinter-zoltan","status":"publish","type":"product","link":"https:\/\/uj.adatbank.ro\/lexikon\/termek\/hargitai-zoltan-vinter-zoltan\/","title":{"rendered":"HARGITAI Zolt\u00e1n, Vinter Zolt\u00e1n"},"content":{"rendered":"<p>Mez\u0151s\u00e1msond, 1912. aug. 7. \u2020 Passau, 1945. m\u00e1rc. \/ \u00e1pr.: botanikus, m\u00fazeum\u0151r. \u2013 Tanult elemiben Csimp\u00e1n, D\u00e9sen, Alpar\u00e9ten \u00e9s a dun\u00e1nt\u00fali M\u00e1nyokon, k\u00f6z\u00e9piskol\u00e1ban Nagyk\u0151r\u00f6s\u00f6n, az egyetemen Debrecenben v\u00e9gezte (1937), ahol k\u00f6z\u00e9piskolai tan\u00e1ri oklevelet szerzett, doktor\u00e1lt (1938); a n\u00f6v\u00e9nyrendszertan t\u00e1rgyk\u00f6r\u00e9ben mag\u00e1ntan\u00e1ri k\u00e9pes\u00edt\u00e9st nyert (1943). S\u00e1rospatakon a ref. tan\u00edt\u00f3k\u00e9pz\u0151 helyettes tan\u00e1ra (1937\u201341) s mint ilyen kutat\u00f3 \u00f6szt\u00f6nd\u00edjas (1939\u201340); a kv.-i FJTE n\u00f6v\u00e9nyrendszertani int\u00e9zet\u00e9nek tan\u00e1rseg\u00e9de (1940\u2013) \u00e9s a botanikus kert \u00e9s m\u00fazeum \u0151re (1943\u2013). Katona (1944. \u0151sz\u00e9t\u0151l\u2013), fogs\u00e1gba esett (1945. febr.), a passaui hadifogoly\u00adt\u00e1borba z\u00e1rt\u00e1k \u00e9s ott is halt meg. Cikkei k\u00f6z\u00f6lte: a Botanikai K\u00f6zl\u00f6ny, A S\u00e1rospataki Ref. Tan\u00edt\u00f3k\u00e9pz\u0151 \u00c9vk\u00f6nve, a M. Ta\u00edt\u00f3k\u00e9p., Acta Geobot. Hung., Scripta Bot. Mus. Transs., M\u00fazeumi F\u00fczetek, Hat\u00e1r\u0151r, Oktat\u00f3film K\u00f6zlem., \u00daj Vet\u00e9s. \u2013 <strong>F. m.:<\/strong> Nagyk\u0151r\u00f6s n\u00f6v\u00e9nyvil\u00e1ga 1\u20133. (Debrecen, 1937\u20131942). <br \/><strong>Irod.:<\/strong> Guly\u00e1s; M\u00c9L; R\u00daL; \u00daM\u00c9L<\/br><\/p>\n","protected":false},"excerpt":{"rendered":"<p>Mez\u0151s\u00e1msond, 1912. aug. 7. \u2020 Passau, 1945. m\u00e1rc. \/ \u00e1pr.: botanikus, m\u00fazeum\u0151r. \u2013 Tanult elemiben Csimp\u00e1n, D\u00e9sen, Alpar\u00e9ten \u00e9s a dun\u00e1nt\u00fali M\u00e1nyokon, k\u00f6z\u00e9piskol\u00e1ban Nagyk\u0151r\u00f6s\u00f6n, az egyetemen Debrecenben v\u00e9gezte (1937), ahol k\u00f6z\u00e9piskolai tan\u00e1ri oklevelet szerzett, doktor\u00e1lt (1938); a n\u00f6v\u00e9nyrendszertan t\u00e1rgyk\u00f6r\u00e9ben mag\u00e1ntan\u00e1ri k\u00e9pes\u00edt\u00e9st nyert (1943). S\u00e1rospatakon a ref. tan\u00edt\u00f3k\u00e9pz\u0151 helyettes tan\u00e1ra (1937\u201341) s mint ilyen kutat\u00f3 \u00f6szt\u00f6nd\u00edjas [&hellip;]<\/p>\n","protected":false},"featured_media":0,"comment_status":"open","ping_status":"closed","template":"","meta":[],"product_brand":[],"product_cat":[137],"product_tag":[],"class_list":{"0":"post-9650","1":"product","2":"type-product","3":"status-publish","5":"product_cat-maros-megyei-eletrajzi-lexikon","7":"first","8":"instock","9":"shipping-taxable","10":"product-type-simple"},"_links":{"self":[{"href":"https:\/\/uj.adatbank.ro\/lexikon\/wp-json\/wp\/v2\/product\/9650","targetHints":{"allow":["GET"]}}],"collection":[{"href":"https:\/\/uj.adatbank.ro\/lexikon\/wp-json\/wp\/v2\/product"}],"about":[{"href":"https:\/\/uj.adatbank.ro\/lexikon\/wp-json\/wp\/v2\/types\/product"}],"replies":[{"embeddable":true,"href":"https:\/\/uj.adatbank.ro\/lexikon\/wp-json\/wp\/v2\/comments?post=9650"}],"wp:attachment":[{"href":"https:\/\/uj.adatbank.ro\/lexikon\/wp-json\/wp\/v2\/media?parent=9650"}],"wp:term":[{"taxonomy":"product_brand","embeddable":true,"href":"https:\/\/uj.adatbank.ro\/lexikon\/wp-json\/wp\/v2\/product_brand?post=9650"},{"taxonomy":"product_cat","embeddable":true,"href":"https:\/\/uj.adatbank.ro\/lexikon\/wp-json\/wp\/v2\/product_cat?post=9650"},{"taxonomy":"product_tag","embeddable":true,"href":"https:\/\/uj.adatbank.ro\/lexikon\/wp-json\/wp\/v2\/product_tag?post=9650"}],"curies":[{"name":"wp","href":"https:\/\/api.w.org\/{rel}","templated":true}]}}

HARGITAI Zoltán, Vinter Zoltán

<p>Mezősámsond, 1912. aug. 7. † Passau, 1945. márc. / ápr.: botanikus, múzeumőr. – Tanult elemiben Csimpán, Désen, Alparéten és a dunántúli Mányokon, középiskolában Nagykőrösön, az egyetemen Debrecenben végezte (1937), ahol középiskolai tanári oklevelet szerzett, doktorált (1938); a növényrendszertan tárgykörében magántanári képesítést nyert (1943). Sárospatakon a ref. tanítóképző helyettes tanára (1937–41) s mint ilyen kutató ösztöndíjas (1939–40); a kv.-i FJTE növényrendszertani intézetének tanársegéde (1940–) és a botanikus kert és múzeum őre (1943–). Katona (1944. őszétől–), fogságba esett (1945. febr.), a passaui hadifogoly­táborba zárták és ott is halt meg. Cikkei közölte: a Botanikai Közlöny, A Sárospataki Ref. Tanítóképző Évkönve, a M. Taítókép., Acta Geobot. Hung., Scripta Bot. Mus. Transs., Múzeumi Füzetek, Határőr, Oktatófilm Közlem., Új Vetés. – <strong>F. m.:</strong> Nagykőrös növényvilága 1–3. (Debrecen, 1937–1942). <br /><strong>Irod.:</strong> Gulyás; MÉL; RÚL; ÚMÉL</br></p>

<p>Mezősámsond, 1912. aug. 7. † Passau, 1945. márc. / ápr.: botanikus, múzeumőr. – Tanult elemiben Csimpán, Désen, Alparéten és a dunántúli Mányokon, középiskolában Nagykőrösön, az egyetemen Debrecenben végezte (1937), ahol középiskolai tanári oklevelet szerzett, doktorált (1938); a növényrendszertan tárgykörében magántanári képesítést nyert (1943). Sárospatakon a ref. tanítóképző helyettes tanára (1937–41) s mint ilyen kutató ösztöndíjas [&hellip;]</p>
