{"id":9654,"date":"2025-06-29T12:52:29","date_gmt":"2025-06-29T10:52:29","guid":{"rendered":"https:\/\/uj.adatbank.ro\/lexikon\/termek\/harinnai-farkas-janos\/"},"modified":"2025-06-29T12:52:29","modified_gmt":"2025-06-29T10:52:29","slug":"harinnai-farkas-janos","status":"publish","type":"product","link":"https:\/\/uj.adatbank.ro\/lexikon\/termek\/harinnai-farkas-janos\/","title":{"rendered":"HARINNAI FARKAS J\u00e1nos"},"content":{"rendered":"<p>? \u2020\u00a0? : birtokos. \u2013 H. F. Tam\u00e1s \u00e9s B\u00e1nffy Druzsi\u00e1na, a k\u00e9s\u0151bbi Bethlen Elekn\u00e9, fia. Testv\u00e9re: Margit Bikali Bikly J\u00e1nosn\u00e9. Feles\u00e9ge: B\u00e1nffy Druzsi\u00e1na, fi\u00fak: Farkas. \u2013 A H. csal\u00e1d birtok\u00e1t k\u00e9pz\u0151 Magyar- \u00e9s Sz\u00e1szf\u00fclp\u00f6s eg\u00e9szbirtokok, a radnai arany- \u00e9s ez\u00fcstb\u00e1nya k\u00f6z\u00f6s haszn\u00e1lat\u00e1ban egyeztek meg, n\u0151v\u00e9r\u00e9vel Bikali Bikly J\u00e1nosn\u00e9val, a kolozsmonostori konvent el\u0151tt (1502. nov. 25.). <br \/><strong>Irod.:<\/strong> Horn Ildik\u00f3: Erd\u00e9lyi unit. 16. sz.; Magyarf\u00fclp\u00f6s<\/br><\/p>\n","protected":false},"excerpt":{"rendered":"<p>? \u2020\u00a0? : birtokos. \u2013 H. F. Tam\u00e1s \u00e9s B\u00e1nffy Druzsi\u00e1na, a k\u00e9s\u0151bbi Bethlen Elekn\u00e9, fia. Testv\u00e9re: Margit Bikali Bikly J\u00e1nosn\u00e9. Feles\u00e9ge: B\u00e1nffy Druzsi\u00e1na, fi\u00fak: Farkas. \u2013 A H. csal\u00e1d birtok\u00e1t k\u00e9pz\u0151 Magyar- \u00e9s Sz\u00e1szf\u00fclp\u00f6s eg\u00e9szbirtokok, a radnai arany- \u00e9s ez\u00fcstb\u00e1nya k\u00f6z\u00f6s haszn\u00e1lat\u00e1ban egyeztek meg, n\u0151v\u00e9r\u00e9vel Bikali Bikly J\u00e1nosn\u00e9val, a kolozsmonostori konvent el\u0151tt (1502. nov. [&hellip;]<\/p>\n","protected":false},"featured_media":0,"comment_status":"open","ping_status":"closed","template":"","meta":[],"product_brand":[],"product_cat":[137],"product_tag":[],"class_list":{"0":"post-9654","1":"product","2":"type-product","3":"status-publish","5":"product_cat-maros-megyei-eletrajzi-lexikon","7":"first","8":"instock","9":"shipping-taxable","10":"product-type-simple"},"_links":{"self":[{"href":"https:\/\/uj.adatbank.ro\/lexikon\/wp-json\/wp\/v2\/product\/9654","targetHints":{"allow":["GET"]}}],"collection":[{"href":"https:\/\/uj.adatbank.ro\/lexikon\/wp-json\/wp\/v2\/product"}],"about":[{"href":"https:\/\/uj.adatbank.ro\/lexikon\/wp-json\/wp\/v2\/types\/product"}],"replies":[{"embeddable":true,"href":"https:\/\/uj.adatbank.ro\/lexikon\/wp-json\/wp\/v2\/comments?post=9654"}],"wp:attachment":[{"href":"https:\/\/uj.adatbank.ro\/lexikon\/wp-json\/wp\/v2\/media?parent=9654"}],"wp:term":[{"taxonomy":"product_brand","embeddable":true,"href":"https:\/\/uj.adatbank.ro\/lexikon\/wp-json\/wp\/v2\/product_brand?post=9654"},{"taxonomy":"product_cat","embeddable":true,"href":"https:\/\/uj.adatbank.ro\/lexikon\/wp-json\/wp\/v2\/product_cat?post=9654"},{"taxonomy":"product_tag","embeddable":true,"href":"https:\/\/uj.adatbank.ro\/lexikon\/wp-json\/wp\/v2\/product_tag?post=9654"}],"curies":[{"name":"wp","href":"https:\/\/api.w.org\/{rel}","templated":true}]}}

HARINNAI FARKAS János

<p>? † ? : birtokos. – H. F. Tamás és Bánffy Druzsiána, a későbbi Bethlen Elekné, fia. Testvére: Margit Bikali Bikly Jánosné. Felesége: Bánffy Druzsiána, fiúk: Farkas. – A H. család birtokát képző Magyar- és Szászfülpös egészbirtokok, a radnai arany- és ezüstbánya közös használatában egyeztek meg, nővérével Bikali Bikly Jánosnéval, a kolozsmonostori konvent előtt (1502. nov. 25.). <br /><strong>Irod.:</strong> Horn Ildikó: Erdélyi unit. 16. sz.; Magyarfülpös</br></p>

<p>? † ? : birtokos. – H. F. Tamás és Bánffy Druzsiána, a későbbi Bethlen Elekné, fia. Testvére: Margit Bikali Bikly Jánosné. Felesége: Bánffy Druzsiána, fiúk: Farkas. – A H. család birtokát képző Magyar- és Szászfülpös egészbirtokok, a radnai arany- és ezüstbánya közös használatában egyeztek meg, nővérével Bikali Bikly Jánosnéval, a kolozsmonostori konvent előtt (1502. nov. [&hellip;]</p>
