{"id":9656,"date":"2025-06-29T12:52:32","date_gmt":"2025-06-29T10:52:32","guid":{"rendered":"https:\/\/uj.adatbank.ro\/lexikon\/termek\/harinnai-farkas-margit-bikali-bikly-janosne\/"},"modified":"2025-06-29T12:52:32","modified_gmt":"2025-06-29T10:52:32","slug":"harinnai-farkas-margit-bikali-bikly-janosne","status":"publish","type":"product","link":"https:\/\/uj.adatbank.ro\/lexikon\/termek\/harinnai-farkas-margit-bikali-bikly-janosne\/","title":{"rendered":"HARINNAI FARKAS Margit, Bikali Bikly J\u00e1nosn\u00e9"},"content":{"rendered":"<p>? \u2020\u00a0?: H. F. Tam\u00e1s le\u00e1nya. \u00d6ccse: H. F. J\u00e1nos. A H. csal\u00e1d birtok\u00e1t k\u00e9pz\u0151 Magyar- \u00e9s Sz\u00e1szf\u00fclp\u00f6s eg\u00e9szbirtokok, a radnai arany- \u00e9s ez\u00fcstb\u00e1nya k\u00f6z\u00f6s haszn\u00e1lat\u00e1ban egyeztek meg, \u00f6ccs\u00e9vel, a kolozsmonostori konvent el\u0151tt (1502. nov. 25.). Peresked\u00e9s \u00fatj\u00e1n \u00fajra meg- \u00e9s kiegyeztek: a sz\u00e1szf\u00fclp\u00f6si, tancsi, szentandr\u00e1si \u00e9s \u00fajfalui eg\u00e9szbirtokok ker\u00fcltek tulajdon\u00e1ba (1505. aug. 23.). <br \/><strong>Irod.:<\/strong> Magyarf\u00fclp\u00f6s<\/br><\/p>\n","protected":false},"excerpt":{"rendered":"<p>? \u2020\u00a0?: H. F. Tam\u00e1s le\u00e1nya. \u00d6ccse: H. F. J\u00e1nos. A H. csal\u00e1d birtok\u00e1t k\u00e9pz\u0151 Magyar- \u00e9s Sz\u00e1szf\u00fclp\u00f6s eg\u00e9szbirtokok, a radnai arany- \u00e9s ez\u00fcstb\u00e1nya k\u00f6z\u00f6s haszn\u00e1lat\u00e1ban egyeztek meg, \u00f6ccs\u00e9vel, a kolozsmonostori konvent el\u0151tt (1502. nov. 25.). Peresked\u00e9s \u00fatj\u00e1n \u00fajra meg- \u00e9s kiegyeztek: a sz\u00e1szf\u00fclp\u00f6si, tancsi, szentandr\u00e1si \u00e9s \u00fajfalui eg\u00e9szbirtokok ker\u00fcltek tulajdon\u00e1ba (1505. aug. 23.). Irod.: [&hellip;]<\/p>\n","protected":false},"featured_media":0,"comment_status":"open","ping_status":"closed","template":"","meta":[],"product_brand":[],"product_cat":[137],"product_tag":[],"class_list":{"0":"post-9656","1":"product","2":"type-product","3":"status-publish","5":"product_cat-maros-megyei-eletrajzi-lexikon","7":"first","8":"instock","9":"shipping-taxable","10":"product-type-simple"},"_links":{"self":[{"href":"https:\/\/uj.adatbank.ro\/lexikon\/wp-json\/wp\/v2\/product\/9656","targetHints":{"allow":["GET"]}}],"collection":[{"href":"https:\/\/uj.adatbank.ro\/lexikon\/wp-json\/wp\/v2\/product"}],"about":[{"href":"https:\/\/uj.adatbank.ro\/lexikon\/wp-json\/wp\/v2\/types\/product"}],"replies":[{"embeddable":true,"href":"https:\/\/uj.adatbank.ro\/lexikon\/wp-json\/wp\/v2\/comments?post=9656"}],"wp:attachment":[{"href":"https:\/\/uj.adatbank.ro\/lexikon\/wp-json\/wp\/v2\/media?parent=9656"}],"wp:term":[{"taxonomy":"product_brand","embeddable":true,"href":"https:\/\/uj.adatbank.ro\/lexikon\/wp-json\/wp\/v2\/product_brand?post=9656"},{"taxonomy":"product_cat","embeddable":true,"href":"https:\/\/uj.adatbank.ro\/lexikon\/wp-json\/wp\/v2\/product_cat?post=9656"},{"taxonomy":"product_tag","embeddable":true,"href":"https:\/\/uj.adatbank.ro\/lexikon\/wp-json\/wp\/v2\/product_tag?post=9656"}],"curies":[{"name":"wp","href":"https:\/\/api.w.org\/{rel}","templated":true}]}}

HARINNAI FARKAS Margit, Bikali Bikly Jánosné

<p>? † ?: H. F. Tamás leánya. Öccse: H. F. János. A H. család birtokát képző Magyar- és Szászfülpös egészbirtokok, a radnai arany- és ezüstbánya közös használatában egyeztek meg, öccsével, a kolozsmonostori konvent előtt (1502. nov. 25.). Pereskedés útján újra meg- és kiegyeztek: a szászfülpösi, tancsi, szentandrási és újfalui egészbirtokok kerültek tulajdonába (1505. aug. 23.). <br /><strong>Irod.:</strong> Magyarfülpös</br></p>

<p>? † ?: H. F. Tamás leánya. Öccse: H. F. János. A H. család birtokát képző Magyar- és Szászfülpös egészbirtokok, a radnai arany- és ezüstbánya közös használatában egyeztek meg, öccsével, a kolozsmonostori konvent előtt (1502. nov. 25.). Pereskedés útján újra meg- és kiegyeztek: a szászfülpösi, tancsi, szentandrási és újfalui egészbirtokok kerültek tulajdonába (1505. aug. 23.). Irod.: [&hellip;]</p>
