{"id":9659,"date":"2025-06-29T12:52:39","date_gmt":"2025-06-29T10:52:39","guid":{"rendered":"https:\/\/uj.adatbank.ro\/lexikon\/termek\/harko-ferenc\/"},"modified":"2025-06-29T12:52:39","modified_gmt":"2025-06-29T10:52:39","slug":"harko-ferenc","status":"publish","type":"product","link":"https:\/\/uj.adatbank.ro\/lexikon\/termek\/harko-ferenc\/","title":{"rendered":"HARK\u00d3 Ferenc"},"content":{"rendered":"<p>? \u2020 ? : \u00e9p\u00edt\u00e9sz, \u00e1cs- \u00e9s k\u0151m\u0171vesmester. \u2013 Mv.-en m\u0171k\u00f6d\u00f6tt. Terve alapj\u00e1n \u00e9p\u00fclt Mv.-en a T\u00f3th S\u00e1muel h\u00e1za (Abrud u; 1905. m\u00e1rc.), valamint a K\u00f6zt\u00e1rsas\u00e1g t\u00e9ri (volt Szentgy\u00f6rgy u., 41. sz.; 1910). Nev\u00e9hez f\u0171z\u0151dik: Sz\u00f6rtsey Lajos h\u00e1z\u00e1nak fel\u00e9p\u00edt\u00e9se (Liszt Ferenc u. 11. sz., n\u00e9gyszob\u00e1s, szecesszi\u00f3s st\u00edlus\u00fa h\u00e1z, 1926); a Koncz Gyula h\u00e1za (Iuliu Maniu u. 6. sz. alatt, 1926); az Orosz T\u00f3dor\u00e9 (Dec. 30. u., 4. sz. szecesszi\u00f3s st\u00edl\u00fas\u00fa h\u00e1z, 1927); a Maetz Ervin tervei alapj\u00e1n \u00e9p\u00fclt h\u00e1z, amelynek tulajdonosa Bogdan \u015etefan \u00fcgyv\u00e9d lett (1927), sajnos a h\u00e1z renov\u00e1l\u00e1sakor elt\u0171ntek a magyaros n\u00e9pi mot\u00edvum\u00fa d\u00edsz\u00edt\u00e9sek. <br \/><strong>Irod.:<\/strong> Man: Tg. M. 2. \u20133.<\/br><\/p>\n","protected":false},"excerpt":{"rendered":"<p>? \u2020 ? : \u00e9p\u00edt\u00e9sz, \u00e1cs- \u00e9s k\u0151m\u0171vesmester. \u2013 Mv.-en m\u0171k\u00f6d\u00f6tt. Terve alapj\u00e1n \u00e9p\u00fclt Mv.-en a T\u00f3th S\u00e1muel h\u00e1za (Abrud u; 1905. m\u00e1rc.), valamint a K\u00f6zt\u00e1rsas\u00e1g t\u00e9ri (volt Szentgy\u00f6rgy u., 41. sz.; 1910). Nev\u00e9hez f\u0171z\u0151dik: Sz\u00f6rtsey Lajos h\u00e1z\u00e1nak fel\u00e9p\u00edt\u00e9se (Liszt Ferenc u. 11. sz., n\u00e9gyszob\u00e1s, szecesszi\u00f3s st\u00edlus\u00fa h\u00e1z, 1926); a Koncz Gyula h\u00e1za (Iuliu Maniu [&hellip;]<\/p>\n","protected":false},"featured_media":0,"comment_status":"open","ping_status":"closed","template":"","meta":[],"product_brand":[],"product_cat":[137],"product_tag":[],"class_list":{"0":"post-9659","1":"product","2":"type-product","3":"status-publish","5":"product_cat-maros-megyei-eletrajzi-lexikon","7":"first","8":"instock","9":"shipping-taxable","10":"product-type-simple"},"_links":{"self":[{"href":"https:\/\/uj.adatbank.ro\/lexikon\/wp-json\/wp\/v2\/product\/9659","targetHints":{"allow":["GET"]}}],"collection":[{"href":"https:\/\/uj.adatbank.ro\/lexikon\/wp-json\/wp\/v2\/product"}],"about":[{"href":"https:\/\/uj.adatbank.ro\/lexikon\/wp-json\/wp\/v2\/types\/product"}],"replies":[{"embeddable":true,"href":"https:\/\/uj.adatbank.ro\/lexikon\/wp-json\/wp\/v2\/comments?post=9659"}],"wp:attachment":[{"href":"https:\/\/uj.adatbank.ro\/lexikon\/wp-json\/wp\/v2\/media?parent=9659"}],"wp:term":[{"taxonomy":"product_brand","embeddable":true,"href":"https:\/\/uj.adatbank.ro\/lexikon\/wp-json\/wp\/v2\/product_brand?post=9659"},{"taxonomy":"product_cat","embeddable":true,"href":"https:\/\/uj.adatbank.ro\/lexikon\/wp-json\/wp\/v2\/product_cat?post=9659"},{"taxonomy":"product_tag","embeddable":true,"href":"https:\/\/uj.adatbank.ro\/lexikon\/wp-json\/wp\/v2\/product_tag?post=9659"}],"curies":[{"name":"wp","href":"https:\/\/api.w.org\/{rel}","templated":true}]}}

HARKÓ Ferenc

<p>? † ? : építész, ács- és kőművesmester. – Mv.-en működött. Terve alapján épült Mv.-en a Tóth Sámuel háza (Abrud u; 1905. márc.), valamint a Köztársaság téri (volt Szentgyörgy u., 41. sz.; 1910). Nevéhez fűződik: Szörtsey Lajos házának felépítése (Liszt Ferenc u. 11. sz., négyszobás, szecessziós stílusú ház, 1926); a Koncz Gyula háza (Iuliu Maniu u. 6. sz. alatt, 1926); az Orosz Tódoré (Dec. 30. u., 4. sz. szecessziós stílúsú ház, 1927); a Maetz Ervin tervei alapján épült ház, amelynek tulajdonosa Bogdan Ştefan ügyvéd lett (1927), sajnos a ház renoválásakor eltűntek a magyaros népi motívumú díszítések. <br /><strong>Irod.:</strong> Man: Tg. M. 2. –3.</br></p>

<p>? † ? : építész, ács- és kőművesmester. – Mv.-en működött. Terve alapján épült Mv.-en a Tóth Sámuel háza (Abrud u; 1905. márc.), valamint a Köztársaság téri (volt Szentgyörgy u., 41. sz.; 1910). Nevéhez fűződik: Szörtsey Lajos házának felépítése (Liszt Ferenc u. 11. sz., négyszobás, szecessziós stílusú ház, 1926); a Koncz Gyula háza (Iuliu Maniu [&hellip;]</p>
