{"id":9660,"date":"2025-06-29T12:52:44","date_gmt":"2025-06-29T10:52:44","guid":{"rendered":"https:\/\/uj.adatbank.ro\/lexikon\/termek\/harko-ferenc-2\/"},"modified":"2025-06-29T12:52:44","modified_gmt":"2025-06-29T10:52:44","slug":"harko-ferenc-2","status":"publish","type":"product","link":"https:\/\/uj.adatbank.ro\/lexikon\/termek\/harko-ferenc-2\/","title":{"rendered":"HARK\u00d3 Ferenc"},"content":{"rendered":"<p>1905, \u2020\u00a0Mv., 1981. nov. 9.: zen\u00e9sz. \u2013 A mv.-i \u00c1llami Filharm\u00f3nia alap\u00edt\u00f3 tagja (1950), a zenekar neve ekkor a Mv.-i Kult\u00farotthon Szimfonikus Zenekara (1948. okt. 22.), m\u00e1r az els\u0151 hangversenyen, \u00e1tdolgoz\u00e1s\u00e1ban adt\u00e1k el\u0151 Rahmanyinov ciszmoll Prel\u00fcdj\u00e9t \u00e9s vez\u00e9nyl\u00e9s\u00e9vel \u00e9nekelt egy cig\u00e1ny vegyes kar is. A TAPL zenekar vezet\u0151je. <br \/><strong>Irod.:<\/strong> Filarmonica 50; [Nekrol\u00f3g] (V. Z., 1981. nov. 10.); J\u00e1ray Fekete Katalin (N\u00fa., 2000. nov. 2)<\/br><\/p>\n","protected":false},"excerpt":{"rendered":"<p>1905, \u2020\u00a0Mv., 1981. nov. 9.: zen\u00e9sz. \u2013 A mv.-i \u00c1llami Filharm\u00f3nia alap\u00edt\u00f3 tagja (1950), a zenekar neve ekkor a Mv.-i Kult\u00farotthon Szimfonikus Zenekara (1948. okt. 22.), m\u00e1r az els\u0151 hangversenyen, \u00e1tdolgoz\u00e1s\u00e1ban adt\u00e1k el\u0151 Rahmanyinov ciszmoll Prel\u00fcdj\u00e9t \u00e9s vez\u00e9nyl\u00e9s\u00e9vel \u00e9nekelt egy cig\u00e1ny vegyes kar is. A TAPL zenekar vezet\u0151je. Irod.: Filarmonica 50; [Nekrol\u00f3g] (V. Z., 1981. [&hellip;]<\/p>\n","protected":false},"featured_media":0,"comment_status":"open","ping_status":"closed","template":"","meta":[],"product_brand":[],"product_cat":[137],"product_tag":[],"class_list":{"0":"post-9660","1":"product","2":"type-product","3":"status-publish","5":"product_cat-maros-megyei-eletrajzi-lexikon","7":"first","8":"instock","9":"shipping-taxable","10":"product-type-simple"},"_links":{"self":[{"href":"https:\/\/uj.adatbank.ro\/lexikon\/wp-json\/wp\/v2\/product\/9660","targetHints":{"allow":["GET"]}}],"collection":[{"href":"https:\/\/uj.adatbank.ro\/lexikon\/wp-json\/wp\/v2\/product"}],"about":[{"href":"https:\/\/uj.adatbank.ro\/lexikon\/wp-json\/wp\/v2\/types\/product"}],"replies":[{"embeddable":true,"href":"https:\/\/uj.adatbank.ro\/lexikon\/wp-json\/wp\/v2\/comments?post=9660"}],"wp:attachment":[{"href":"https:\/\/uj.adatbank.ro\/lexikon\/wp-json\/wp\/v2\/media?parent=9660"}],"wp:term":[{"taxonomy":"product_brand","embeddable":true,"href":"https:\/\/uj.adatbank.ro\/lexikon\/wp-json\/wp\/v2\/product_brand?post=9660"},{"taxonomy":"product_cat","embeddable":true,"href":"https:\/\/uj.adatbank.ro\/lexikon\/wp-json\/wp\/v2\/product_cat?post=9660"},{"taxonomy":"product_tag","embeddable":true,"href":"https:\/\/uj.adatbank.ro\/lexikon\/wp-json\/wp\/v2\/product_tag?post=9660"}],"curies":[{"name":"wp","href":"https:\/\/api.w.org\/{rel}","templated":true}]}}

HARKÓ Ferenc

<p>1905, † Mv., 1981. nov. 9.: zenész. – A mv.-i Állami Filharmónia alapító tagja (1950), a zenekar neve ekkor a Mv.-i Kultúrotthon Szimfonikus Zenekara (1948. okt. 22.), már az első hangversenyen, átdolgozásában adták elő Rahmanyinov ciszmoll Prelüdjét és vezénylésével énekelt egy cigány vegyes kar is. A TAPL zenekar vezetője. <br /><strong>Irod.:</strong> Filarmonica 50; [Nekrológ] (V. Z., 1981. nov. 10.); Járay Fekete Katalin (Nú., 2000. nov. 2)</br></p>

<p>1905, † Mv., 1981. nov. 9.: zenész. – A mv.-i Állami Filharmónia alapító tagja (1950), a zenekar neve ekkor a Mv.-i Kultúrotthon Szimfonikus Zenekara (1948. okt. 22.), már az első hangversenyen, átdolgozásában adták elő Rahmanyinov ciszmoll Prelüdjét és vezénylésével énekelt egy cigány vegyes kar is. A TAPL zenekar vezetője. Irod.: Filarmonica 50; [Nekrológ] (V. Z., 1981. [&hellip;]</p>
