{"id":9661,"date":"2025-06-29T12:52:47","date_gmt":"2025-06-29T10:52:47","guid":{"rendered":"https:\/\/uj.adatbank.ro\/lexikon\/termek\/harko-gizella\/"},"modified":"2025-06-29T12:52:47","modified_gmt":"2025-06-29T10:52:47","slug":"harko-gizella","status":"publish","type":"product","link":"https:\/\/uj.adatbank.ro\/lexikon\/termek\/harko-gizella\/","title":{"rendered":"HARK\u00d3 Gizella"},"content":{"rendered":"<p>Sz\u00e9kelyvaja, 1920. jan. 12., \u2020 Sz\u00e9kelyvaja, 2003. febr. 9\u00a0: Jehova-tan\u00fa. \u2013 El\u0151sz\u00f6r Medgyesen tart\u00f3ztat\u00e1k le (1951. j\u00fan. 24.) \u00e9s 6 \u00e9vre \u00edt\u00e9lt\u00e9k. Amneszti\u00e1val szabadult ( 1955. okt. 5.). M\u00e1sodszor is letart\u00f3ztatt\u00e1k (1961. jan. 21.). Egy kilenctag\u00fa jehovista csoporttal a t\u00e1rsadalmi rend elleni t\u00e9nyked\u00e9s v\u00e1dj\u00e1val \u00e1ll\u00edtott\u00e1k b\u00edr\u00f3s\u00e1g el\u00e9. A kv.-i Katonai B\u00edr\u00f3s\u00e1g 25 \u00e9vre \u00edt\u00e9lte. Mislean \u00e9s Nagyv\u00e1radon volt b\u00f6rt\u00f6nben. Innen szabadult (1964. j\u00fal. 28.). <br \/><strong>Irod.:<\/strong> 1956 Erd\u00e9lyben<\/br><\/p>\n","protected":false},"excerpt":{"rendered":"<p>Sz\u00e9kelyvaja, 1920. jan. 12., \u2020 Sz\u00e9kelyvaja, 2003. febr. 9\u00a0: Jehova-tan\u00fa. \u2013 El\u0151sz\u00f6r Medgyesen tart\u00f3ztat\u00e1k le (1951. j\u00fan. 24.) \u00e9s 6 \u00e9vre \u00edt\u00e9lt\u00e9k. Amneszti\u00e1val szabadult ( 1955. okt. 5.). M\u00e1sodszor is letart\u00f3ztatt\u00e1k (1961. jan. 21.). Egy kilenctag\u00fa jehovista csoporttal a t\u00e1rsadalmi rend elleni t\u00e9nyked\u00e9s v\u00e1dj\u00e1val \u00e1ll\u00edtott\u00e1k b\u00edr\u00f3s\u00e1g el\u00e9. A kv.-i Katonai B\u00edr\u00f3s\u00e1g 25 \u00e9vre \u00edt\u00e9lte. Mislean [&hellip;]<\/p>\n","protected":false},"featured_media":0,"comment_status":"open","ping_status":"closed","template":"","meta":[],"product_brand":[],"product_cat":[137],"product_tag":[],"class_list":{"0":"post-9661","1":"product","2":"type-product","3":"status-publish","5":"product_cat-maros-megyei-eletrajzi-lexikon","7":"first","8":"instock","9":"shipping-taxable","10":"product-type-simple"},"_links":{"self":[{"href":"https:\/\/uj.adatbank.ro\/lexikon\/wp-json\/wp\/v2\/product\/9661","targetHints":{"allow":["GET"]}}],"collection":[{"href":"https:\/\/uj.adatbank.ro\/lexikon\/wp-json\/wp\/v2\/product"}],"about":[{"href":"https:\/\/uj.adatbank.ro\/lexikon\/wp-json\/wp\/v2\/types\/product"}],"replies":[{"embeddable":true,"href":"https:\/\/uj.adatbank.ro\/lexikon\/wp-json\/wp\/v2\/comments?post=9661"}],"wp:attachment":[{"href":"https:\/\/uj.adatbank.ro\/lexikon\/wp-json\/wp\/v2\/media?parent=9661"}],"wp:term":[{"taxonomy":"product_brand","embeddable":true,"href":"https:\/\/uj.adatbank.ro\/lexikon\/wp-json\/wp\/v2\/product_brand?post=9661"},{"taxonomy":"product_cat","embeddable":true,"href":"https:\/\/uj.adatbank.ro\/lexikon\/wp-json\/wp\/v2\/product_cat?post=9661"},{"taxonomy":"product_tag","embeddable":true,"href":"https:\/\/uj.adatbank.ro\/lexikon\/wp-json\/wp\/v2\/product_tag?post=9661"}],"curies":[{"name":"wp","href":"https:\/\/api.w.org\/{rel}","templated":true}]}}

HARKÓ Gizella

<p>Székelyvaja, 1920. jan. 12., † Székelyvaja, 2003. febr. 9 : Jehova-tanú. – Először Medgyesen tartóztaták le (1951. jún. 24.) és 6 évre ítélték. Amnesztiával szabadult ( 1955. okt. 5.). Másodszor is letartóztatták (1961. jan. 21.). Egy kilenctagú jehovista csoporttal a társadalmi rend elleni ténykedés vádjával állították bíróság elé. A kv.-i Katonai Bíróság 25 évre ítélte. Mislean és Nagyváradon volt börtönben. Innen szabadult (1964. júl. 28.). <br /><strong>Irod.:</strong> 1956 Erdélyben</br></p>

<p>Székelyvaja, 1920. jan. 12., † Székelyvaja, 2003. febr. 9 : Jehova-tanú. – Először Medgyesen tartóztaták le (1951. jún. 24.) és 6 évre ítélték. Amnesztiával szabadult ( 1955. okt. 5.). Másodszor is letartóztatták (1961. jan. 21.). Egy kilenctagú jehovista csoporttal a társadalmi rend elleni ténykedés vádjával állították bíróság elé. A kv.-i Katonai Bíróság 25 évre ítélte. Mislean [&hellip;]</p>
