{"id":9662,"date":"2025-06-29T12:52:49","date_gmt":"2025-06-29T10:52:49","guid":{"rendered":"https:\/\/uj.adatbank.ro\/lexikon\/termek\/harko-ida\/"},"modified":"2025-06-29T12:52:49","modified_gmt":"2025-06-29T10:52:49","slug":"harko-ida","status":"publish","type":"product","link":"https:\/\/uj.adatbank.ro\/lexikon\/termek\/harko-ida\/","title":{"rendered":"HARK\u00d3 Ida"},"content":{"rendered":"<p>Sz\u00e9kelyvaja, 1928. j\u00fal. 31., \u2020 Sz\u00e9kelyvaja: Jehova-tan\u00fa. \u2013 Letart\u00f3ztatt\u00e1k (1958. jan. 16.). A F\u00fcl\u00f6p Lajos \u2013f\u00e9le jehovista csoport tagjak\u00e9nt v\u00e1dolt\u00e1k, 18 \u00e9vre \u00edt\u00e9lt\u00e9k. B\u00f6rt\u00f6nben Mv.-en, Nagyv\u00e1radon, V\u0103c\u0103re\u0219ti-ben volt, innen szabadult (1964. j\u00fal. 18.) <br \/><strong>Irod.:<\/strong> 1956 Erd\u00e9lyben<\/br><\/p>\n","protected":false},"excerpt":{"rendered":"<p>Sz\u00e9kelyvaja, 1928. j\u00fal. 31., \u2020 Sz\u00e9kelyvaja: Jehova-tan\u00fa. \u2013 Letart\u00f3ztatt\u00e1k (1958. jan. 16.). A F\u00fcl\u00f6p Lajos \u2013f\u00e9le jehovista csoport tagjak\u00e9nt v\u00e1dolt\u00e1k, 18 \u00e9vre \u00edt\u00e9lt\u00e9k. B\u00f6rt\u00f6nben Mv.-en, Nagyv\u00e1radon, V\u0103c\u0103re\u0219ti-ben volt, innen szabadult (1964. j\u00fal. 18.) Irod.: 1956 Erd\u00e9lyben<\/p>\n","protected":false},"featured_media":0,"comment_status":"open","ping_status":"closed","template":"","meta":[],"product_brand":[],"product_cat":[137],"product_tag":[],"class_list":{"0":"post-9662","1":"product","2":"type-product","3":"status-publish","5":"product_cat-maros-megyei-eletrajzi-lexikon","7":"first","8":"instock","9":"shipping-taxable","10":"product-type-simple"},"_links":{"self":[{"href":"https:\/\/uj.adatbank.ro\/lexikon\/wp-json\/wp\/v2\/product\/9662","targetHints":{"allow":["GET"]}}],"collection":[{"href":"https:\/\/uj.adatbank.ro\/lexikon\/wp-json\/wp\/v2\/product"}],"about":[{"href":"https:\/\/uj.adatbank.ro\/lexikon\/wp-json\/wp\/v2\/types\/product"}],"replies":[{"embeddable":true,"href":"https:\/\/uj.adatbank.ro\/lexikon\/wp-json\/wp\/v2\/comments?post=9662"}],"wp:attachment":[{"href":"https:\/\/uj.adatbank.ro\/lexikon\/wp-json\/wp\/v2\/media?parent=9662"}],"wp:term":[{"taxonomy":"product_brand","embeddable":true,"href":"https:\/\/uj.adatbank.ro\/lexikon\/wp-json\/wp\/v2\/product_brand?post=9662"},{"taxonomy":"product_cat","embeddable":true,"href":"https:\/\/uj.adatbank.ro\/lexikon\/wp-json\/wp\/v2\/product_cat?post=9662"},{"taxonomy":"product_tag","embeddable":true,"href":"https:\/\/uj.adatbank.ro\/lexikon\/wp-json\/wp\/v2\/product_tag?post=9662"}],"curies":[{"name":"wp","href":"https:\/\/api.w.org\/{rel}","templated":true}]}}