{"id":9668,"date":"2025-06-29T12:52:59","date_gmt":"2025-06-29T10:52:59","guid":{"rendered":"https:\/\/uj.adatbank.ro\/lexikon\/termek\/harmath-ferenc\/"},"modified":"2025-06-29T12:52:59","modified_gmt":"2025-06-29T10:52:59","slug":"harmath-ferenc","status":"publish","type":"product","link":"https:\/\/uj.adatbank.ro\/lexikon\/termek\/harmath-ferenc\/","title":{"rendered":"HARMATH Ferenc"},"content":{"rendered":"<p>Mv., 1919. jan. 19., \u2020\u00a02015 : k\u00e1ntortan\u00edt\u00f3, tan\u00e1r. \u2013 Keresked\u0151k voltak a sz\u00fclei. Feles\u00e9ge: gr. Haller Ilona-Katalint (1924\u2013) (1948-ban). \u2013 Tanulm\u00e1nyait Mv.-en v\u00e9gezte a R. K. gimn. -ban, majd a kv.-i BTE-n kapott tan\u00e1ri diplom\u00e1t. Tan\u00edt\u00f3 lett, Vars\u00e1gban, Brass\u00f3ban, Mv.-en, Hod\u00e1kon, Tok\u00e1n tan\u00edtott. R\u00e9szt vett a 2. vh. -ban, hadapr\u00f3d \u0151rmester, mint tartal\u00e9kos z\u00e1szl\u00f3s, megsebes\u00fclt, szovjet hadifogs\u00e1gba esett, a Szovjetuni\u00f3ba sz\u00e1ll\u00edt\u00e1s sor\u00e1n siker\u00fclt megsz\u00f6knie. A h\u00e1bor\u00fa ut\u00e1n a tanfel\u00fcgyel\u0151s\u00e9gen dolgozott Mv.-en. Kerel\u0151szentp\u00e1lon a r. k. iskol\u00e1ban tan\u00edtott (1946\u2013). N\u0151s\u00fcl\u00e9se ut\u00e1n (1948-ban), \u00e1thelyezt\u00e9k a k\u00fck\u00fcll\u0151domb\u00f3i \u00e1ltal\u00e1nos iskol\u00e1hoz nyugd\u00edjaz\u00e1sig ott tan\u00edtott, a feles\u00e9ge az iskola titk\u00e1rn\u0151je volt (1949. m\u00e1rc. 2. \u2013 1980), amikor is Mv.-re k\u00f6lt\u00f6ztek. \u2013 F. m.; Az eml\u00e9kek megsz\u00f3lalnak (Kv., 2010.); Harmath Ferenc, K\u00e1lm\u00e1n Attila. A szentp\u00e1li Haller csal\u00e1d 400 \u00e9ve (Mv., 2010.). Eml\u00e9kez\u00e9s egy cserk\u00e9szt\u00e1boroz\u00e1sra. = Mv.-i R. K. okt. <br \/><strong>Irod.:<\/strong> \u00c1ll\u00f3- \u00e9s mozg\u00f3k\u00e9pek; Berekm\u00e9ri; Berekm\u00e9ri : 2015; Berekm\u00e9ri 2015; Maros-k\u00fck\u00fcll\u0151i f\u0151esp. = Mv.-i R. K. okt.; Mv. t\u00f6rt. 2.; Mv.-i \u00f6rm\u00e9nyek; Visszaeml\u00e9kez\u00e9sek H. F. \u00f6ssze\u00e1ll\u00edt\u00e1sa alapj\u00e1n = Az eml\u00e9kek megsz\u00f3lalnak; <\/br><\/p>\n","protected":false},"excerpt":{"rendered":"<p>Mv., 1919. jan. 19., \u2020\u00a02015 : k\u00e1ntortan\u00edt\u00f3, tan\u00e1r. \u2013 Keresked\u0151k voltak a sz\u00fclei. Feles\u00e9ge: gr. Haller Ilona-Katalint (1924\u2013) (1948-ban). \u2013 Tanulm\u00e1nyait Mv.-en v\u00e9gezte a R. K. gimn. -ban, majd a kv.-i BTE-n kapott tan\u00e1ri diplom\u00e1t. Tan\u00edt\u00f3 lett, Vars\u00e1gban, Brass\u00f3ban, Mv.-en, Hod\u00e1kon, Tok\u00e1n tan\u00edtott. R\u00e9szt vett a 2. vh. -ban, hadapr\u00f3d \u0151rmester, mint tartal\u00e9kos z\u00e1szl\u00f3s, megsebes\u00fclt, [&hellip;]<\/p>\n","protected":false},"featured_media":0,"comment_status":"open","ping_status":"closed","template":"","meta":[],"product_brand":[],"product_cat":[137],"product_tag":[],"class_list":{"0":"post-9668","1":"product","2":"type-product","3":"status-publish","5":"product_cat-maros-megyei-eletrajzi-lexikon","7":"first","8":"instock","9":"shipping-taxable","10":"product-type-simple"},"_links":{"self":[{"href":"https:\/\/uj.adatbank.ro\/lexikon\/wp-json\/wp\/v2\/product\/9668","targetHints":{"allow":["GET"]}}],"collection":[{"href":"https:\/\/uj.adatbank.ro\/lexikon\/wp-json\/wp\/v2\/product"}],"about":[{"href":"https:\/\/uj.adatbank.ro\/lexikon\/wp-json\/wp\/v2\/types\/product"}],"replies":[{"embeddable":true,"href":"https:\/\/uj.adatbank.ro\/lexikon\/wp-json\/wp\/v2\/comments?post=9668"}],"wp:attachment":[{"href":"https:\/\/uj.adatbank.ro\/lexikon\/wp-json\/wp\/v2\/media?parent=9668"}],"wp:term":[{"taxonomy":"product_brand","embeddable":true,"href":"https:\/\/uj.adatbank.ro\/lexikon\/wp-json\/wp\/v2\/product_brand?post=9668"},{"taxonomy":"product_cat","embeddable":true,"href":"https:\/\/uj.adatbank.ro\/lexikon\/wp-json\/wp\/v2\/product_cat?post=9668"},{"taxonomy":"product_tag","embeddable":true,"href":"https:\/\/uj.adatbank.ro\/lexikon\/wp-json\/wp\/v2\/product_tag?post=9668"}],"curies":[{"name":"wp","href":"https:\/\/api.w.org\/{rel}","templated":true}]}}

<p>Mv., 1919. jan. 19., † 2015 : kántortanító, tanár. – Kereskedők voltak a szülei. Felesége: gr. Haller Ilona-Katalint (1924–) (1948-ban). – Tanulmányait Mv.-en végezte a R. K. gimn. -ban, majd a kv.-i BTE-n kapott tanári diplomát. Tanító lett, Varságban, Brassóban, Mv.-en, Hodákon, Tokán tanított. Részt vett a 2. vh. -ban, hadapród őrmester, mint tartalékos zászlós, megsebesült, szovjet hadifogságba esett, a Szovjetunióba szállítás során sikerült megszöknie. A háború után a tanfelügyelőségen dolgozott Mv.-en. Kerelőszentpálon a r. k. iskolában tanított (1946–). Nősülése után (1948-ban), áthelyezték a küküllődombói általános iskolához nyugdíjazásig ott tanított, a felesége az iskola titkárnője volt (1949. márc. 2. – 1980), amikor is Mv.-re költöztek. – F. m.; Az emlékek megszólalnak (Kv., 2010.); Harmath Ferenc, Kálmán Attila. A szentpáli Haller család 400 éve (Mv., 2010.). Emlékezés egy cserkésztáborozásra. = Mv.-i R. K. okt. <br /><strong>Irod.:</strong> Álló- és mozgóképek; Berekméri; Berekméri : 2015; Berekméri 2015; Maros-küküllői főesp. = Mv.-i R. K. okt.; Mv. tört. 2.; Mv.-i örmények; Visszaemlékezések H. F. összeállítása alapján = Az emlékek megszólalnak; </br></p>

<p>Mv., 1919. jan. 19., † 2015 : kántortanító, tanár. – Kereskedők voltak a szülei. Felesége: gr. Haller Ilona-Katalint (1924–) (1948-ban). – Tanulmányait Mv.-en végezte a R. K. gimn. -ban, majd a kv.-i BTE-n kapott tanári diplomát. Tanító lett, Varságban, Brassóban, Mv.-en, Hodákon, Tokán tanított. Részt vett a 2. vh. -ban, hadapród őrmester, mint tartalékos zászlós, megsebesült, [&hellip;]</p>
